{"id":3211,"date":"2026-02-11T09:23:38","date_gmt":"2026-02-11T12:23:38","guid":{"rendered":"https:\/\/universoeletrico.com.br\/eletrico\/?post_type=product&#038;p=3211"},"modified":"2026-02-25T09:27:44","modified_gmt":"2026-02-25T12:27:44","slug":"terminal-de-conexao-tipo-pino","status":"publish","type":"product","link":"https:\/\/universoeletrico.com.br\/eletrico\/produto\/terminal-de-conexao-tipo-pino\/","title":{"rendered":"TERMINAL DE CONEX\u00c3O TIPO PINO CURTO 6-25mm"},"content":{"rendered":"<p>Terminais de conex\u00e3o tipo pino longo e curto ou (Terminal Gen\u00e9rico)s\u00e3o utilizados para conex\u00f5es el\u00e9tricas em bornes, disjuntores e barramentos, sendo a principal diferen\u00e7a entre eles o comprimento do pino, que determina a adequa\u00e7\u00e3o para diferentes profundidades de encaixe.<\/p>\n<p>Segue abaixo todas op\u00e7\u00f5es de modelos:<\/p>\n<p>cod: 29121 TERMINAL DE CONEXAO PINO CURTO 25MM2<\/p>\n<p>cod: 29122 TERMINAL DE CONEXAO PINO LONGO 25MM2<\/p>\n<p>cod: 29123 TERMINAL DE CONEXAO PINO LONGO 50MM2<\/p>\n<p>Para Pre\u00e7os, Or\u00e7amentos e D\u00favidas, fale com nossos especialistas.<\/p>\n","protected":false},"excerpt":{"rendered":"<p>Terminais de conex\u00e3o tipo pino longo e curto ou (Terminal Gen\u00e9rico)s\u00e3o utilizados para conex\u00f5es el\u00e9tricas em bornes, disjuntores e barramentos, sendo a principal diferen\u00e7a entre eles o comprimento do pino, que determina a adequa\u00e7\u00e3o para diferentes profundidades de encaixe. Segue abaixo todas op\u00e7\u00f5es de modelos: cod: 29121 TERMINAL DE CONEXAO PINO CURTO 25MM2 cod: 29122 [&hellip;]<\/p>\n","protected":false},"featured_media":3345,"template":"","meta":[],"product_brand":[],"product_cat":[18,52],"product_tag":[179,236,133,245,246,247],"class_list":{"0":"post-3211","1":"product","2":"type-product","3":"status-publish","4":"has-post-thumbnail","6":"product_cat-material-eletrico","7":"product_cat-quadros-de-comando-e-disjuntores","8":"product_tag-acessorio-eletrico","9":"product_tag-generico","10":"product_tag-material-eletrico","11":"product_tag-pino-curto","12":"product_tag-pino-longo","13":"product_tag-terminal","15":"first","16":"instock","17":"shipping-taxable","18":"purchasable","19":"product-type-simple"},"yoast_head":"<!-- This site is optimized with the Yoast SEO Premium plugin v26.1.1 (Yoast SEO v26.1.1) - https:\/\/yoast.com\/wordpress\/plugins\/seo\/ -->\n<title>TERMINAL DE CONEX\u00c3O TIPO PINO CURTO 6-25mm - Universo El\u00e9trico<\/title>\n<meta name=\"robots\" content=\"index, follow, max-snippet:-1, max-image-preview:large, max-video-preview:-1\" \/>\n<link rel=\"canonical\" href=\"https:\/\/universoeletrico.com.br\/eletrico\/produto\/terminal-de-conexao-tipo-pino\/\" \/>\n<meta property=\"og:locale\" content=\"pt_BR\" \/>\n<meta property=\"og:type\" content=\"article\" \/>\n<meta property=\"og:title\" content=\"TERMINAL DE CONEX\u00c3O TIPO PINO CURTO 6-25mm\" \/>\n<meta property=\"og:description\" content=\"Terminais de conex\u00e3o tipo pino longo e curto ou (Terminal Gen\u00e9rico)s\u00e3o utilizados para conex\u00f5es el\u00e9tricas em bornes, disjuntores e barramentos, sendo a principal diferen\u00e7a entre eles o comprimento do pino, que determina a adequa\u00e7\u00e3o para diferentes profundidades de encaixe. Segue abaixo todas op\u00e7\u00f5es de modelos: cod: 29121 TERMINAL DE CONEXAO PINO CURTO 25MM2 cod: 29122 [&hellip;]\" \/>\n<meta property=\"og:url\" content=\"https:\/\/universoeletrico.com.br\/eletrico\/produto\/terminal-de-conexao-tipo-pino\/\" \/>\n<meta property=\"og:site_name\" content=\"Universo El\u00e9trico\" \/>\n<meta property=\"article:modified_time\" content=\"2026-02-25T12:27:44+00:00\" \/>\n<meta property=\"og:image\" content=\"https:\/\/universoeletrico.com.br\/eletrico\/wp-content\/uploads\/2026\/02\/10512.webp\" \/>\n\t<meta property=\"og:image:width\" content=\"500\" \/>\n\t<meta property=\"og:image:height\" content=\"500\" \/>\n\t<meta property=\"og:image:type\" content=\"image\/webp\" \/>\n<meta name=\"twitter:card\" content=\"summary_large_image\" \/>\n<meta name=\"twitter:label1\" content=\"Est. tempo de leitura\" \/>\n\t<meta name=\"twitter:data1\" content=\"1 minuto\" \/>\n<script type=\"application\/ld+json\" class=\"yoast-schema-graph\">{\"@context\":\"https:\/\/schema.org\",\"@graph\":[{\"@type\":\"WebPage\",\"@id\":\"https:\/\/universoeletrico.com.br\/eletrico\/produto\/terminal-de-conexao-tipo-pino\/\",\"url\":\"https:\/\/universoeletrico.com.br\/eletrico\/produto\/terminal-de-conexao-tipo-pino\/\",\"name\":\"TERMINAL DE CONEX\u00c3O TIPO PINO CURTO 6-25mm - Universo El\u00e9trico\",\"isPartOf\":{\"@id\":\"https:\/\/universoeletrico.com.br\/eletrico\/#website\"},\"primaryImageOfPage\":{\"@id\":\"https:\/\/universoeletrico.com.br\/eletrico\/produto\/terminal-de-conexao-tipo-pino\/#primaryimage\"},\"image\":{\"@id\":\"https:\/\/universoeletrico.com.br\/eletrico\/produto\/terminal-de-conexao-tipo-pino\/#primaryimage\"},\"thumbnailUrl\":\"https:\/\/universoeletrico.com.br\/eletrico\/wp-content\/uploads\/2026\/02\/10512.webp\",\"datePublished\":\"2026-02-11T12:23:38+00:00\",\"dateModified\":\"2026-02-25T12:27:44+00:00\",\"breadcrumb\":{\"@id\":\"https:\/\/universoeletrico.com.br\/eletrico\/produto\/terminal-de-conexao-tipo-pino\/#breadcrumb\"},\"inLanguage\":\"pt-BR\",\"potentialAction\":[{\"@type\":\"ReadAction\",\"target\":[\"https:\/\/universoeletrico.com.br\/eletrico\/produto\/terminal-de-conexao-tipo-pino\/\"]}]},{\"@type\":\"ImageObject\",\"inLanguage\":\"pt-BR\",\"@id\":\"https:\/\/universoeletrico.com.br\/eletrico\/produto\/terminal-de-conexao-tipo-pino\/#primaryimage\",\"url\":\"https:\/\/universoeletrico.com.br\/eletrico\/wp-content\/uploads\/2026\/02\/10512.webp\",\"contentUrl\":\"https:\/\/universoeletrico.com.br\/eletrico\/wp-content\/uploads\/2026\/02\/10512.webp\",\"width\":500,\"height\":500},{\"@type\":\"BreadcrumbList\",\"@id\":\"https:\/\/universoeletrico.com.br\/eletrico\/produto\/terminal-de-conexao-tipo-pino\/#breadcrumb\",\"itemListElement\":[{\"@type\":\"ListItem\",\"position\":1,\"name\":\"In\u00edcio\",\"item\":\"https:\/\/universoeletrico.com.br\/eletrico\/\"},{\"@type\":\"ListItem\",\"position\":2,\"name\":\"Produtos\",\"item\":\"https:\/\/universoeletrico.com.br\/eletrico\/produtos\/\"},{\"@type\":\"ListItem\",\"position\":3,\"name\":\"TERMINAL DE CONEX\u00c3O TIPO PINO CURTO 6-25mm\"}]},{\"@type\":\"WebSite\",\"@id\":\"https:\/\/universoeletrico.com.br\/eletrico\/#website\",\"url\":\"https:\/\/universoeletrico.com.br\/eletrico\/\",\"name\":\"Universo El\u00e9trico\",\"description\":\"\",\"potentialAction\":[{\"@type\":\"SearchAction\",\"target\":{\"@type\":\"EntryPoint\",\"urlTemplate\":\"https:\/\/universoeletrico.com.br\/eletrico\/?s={search_term_string}\"},\"query-input\":{\"@type\":\"PropertyValueSpecification\",\"valueRequired\":true,\"valueName\":\"search_term_string\"}}],\"inLanguage\":\"pt-BR\"}]}<\/script>\n<!-- \/ Yoast SEO Premium plugin. -->","yoast_head_json":{"title":"TERMINAL DE CONEX\u00c3O TIPO PINO CURTO 6-25mm - Universo El\u00e9trico","robots":{"index":"index","follow":"follow","max-snippet":"max-snippet:-1","max-image-preview":"max-image-preview:large","max-video-preview":"max-video-preview:-1"},"canonical":"https:\/\/universoeletrico.com.br\/eletrico\/produto\/terminal-de-conexao-tipo-pino\/","og_locale":"pt_BR","og_type":"article","og_title":"TERMINAL DE CONEX\u00c3O TIPO PINO CURTO 6-25mm","og_description":"Terminais de conex\u00e3o tipo pino longo e curto ou (Terminal Gen\u00e9rico)s\u00e3o utilizados para conex\u00f5es el\u00e9tricas em bornes, disjuntores e barramentos, sendo a principal diferen\u00e7a entre eles o comprimento do pino, que determina a adequa\u00e7\u00e3o para diferentes profundidades de encaixe. Segue abaixo todas op\u00e7\u00f5es de modelos: cod: 29121 TERMINAL DE CONEXAO PINO CURTO 25MM2 cod: 29122 [&hellip;]","og_url":"https:\/\/universoeletrico.com.br\/eletrico\/produto\/terminal-de-conexao-tipo-pino\/","og_site_name":"Universo El\u00e9trico","article_modified_time":"2026-02-25T12:27:44+00:00","og_image":[{"width":500,"height":500,"url":"https:\/\/universoeletrico.com.br\/eletrico\/wp-content\/uploads\/2026\/02\/10512.webp","type":"image\/webp"}],"twitter_card":"summary_large_image","twitter_misc":{"Est. tempo de leitura":"1 minuto"},"schema":{"@context":"https:\/\/schema.org","@graph":[{"@type":"WebPage","@id":"https:\/\/universoeletrico.com.br\/eletrico\/produto\/terminal-de-conexao-tipo-pino\/","url":"https:\/\/universoeletrico.com.br\/eletrico\/produto\/terminal-de-conexao-tipo-pino\/","name":"TERMINAL DE CONEX\u00c3O TIPO PINO CURTO 6-25mm - Universo El\u00e9trico","isPartOf":{"@id":"https:\/\/universoeletrico.com.br\/eletrico\/#website"},"primaryImageOfPage":{"@id":"https:\/\/universoeletrico.com.br\/eletrico\/produto\/terminal-de-conexao-tipo-pino\/#primaryimage"},"image":{"@id":"https:\/\/universoeletrico.com.br\/eletrico\/produto\/terminal-de-conexao-tipo-pino\/#primaryimage"},"thumbnailUrl":"https:\/\/universoeletrico.com.br\/eletrico\/wp-content\/uploads\/2026\/02\/10512.webp","datePublished":"2026-02-11T12:23:38+00:00","dateModified":"2026-02-25T12:27:44+00:00","breadcrumb":{"@id":"https:\/\/universoeletrico.com.br\/eletrico\/produto\/terminal-de-conexao-tipo-pino\/#breadcrumb"},"inLanguage":"pt-BR","potentialAction":[{"@type":"ReadAction","target":["https:\/\/universoeletrico.com.br\/eletrico\/produto\/terminal-de-conexao-tipo-pino\/"]}]},{"@type":"ImageObject","inLanguage":"pt-BR","@id":"https:\/\/universoeletrico.com.br\/eletrico\/produto\/terminal-de-conexao-tipo-pino\/#primaryimage","url":"https:\/\/universoeletrico.com.br\/eletrico\/wp-content\/uploads\/2026\/02\/10512.webp","contentUrl":"https:\/\/universoeletrico.com.br\/eletrico\/wp-content\/uploads\/2026\/02\/10512.webp","width":500,"height":500},{"@type":"BreadcrumbList","@id":"https:\/\/universoeletrico.com.br\/eletrico\/produto\/terminal-de-conexao-tipo-pino\/#breadcrumb","itemListElement":[{"@type":"ListItem","position":1,"name":"In\u00edcio","item":"https:\/\/universoeletrico.com.br\/eletrico\/"},{"@type":"ListItem","position":2,"name":"Produtos","item":"https:\/\/universoeletrico.com.br\/eletrico\/produtos\/"},{"@type":"ListItem","position":3,"name":"TERMINAL DE CONEX\u00c3O TIPO PINO CURTO 6-25mm"}]},{"@type":"WebSite","@id":"https:\/\/universoeletrico.com.br\/eletrico\/#website","url":"https:\/\/universoeletrico.com.br\/eletrico\/","name":"Universo El\u00e9trico","description":"","potentialAction":[{"@type":"SearchAction","target":{"@type":"EntryPoint","urlTemplate":"https:\/\/universoeletrico.com.br\/eletrico\/?s={search_term_string}"},"query-input":{"@type":"PropertyValueSpecification","valueRequired":true,"valueName":"search_term_string"}}],"inLanguage":"pt-BR"}]}},"_links":{"self":[{"href":"https:\/\/universoeletrico.com.br\/eletrico\/wp-json\/wp\/v2\/product\/3211","targetHints":{"allow":["GET"]}}],"collection":[{"href":"https:\/\/universoeletrico.com.br\/eletrico\/wp-json\/wp\/v2\/product"}],"about":[{"href":"https:\/\/universoeletrico.com.br\/eletrico\/wp-json\/wp\/v2\/types\/product"}],"version-history":[{"count":9,"href":"https:\/\/universoeletrico.com.br\/eletrico\/wp-json\/wp\/v2\/product\/3211\/revisions"}],"predecessor-version":[{"id":3344,"href":"https:\/\/universoeletrico.com.br\/eletrico\/wp-json\/wp\/v2\/product\/3211\/revisions\/3344"}],"wp:featuredmedia":[{"embeddable":true,"href":"https:\/\/universoeletrico.com.br\/eletrico\/wp-json\/wp\/v2\/media\/3345"}],"wp:attachment":[{"href":"https:\/\/universoeletrico.com.br\/eletrico\/wp-json\/wp\/v2\/media?parent=3211"}],"wp:term":[{"taxonomy":"product_brand","embeddable":true,"href":"https:\/\/universoeletrico.com.br\/eletrico\/wp-json\/wp\/v2\/product_brand?post=3211"},{"taxonomy":"product_cat","embeddable":true,"href":"https:\/\/universoeletrico.com.br\/eletrico\/wp-json\/wp\/v2\/product_cat?post=3211"},{"taxonomy":"product_tag","embeddable":true,"href":"https:\/\/universoeletrico.com.br\/eletrico\/wp-json\/wp\/v2\/product_tag?post=3211"}],"curies":[{"name":"wp","href":"https:\/\/api.w.org\/{rel}","templated":true}]}}