{"id":3163,"date":"2026-02-06T12:27:11","date_gmt":"2026-02-06T15:27:11","guid":{"rendered":"https:\/\/universoeletrico.com.br\/eletrico\/?post_type=product&#038;p=3163"},"modified":"2026-02-06T16:00:05","modified_gmt":"2026-02-06T19:00:05","slug":"canaleta-sistema-x-com-fita-adesiva-sem-divisor","status":"publish","type":"product","link":"https:\/\/universoeletrico.com.br\/eletrico\/produto\/canaleta-sistema-x-com-fita-adesiva-sem-divisor\/","title":{"rendered":"CANALETA SISTEMA X COM FITA ADESIVA SEM DIVISOR"},"content":{"rendered":"<p>Canaleta Sistema X com fita adesiva e sem divisor \u00e9 uma solu\u00e7\u00e3o pr\u00e1tica para organizar e proteger cabos e fios, fabricada em PVC e com f\u00e1cil instala\u00e7\u00e3o em paredes e outras superf\u00edcies.<\/p>\n<p>Segue abaixo todas op\u00e7\u00f5es de tamanhos em estoque:<\/p>\n<p>cod: 38070 CANALETA EVOLUTIVA S\/TAMPA 80X35X2000MM<\/p>\n<p>cod: 38071 CANALETA EVOLUTIVA S\/TAMPA 80X50X2000MM<\/p>\n<p>cod: 38072\u00a0 CANALETA EVOLUTIVA S\/TAMPA 150X50X2000MM<\/p>\n<p>cod: 38073 CANALETA EVOLUTIVA S\/TAMPA 195X50X2000MM<\/p>\n<p>Para Pre\u00e7os, Or\u00e7amentos e D\u00favidas, fale com nossos especialistas.<\/p>\n","protected":false},"excerpt":{"rendered":"<p>Canaleta Sistema X com fita adesiva e sem divisor \u00e9 uma solu\u00e7\u00e3o pr\u00e1tica para organizar e proteger cabos e fios, fabricada em PVC e com f\u00e1cil instala\u00e7\u00e3o em paredes e outras superf\u00edcies. Segue abaixo todas op\u00e7\u00f5es de tamanhos em estoque: cod: 38070 CANALETA EVOLUTIVA S\/TAMPA 80X35X2000MM cod: 38071 CANALETA EVOLUTIVA S\/TAMPA 80X50X2000MM cod: 38072\u00a0 CANALETA [&hellip;]<\/p>\n","protected":false},"featured_media":3165,"template":"","meta":[],"product_brand":[217,219],"product_cat":[51,18],"product_tag":[216,179,225,214,133,224],"class_list":{"0":"post-3163","1":"product","2":"type-product","3":"status-publish","4":"has-post-thumbnail","6":"product_brand-enerbras","7":"product_brand-legrand","8":"product_cat-eletrodutos-e-mangueiras-flexiveis","9":"product_cat-material-eletrico","10":"product_tag-2mts","11":"product_tag-acessorio-eletrico","12":"product_tag-adesivo","13":"product_tag-canaleta","14":"product_tag-material-eletrico","15":"product_tag-sem-divisoria","17":"first","18":"instock","19":"shipping-taxable","20":"purchasable","21":"product-type-simple"},"yoast_head":"<!-- This site is optimized with the Yoast SEO Premium plugin v26.1.1 (Yoast SEO v26.1.1) - https:\/\/yoast.com\/wordpress\/plugins\/seo\/ -->\n<title>CANALETA SISTEMA X COM FITA ADESIVA SEM DIVISOR - Universo El\u00e9trico<\/title>\n<meta name=\"robots\" content=\"index, follow, max-snippet:-1, max-image-preview:large, max-video-preview:-1\" \/>\n<link rel=\"canonical\" href=\"https:\/\/universoeletrico.com.br\/eletrico\/produto\/canaleta-sistema-x-com-fita-adesiva-sem-divisor\/\" \/>\n<meta property=\"og:locale\" content=\"pt_BR\" \/>\n<meta property=\"og:type\" content=\"article\" \/>\n<meta property=\"og:title\" content=\"CANALETA SISTEMA X COM FITA ADESIVA SEM DIVISOR\" \/>\n<meta property=\"og:description\" content=\"Canaleta Sistema X com fita adesiva e sem divisor \u00e9 uma solu\u00e7\u00e3o pr\u00e1tica para organizar e proteger cabos e fios, fabricada em PVC e com f\u00e1cil instala\u00e7\u00e3o em paredes e outras superf\u00edcies. Segue abaixo todas op\u00e7\u00f5es de tamanhos em estoque: cod: 38070 CANALETA EVOLUTIVA S\/TAMPA 80X35X2000MM cod: 38071 CANALETA EVOLUTIVA S\/TAMPA 80X50X2000MM cod: 38072\u00a0 CANALETA [&hellip;]\" \/>\n<meta property=\"og:url\" content=\"https:\/\/universoeletrico.com.br\/eletrico\/produto\/canaleta-sistema-x-com-fita-adesiva-sem-divisor\/\" \/>\n<meta property=\"og:site_name\" content=\"Universo El\u00e9trico\" \/>\n<meta property=\"article:modified_time\" content=\"2026-02-06T19:00:05+00:00\" \/>\n<meta property=\"og:image\" content=\"https:\/\/universoeletrico.com.br\/eletrico\/wp-content\/uploads\/2026\/02\/0017767.webp\" \/>\n\t<meta property=\"og:image:width\" content=\"1000\" \/>\n\t<meta property=\"og:image:height\" content=\"1000\" \/>\n\t<meta property=\"og:image:type\" content=\"image\/webp\" \/>\n<meta name=\"twitter:card\" content=\"summary_large_image\" \/>\n<meta name=\"twitter:label1\" content=\"Est. tempo de leitura\" \/>\n\t<meta name=\"twitter:data1\" content=\"1 minuto\" \/>\n<script type=\"application\/ld+json\" class=\"yoast-schema-graph\">{\"@context\":\"https:\/\/schema.org\",\"@graph\":[{\"@type\":\"WebPage\",\"@id\":\"https:\/\/universoeletrico.com.br\/eletrico\/produto\/canaleta-sistema-x-com-fita-adesiva-sem-divisor\/\",\"url\":\"https:\/\/universoeletrico.com.br\/eletrico\/produto\/canaleta-sistema-x-com-fita-adesiva-sem-divisor\/\",\"name\":\"CANALETA SISTEMA X COM FITA ADESIVA SEM DIVISOR - Universo El\u00e9trico\",\"isPartOf\":{\"@id\":\"https:\/\/universoeletrico.com.br\/eletrico\/#website\"},\"primaryImageOfPage\":{\"@id\":\"https:\/\/universoeletrico.com.br\/eletrico\/produto\/canaleta-sistema-x-com-fita-adesiva-sem-divisor\/#primaryimage\"},\"image\":{\"@id\":\"https:\/\/universoeletrico.com.br\/eletrico\/produto\/canaleta-sistema-x-com-fita-adesiva-sem-divisor\/#primaryimage\"},\"thumbnailUrl\":\"https:\/\/universoeletrico.com.br\/eletrico\/wp-content\/uploads\/2026\/02\/0017767.webp\",\"datePublished\":\"2026-02-06T15:27:11+00:00\",\"dateModified\":\"2026-02-06T19:00:05+00:00\",\"breadcrumb\":{\"@id\":\"https:\/\/universoeletrico.com.br\/eletrico\/produto\/canaleta-sistema-x-com-fita-adesiva-sem-divisor\/#breadcrumb\"},\"inLanguage\":\"pt-BR\",\"potentialAction\":[{\"@type\":\"ReadAction\",\"target\":[\"https:\/\/universoeletrico.com.br\/eletrico\/produto\/canaleta-sistema-x-com-fita-adesiva-sem-divisor\/\"]}]},{\"@type\":\"ImageObject\",\"inLanguage\":\"pt-BR\",\"@id\":\"https:\/\/universoeletrico.com.br\/eletrico\/produto\/canaleta-sistema-x-com-fita-adesiva-sem-divisor\/#primaryimage\",\"url\":\"https:\/\/universoeletrico.com.br\/eletrico\/wp-content\/uploads\/2026\/02\/0017767.webp\",\"contentUrl\":\"https:\/\/universoeletrico.com.br\/eletrico\/wp-content\/uploads\/2026\/02\/0017767.webp\",\"width\":1000,\"height\":1000},{\"@type\":\"BreadcrumbList\",\"@id\":\"https:\/\/universoeletrico.com.br\/eletrico\/produto\/canaleta-sistema-x-com-fita-adesiva-sem-divisor\/#breadcrumb\",\"itemListElement\":[{\"@type\":\"ListItem\",\"position\":1,\"name\":\"In\u00edcio\",\"item\":\"https:\/\/universoeletrico.com.br\/eletrico\/\"},{\"@type\":\"ListItem\",\"position\":2,\"name\":\"Produtos\",\"item\":\"https:\/\/universoeletrico.com.br\/eletrico\/produtos\/\"},{\"@type\":\"ListItem\",\"position\":3,\"name\":\"CANALETA SISTEMA X COM FITA ADESIVA SEM DIVISOR\"}]},{\"@type\":\"WebSite\",\"@id\":\"https:\/\/universoeletrico.com.br\/eletrico\/#website\",\"url\":\"https:\/\/universoeletrico.com.br\/eletrico\/\",\"name\":\"Universo El\u00e9trico\",\"description\":\"\",\"potentialAction\":[{\"@type\":\"SearchAction\",\"target\":{\"@type\":\"EntryPoint\",\"urlTemplate\":\"https:\/\/universoeletrico.com.br\/eletrico\/?s={search_term_string}\"},\"query-input\":{\"@type\":\"PropertyValueSpecification\",\"valueRequired\":true,\"valueName\":\"search_term_string\"}}],\"inLanguage\":\"pt-BR\"}]}<\/script>\n<!-- \/ Yoast SEO Premium plugin. -->","yoast_head_json":{"title":"CANALETA SISTEMA X COM FITA ADESIVA SEM DIVISOR - Universo El\u00e9trico","robots":{"index":"index","follow":"follow","max-snippet":"max-snippet:-1","max-image-preview":"max-image-preview:large","max-video-preview":"max-video-preview:-1"},"canonical":"https:\/\/universoeletrico.com.br\/eletrico\/produto\/canaleta-sistema-x-com-fita-adesiva-sem-divisor\/","og_locale":"pt_BR","og_type":"article","og_title":"CANALETA SISTEMA X COM FITA ADESIVA SEM DIVISOR","og_description":"Canaleta Sistema X com fita adesiva e sem divisor \u00e9 uma solu\u00e7\u00e3o pr\u00e1tica para organizar e proteger cabos e fios, fabricada em PVC e com f\u00e1cil instala\u00e7\u00e3o em paredes e outras superf\u00edcies. Segue abaixo todas op\u00e7\u00f5es de tamanhos em estoque: cod: 38070 CANALETA EVOLUTIVA S\/TAMPA 80X35X2000MM cod: 38071 CANALETA EVOLUTIVA S\/TAMPA 80X50X2000MM cod: 38072\u00a0 CANALETA [&hellip;]","og_url":"https:\/\/universoeletrico.com.br\/eletrico\/produto\/canaleta-sistema-x-com-fita-adesiva-sem-divisor\/","og_site_name":"Universo El\u00e9trico","article_modified_time":"2026-02-06T19:00:05+00:00","og_image":[{"width":1000,"height":1000,"url":"https:\/\/universoeletrico.com.br\/eletrico\/wp-content\/uploads\/2026\/02\/0017767.webp","type":"image\/webp"}],"twitter_card":"summary_large_image","twitter_misc":{"Est. tempo de leitura":"1 minuto"},"schema":{"@context":"https:\/\/schema.org","@graph":[{"@type":"WebPage","@id":"https:\/\/universoeletrico.com.br\/eletrico\/produto\/canaleta-sistema-x-com-fita-adesiva-sem-divisor\/","url":"https:\/\/universoeletrico.com.br\/eletrico\/produto\/canaleta-sistema-x-com-fita-adesiva-sem-divisor\/","name":"CANALETA SISTEMA X COM FITA ADESIVA SEM DIVISOR - Universo El\u00e9trico","isPartOf":{"@id":"https:\/\/universoeletrico.com.br\/eletrico\/#website"},"primaryImageOfPage":{"@id":"https:\/\/universoeletrico.com.br\/eletrico\/produto\/canaleta-sistema-x-com-fita-adesiva-sem-divisor\/#primaryimage"},"image":{"@id":"https:\/\/universoeletrico.com.br\/eletrico\/produto\/canaleta-sistema-x-com-fita-adesiva-sem-divisor\/#primaryimage"},"thumbnailUrl":"https:\/\/universoeletrico.com.br\/eletrico\/wp-content\/uploads\/2026\/02\/0017767.webp","datePublished":"2026-02-06T15:27:11+00:00","dateModified":"2026-02-06T19:00:05+00:00","breadcrumb":{"@id":"https:\/\/universoeletrico.com.br\/eletrico\/produto\/canaleta-sistema-x-com-fita-adesiva-sem-divisor\/#breadcrumb"},"inLanguage":"pt-BR","potentialAction":[{"@type":"ReadAction","target":["https:\/\/universoeletrico.com.br\/eletrico\/produto\/canaleta-sistema-x-com-fita-adesiva-sem-divisor\/"]}]},{"@type":"ImageObject","inLanguage":"pt-BR","@id":"https:\/\/universoeletrico.com.br\/eletrico\/produto\/canaleta-sistema-x-com-fita-adesiva-sem-divisor\/#primaryimage","url":"https:\/\/universoeletrico.com.br\/eletrico\/wp-content\/uploads\/2026\/02\/0017767.webp","contentUrl":"https:\/\/universoeletrico.com.br\/eletrico\/wp-content\/uploads\/2026\/02\/0017767.webp","width":1000,"height":1000},{"@type":"BreadcrumbList","@id":"https:\/\/universoeletrico.com.br\/eletrico\/produto\/canaleta-sistema-x-com-fita-adesiva-sem-divisor\/#breadcrumb","itemListElement":[{"@type":"ListItem","position":1,"name":"In\u00edcio","item":"https:\/\/universoeletrico.com.br\/eletrico\/"},{"@type":"ListItem","position":2,"name":"Produtos","item":"https:\/\/universoeletrico.com.br\/eletrico\/produtos\/"},{"@type":"ListItem","position":3,"name":"CANALETA SISTEMA X COM FITA ADESIVA SEM DIVISOR"}]},{"@type":"WebSite","@id":"https:\/\/universoeletrico.com.br\/eletrico\/#website","url":"https:\/\/universoeletrico.com.br\/eletrico\/","name":"Universo El\u00e9trico","description":"","potentialAction":[{"@type":"SearchAction","target":{"@type":"EntryPoint","urlTemplate":"https:\/\/universoeletrico.com.br\/eletrico\/?s={search_term_string}"},"query-input":{"@type":"PropertyValueSpecification","valueRequired":true,"valueName":"search_term_string"}}],"inLanguage":"pt-BR"}]}},"_links":{"self":[{"href":"https:\/\/universoeletrico.com.br\/eletrico\/wp-json\/wp\/v2\/product\/3163","targetHints":{"allow":["GET"]}}],"collection":[{"href":"https:\/\/universoeletrico.com.br\/eletrico\/wp-json\/wp\/v2\/product"}],"about":[{"href":"https:\/\/universoeletrico.com.br\/eletrico\/wp-json\/wp\/v2\/types\/product"}],"version-history":[{"count":4,"href":"https:\/\/universoeletrico.com.br\/eletrico\/wp-json\/wp\/v2\/product\/3163\/revisions"}],"predecessor-version":[{"id":3171,"href":"https:\/\/universoeletrico.com.br\/eletrico\/wp-json\/wp\/v2\/product\/3163\/revisions\/3171"}],"wp:featuredmedia":[{"embeddable":true,"href":"https:\/\/universoeletrico.com.br\/eletrico\/wp-json\/wp\/v2\/media\/3165"}],"wp:attachment":[{"href":"https:\/\/universoeletrico.com.br\/eletrico\/wp-json\/wp\/v2\/media?parent=3163"}],"wp:term":[{"taxonomy":"product_brand","embeddable":true,"href":"https:\/\/universoeletrico.com.br\/eletrico\/wp-json\/wp\/v2\/product_brand?post=3163"},{"taxonomy":"product_cat","embeddable":true,"href":"https:\/\/universoeletrico.com.br\/eletrico\/wp-json\/wp\/v2\/product_cat?post=3163"},{"taxonomy":"product_tag","embeddable":true,"href":"https:\/\/universoeletrico.com.br\/eletrico\/wp-json\/wp\/v2\/product_tag?post=3163"}],"curies":[{"name":"wp","href":"https:\/\/api.w.org\/{rel}","templated":true}]}}