{"id":3051,"date":"2026-01-30T16:27:19","date_gmt":"2026-01-30T19:27:19","guid":{"rendered":"https:\/\/universoeletrico.com.br\/eletrico\/?post_type=product&#038;p=3051"},"modified":"2026-01-30T16:27:20","modified_gmt":"2026-01-30T19:27:20","slug":"conduite-reforcado-tipo-heliflex","status":"publish","type":"product","link":"https:\/\/universoeletrico.com.br\/eletrico\/produto\/conduite-reforcado-tipo-heliflex\/","title":{"rendered":"CONDUITE REFORCADO TIPO HELIFLEX"},"content":{"rendered":"<p>Condu\u00edte Refor\u00e7ado Tipo HeliFlex \u00e9 um tipo espec\u00edfico de eletroduto flex\u00edvel corrugado, geralmente feito de PVC, conhecido por sua resist\u00eancia e flexibilidade, ideal para embutir fios e cabos em paredes e lajes.<\/p>\n<p>Segue abaixo todas op\u00e7\u00f5es de tamanhos em estoque:<\/p>\n<p>cod: 58023 CONDUITE REFORCADO TIPO HELIFLEX 1\/2&#8243;<\/p>\n<p>cod: 58024 CONDUITE REFORCADO TIPO HELIFLEX 3\/4&#8243;<\/p>\n<p>cod: 58025 CONDUITE REFORCADO TIPO HELIFLEX 1&#8243;<\/p>\n<p>cod: 58026 CONDUITE REFORCADO TIPO HELIFLEX 1.1\/4&#8243;<\/p>\n<p>cod: 58027 CONDUITE REFORCADO TIPO HELIFLEX 1.1\/2&#8243;<\/p>\n<p>cod: 58028 CONDUITE REFORCADO TIPO HELIFLEX 2&#8243;<\/p>\n<p>Para Pre\u00e7os, Or\u00e7amentos e D\u00favidas, fale com nossos especialistas.<\/p>\n","protected":false},"excerpt":{"rendered":"<p>Condu\u00edte Refor\u00e7ado Tipo HeliFlex \u00e9 um tipo espec\u00edfico de eletroduto flex\u00edvel corrugado, geralmente feito de PVC, conhecido por sua resist\u00eancia e flexibilidade, ideal para embutir fios e cabos em paredes e lajes. Segue abaixo todas op\u00e7\u00f5es de tamanhos em estoque: cod: 58023 CONDUITE REFORCADO TIPO HELIFLEX 1\/2&#8243; cod: 58024 CONDUITE REFORCADO TIPO HELIFLEX 3\/4&#8243; cod: [&hellip;]<\/p>\n","protected":false},"featured_media":3052,"template":"","meta":[],"product_brand":[],"product_cat":[51,18],"product_tag":[179,186,67,193,195,184,133,189,194],"class_list":{"0":"post-3051","1":"product","2":"type-product","3":"status-publish","4":"has-post-thumbnail","6":"product_cat-eletrodutos-e-mangueiras-flexiveis","7":"product_cat-material-eletrico","8":"product_tag-acessorio-eletrico","9":"product_tag-conduite","10":"product_tag-corrugado","11":"product_tag-flexivel","12":"product_tag-heliflex","13":"product_tag-mangueira","14":"product_tag-material-eletrico","15":"product_tag-preto","16":"product_tag-reforcado","18":"first","19":"instock","20":"shipping-taxable","21":"product-type-simple"},"yoast_head":"<!-- This site is optimized with the Yoast SEO Premium plugin v26.1.1 (Yoast SEO v26.1.1) - https:\/\/yoast.com\/wordpress\/plugins\/seo\/ -->\n<title>CONDUITE REFORCADO TIPO HELIFLEX - Universo El\u00e9trico<\/title>\n<meta name=\"robots\" content=\"index, follow, max-snippet:-1, max-image-preview:large, max-video-preview:-1\" \/>\n<link rel=\"canonical\" href=\"https:\/\/universoeletrico.com.br\/eletrico\/produto\/conduite-reforcado-tipo-heliflex\/\" \/>\n<meta property=\"og:locale\" content=\"pt_BR\" \/>\n<meta property=\"og:type\" content=\"article\" \/>\n<meta property=\"og:title\" content=\"CONDUITE REFORCADO TIPO HELIFLEX\" \/>\n<meta property=\"og:description\" content=\"Condu\u00edte Refor\u00e7ado Tipo HeliFlex \u00e9 um tipo espec\u00edfico de eletroduto flex\u00edvel corrugado, geralmente feito de PVC, conhecido por sua resist\u00eancia e flexibilidade, ideal para embutir fios e cabos em paredes e lajes. Segue abaixo todas op\u00e7\u00f5es de tamanhos em estoque: cod: 58023 CONDUITE REFORCADO TIPO HELIFLEX 1\/2&#8243; cod: 58024 CONDUITE REFORCADO TIPO HELIFLEX 3\/4&#8243; cod: [&hellip;]\" \/>\n<meta property=\"og:url\" content=\"https:\/\/universoeletrico.com.br\/eletrico\/produto\/conduite-reforcado-tipo-heliflex\/\" \/>\n<meta property=\"og:site_name\" content=\"Universo El\u00e9trico\" \/>\n<meta property=\"article:modified_time\" content=\"2026-01-30T19:27:20+00:00\" \/>\n<meta property=\"og:image\" content=\"https:\/\/universoeletrico.com.br\/eletrico\/wp-content\/uploads\/2026\/01\/CONDUITE-CORRUGADO-IBIRA-FLEXIVEL-3-4-PRETO-40M.webp\" \/>\n\t<meta property=\"og:image:width\" content=\"1080\" \/>\n\t<meta property=\"og:image:height\" content=\"1080\" \/>\n\t<meta property=\"og:image:type\" content=\"image\/webp\" \/>\n<meta name=\"twitter:card\" content=\"summary_large_image\" \/>\n<meta name=\"twitter:label1\" content=\"Est. tempo de leitura\" \/>\n\t<meta name=\"twitter:data1\" content=\"1 minuto\" \/>\n<script type=\"application\/ld+json\" class=\"yoast-schema-graph\">{\"@context\":\"https:\/\/schema.org\",\"@graph\":[{\"@type\":\"WebPage\",\"@id\":\"https:\/\/universoeletrico.com.br\/eletrico\/produto\/conduite-reforcado-tipo-heliflex\/\",\"url\":\"https:\/\/universoeletrico.com.br\/eletrico\/produto\/conduite-reforcado-tipo-heliflex\/\",\"name\":\"CONDUITE REFORCADO TIPO HELIFLEX - Universo El\u00e9trico\",\"isPartOf\":{\"@id\":\"https:\/\/universoeletrico.com.br\/eletrico\/#website\"},\"primaryImageOfPage\":{\"@id\":\"https:\/\/universoeletrico.com.br\/eletrico\/produto\/conduite-reforcado-tipo-heliflex\/#primaryimage\"},\"image\":{\"@id\":\"https:\/\/universoeletrico.com.br\/eletrico\/produto\/conduite-reforcado-tipo-heliflex\/#primaryimage\"},\"thumbnailUrl\":\"https:\/\/universoeletrico.com.br\/eletrico\/wp-content\/uploads\/2026\/01\/CONDUITE-CORRUGADO-IBIRA-FLEXIVEL-3-4-PRETO-40M.webp\",\"datePublished\":\"2026-01-30T19:27:19+00:00\",\"dateModified\":\"2026-01-30T19:27:20+00:00\",\"breadcrumb\":{\"@id\":\"https:\/\/universoeletrico.com.br\/eletrico\/produto\/conduite-reforcado-tipo-heliflex\/#breadcrumb\"},\"inLanguage\":\"pt-BR\",\"potentialAction\":[{\"@type\":\"ReadAction\",\"target\":[\"https:\/\/universoeletrico.com.br\/eletrico\/produto\/conduite-reforcado-tipo-heliflex\/\"]}]},{\"@type\":\"ImageObject\",\"inLanguage\":\"pt-BR\",\"@id\":\"https:\/\/universoeletrico.com.br\/eletrico\/produto\/conduite-reforcado-tipo-heliflex\/#primaryimage\",\"url\":\"https:\/\/universoeletrico.com.br\/eletrico\/wp-content\/uploads\/2026\/01\/CONDUITE-CORRUGADO-IBIRA-FLEXIVEL-3-4-PRETO-40M.webp\",\"contentUrl\":\"https:\/\/universoeletrico.com.br\/eletrico\/wp-content\/uploads\/2026\/01\/CONDUITE-CORRUGADO-IBIRA-FLEXIVEL-3-4-PRETO-40M.webp\",\"width\":1080,\"height\":1080},{\"@type\":\"BreadcrumbList\",\"@id\":\"https:\/\/universoeletrico.com.br\/eletrico\/produto\/conduite-reforcado-tipo-heliflex\/#breadcrumb\",\"itemListElement\":[{\"@type\":\"ListItem\",\"position\":1,\"name\":\"In\u00edcio\",\"item\":\"https:\/\/universoeletrico.com.br\/eletrico\/\"},{\"@type\":\"ListItem\",\"position\":2,\"name\":\"Produtos\",\"item\":\"https:\/\/universoeletrico.com.br\/eletrico\/produtos\/\"},{\"@type\":\"ListItem\",\"position\":3,\"name\":\"CONDUITE REFORCADO TIPO HELIFLEX\"}]},{\"@type\":\"WebSite\",\"@id\":\"https:\/\/universoeletrico.com.br\/eletrico\/#website\",\"url\":\"https:\/\/universoeletrico.com.br\/eletrico\/\",\"name\":\"Universo El\u00e9trico\",\"description\":\"\",\"potentialAction\":[{\"@type\":\"SearchAction\",\"target\":{\"@type\":\"EntryPoint\",\"urlTemplate\":\"https:\/\/universoeletrico.com.br\/eletrico\/?s={search_term_string}\"},\"query-input\":{\"@type\":\"PropertyValueSpecification\",\"valueRequired\":true,\"valueName\":\"search_term_string\"}}],\"inLanguage\":\"pt-BR\"}]}<\/script>\n<!-- \/ Yoast SEO Premium plugin. -->","yoast_head_json":{"title":"CONDUITE REFORCADO TIPO HELIFLEX - Universo El\u00e9trico","robots":{"index":"index","follow":"follow","max-snippet":"max-snippet:-1","max-image-preview":"max-image-preview:large","max-video-preview":"max-video-preview:-1"},"canonical":"https:\/\/universoeletrico.com.br\/eletrico\/produto\/conduite-reforcado-tipo-heliflex\/","og_locale":"pt_BR","og_type":"article","og_title":"CONDUITE REFORCADO TIPO HELIFLEX","og_description":"Condu\u00edte Refor\u00e7ado Tipo HeliFlex \u00e9 um tipo espec\u00edfico de eletroduto flex\u00edvel corrugado, geralmente feito de PVC, conhecido por sua resist\u00eancia e flexibilidade, ideal para embutir fios e cabos em paredes e lajes. Segue abaixo todas op\u00e7\u00f5es de tamanhos em estoque: cod: 58023 CONDUITE REFORCADO TIPO HELIFLEX 1\/2&#8243; cod: 58024 CONDUITE REFORCADO TIPO HELIFLEX 3\/4&#8243; cod: [&hellip;]","og_url":"https:\/\/universoeletrico.com.br\/eletrico\/produto\/conduite-reforcado-tipo-heliflex\/","og_site_name":"Universo El\u00e9trico","article_modified_time":"2026-01-30T19:27:20+00:00","og_image":[{"width":1080,"height":1080,"url":"https:\/\/universoeletrico.com.br\/eletrico\/wp-content\/uploads\/2026\/01\/CONDUITE-CORRUGADO-IBIRA-FLEXIVEL-3-4-PRETO-40M.webp","type":"image\/webp"}],"twitter_card":"summary_large_image","twitter_misc":{"Est. tempo de leitura":"1 minuto"},"schema":{"@context":"https:\/\/schema.org","@graph":[{"@type":"WebPage","@id":"https:\/\/universoeletrico.com.br\/eletrico\/produto\/conduite-reforcado-tipo-heliflex\/","url":"https:\/\/universoeletrico.com.br\/eletrico\/produto\/conduite-reforcado-tipo-heliflex\/","name":"CONDUITE REFORCADO TIPO HELIFLEX - Universo El\u00e9trico","isPartOf":{"@id":"https:\/\/universoeletrico.com.br\/eletrico\/#website"},"primaryImageOfPage":{"@id":"https:\/\/universoeletrico.com.br\/eletrico\/produto\/conduite-reforcado-tipo-heliflex\/#primaryimage"},"image":{"@id":"https:\/\/universoeletrico.com.br\/eletrico\/produto\/conduite-reforcado-tipo-heliflex\/#primaryimage"},"thumbnailUrl":"https:\/\/universoeletrico.com.br\/eletrico\/wp-content\/uploads\/2026\/01\/CONDUITE-CORRUGADO-IBIRA-FLEXIVEL-3-4-PRETO-40M.webp","datePublished":"2026-01-30T19:27:19+00:00","dateModified":"2026-01-30T19:27:20+00:00","breadcrumb":{"@id":"https:\/\/universoeletrico.com.br\/eletrico\/produto\/conduite-reforcado-tipo-heliflex\/#breadcrumb"},"inLanguage":"pt-BR","potentialAction":[{"@type":"ReadAction","target":["https:\/\/universoeletrico.com.br\/eletrico\/produto\/conduite-reforcado-tipo-heliflex\/"]}]},{"@type":"ImageObject","inLanguage":"pt-BR","@id":"https:\/\/universoeletrico.com.br\/eletrico\/produto\/conduite-reforcado-tipo-heliflex\/#primaryimage","url":"https:\/\/universoeletrico.com.br\/eletrico\/wp-content\/uploads\/2026\/01\/CONDUITE-CORRUGADO-IBIRA-FLEXIVEL-3-4-PRETO-40M.webp","contentUrl":"https:\/\/universoeletrico.com.br\/eletrico\/wp-content\/uploads\/2026\/01\/CONDUITE-CORRUGADO-IBIRA-FLEXIVEL-3-4-PRETO-40M.webp","width":1080,"height":1080},{"@type":"BreadcrumbList","@id":"https:\/\/universoeletrico.com.br\/eletrico\/produto\/conduite-reforcado-tipo-heliflex\/#breadcrumb","itemListElement":[{"@type":"ListItem","position":1,"name":"In\u00edcio","item":"https:\/\/universoeletrico.com.br\/eletrico\/"},{"@type":"ListItem","position":2,"name":"Produtos","item":"https:\/\/universoeletrico.com.br\/eletrico\/produtos\/"},{"@type":"ListItem","position":3,"name":"CONDUITE REFORCADO TIPO HELIFLEX"}]},{"@type":"WebSite","@id":"https:\/\/universoeletrico.com.br\/eletrico\/#website","url":"https:\/\/universoeletrico.com.br\/eletrico\/","name":"Universo El\u00e9trico","description":"","potentialAction":[{"@type":"SearchAction","target":{"@type":"EntryPoint","urlTemplate":"https:\/\/universoeletrico.com.br\/eletrico\/?s={search_term_string}"},"query-input":{"@type":"PropertyValueSpecification","valueRequired":true,"valueName":"search_term_string"}}],"inLanguage":"pt-BR"}]}},"_links":{"self":[{"href":"https:\/\/universoeletrico.com.br\/eletrico\/wp-json\/wp\/v2\/product\/3051","targetHints":{"allow":["GET"]}}],"collection":[{"href":"https:\/\/universoeletrico.com.br\/eletrico\/wp-json\/wp\/v2\/product"}],"about":[{"href":"https:\/\/universoeletrico.com.br\/eletrico\/wp-json\/wp\/v2\/types\/product"}],"version-history":[{"count":1,"href":"https:\/\/universoeletrico.com.br\/eletrico\/wp-json\/wp\/v2\/product\/3051\/revisions"}],"predecessor-version":[{"id":3053,"href":"https:\/\/universoeletrico.com.br\/eletrico\/wp-json\/wp\/v2\/product\/3051\/revisions\/3053"}],"wp:featuredmedia":[{"embeddable":true,"href":"https:\/\/universoeletrico.com.br\/eletrico\/wp-json\/wp\/v2\/media\/3052"}],"wp:attachment":[{"href":"https:\/\/universoeletrico.com.br\/eletrico\/wp-json\/wp\/v2\/media?parent=3051"}],"wp:term":[{"taxonomy":"product_brand","embeddable":true,"href":"https:\/\/universoeletrico.com.br\/eletrico\/wp-json\/wp\/v2\/product_brand?post=3051"},{"taxonomy":"product_cat","embeddable":true,"href":"https:\/\/universoeletrico.com.br\/eletrico\/wp-json\/wp\/v2\/product_cat?post=3051"},{"taxonomy":"product_tag","embeddable":true,"href":"https:\/\/universoeletrico.com.br\/eletrico\/wp-json\/wp\/v2\/product_tag?post=3051"}],"curies":[{"name":"wp","href":"https:\/\/api.w.org\/{rel}","templated":true}]}}