{"id":3021,"date":"2026-01-30T11:15:45","date_gmt":"2026-01-30T14:15:45","guid":{"rendered":"https:\/\/universoeletrico.com.br\/eletrico\/?post_type=product&#038;p=3021"},"modified":"2026-01-30T11:22:00","modified_gmt":"2026-01-30T14:22:00","slug":"eletroduto-flexivel-corrugado-amarelo","status":"publish","type":"product","link":"https:\/\/universoeletrico.com.br\/eletrico\/produto\/eletroduto-flexivel-corrugado-amarelo\/","title":{"rendered":"ELETRODUTO FLEX\u00cdVEL CORRUGADO AMARELO"},"content":{"rendered":"<p>Eletroduto flex\u00edvel corrugado amarelo \u00e9 um condu\u00edte de PVC ou mangueira para instala\u00e7\u00f5es el\u00e9tricas de baixa tens\u00e3o embutidas em paredes, conhecido por sua flexibilidade e caracter\u00edstica antichamas. Sua cor indica que \u00e9 um tipo de resist\u00eancia leve, adequado para locais com menor press\u00e3o mec\u00e2nica.<\/p>\n<p>Segue abaixo todas op\u00e7\u00f5es de tamanhos em estoque:<\/p>\n<p>cod: 58104\u00a0 ELETR FLEX CORRUG 1\/2 20MM AM RL C\/50MT<\/p>\n<p>cod: 58105 ELETR FLEX CORRUG 3\/4 25MM AM RL C\/50MT<\/p>\n<p>cod: 58106 ELETR FLEX CORRUG 1&#8221; 32MM AM RL C\/25MT<\/p>\n<p>Para Pre\u00e7os, Or\u00e7amentos e D\u00favidas, fale com nossos especialistas.<\/p>\n","protected":false},"excerpt":{"rendered":"<p>Eletroduto flex\u00edvel corrugado amarelo \u00e9 um condu\u00edte de PVC ou mangueira para instala\u00e7\u00f5es el\u00e9tricas de baixa tens\u00e3o embutidas em paredes, conhecido por sua flexibilidade e caracter\u00edstica antichamas. Sua cor indica que \u00e9 um tipo de resist\u00eancia leve, adequado para locais com menor press\u00e3o mec\u00e2nica. Segue abaixo todas op\u00e7\u00f5es de tamanhos em estoque: cod: 58104\u00a0 ELETR [&hellip;]<\/p>\n","protected":false},"featured_media":3022,"template":"","meta":[],"product_brand":[182,181],"product_cat":[51,18],"product_tag":[179,185,186,67,183,184,133],"class_list":{"0":"post-3021","1":"product","2":"type-product","3":"status-publish","4":"has-post-thumbnail","6":"product_brand-arqua","7":"product_brand-krona","8":"product_cat-eletrodutos-e-mangueiras-flexiveis","9":"product_cat-material-eletrico","10":"product_tag-acessorio-eletrico","11":"product_tag-amarelo","12":"product_tag-conduite","13":"product_tag-corrugado","14":"product_tag-eletroduto-flexivel","15":"product_tag-mangueira","16":"product_tag-material-eletrico","18":"first","19":"instock","20":"shipping-taxable","21":"product-type-simple"},"yoast_head":"<!-- This site is optimized with the Yoast SEO Premium plugin v26.1.1 (Yoast SEO v26.1.1) - https:\/\/yoast.com\/wordpress\/plugins\/seo\/ -->\n<title>ELETRODUTO FLEX\u00cdVEL CORRUGADO AMARELO - Universo El\u00e9trico<\/title>\n<meta name=\"robots\" content=\"index, follow, max-snippet:-1, max-image-preview:large, max-video-preview:-1\" \/>\n<link rel=\"canonical\" href=\"https:\/\/universoeletrico.com.br\/eletrico\/produto\/eletroduto-flexivel-corrugado-amarelo\/\" \/>\n<meta property=\"og:locale\" content=\"pt_BR\" \/>\n<meta property=\"og:type\" content=\"article\" \/>\n<meta property=\"og:title\" content=\"ELETRODUTO FLEX\u00cdVEL CORRUGADO AMARELO\" \/>\n<meta property=\"og:description\" content=\"Eletroduto flex\u00edvel corrugado amarelo \u00e9 um condu\u00edte de PVC ou mangueira para instala\u00e7\u00f5es el\u00e9tricas de baixa tens\u00e3o embutidas em paredes, conhecido por sua flexibilidade e caracter\u00edstica antichamas. Sua cor indica que \u00e9 um tipo de resist\u00eancia leve, adequado para locais com menor press\u00e3o mec\u00e2nica. Segue abaixo todas op\u00e7\u00f5es de tamanhos em estoque: cod: 58104\u00a0 ELETR [&hellip;]\" \/>\n<meta property=\"og:url\" content=\"https:\/\/universoeletrico.com.br\/eletrico\/produto\/eletroduto-flexivel-corrugado-amarelo\/\" \/>\n<meta property=\"og:site_name\" content=\"Universo El\u00e9trico\" \/>\n<meta property=\"article:modified_time\" content=\"2026-01-30T14:22:00+00:00\" \/>\n<meta property=\"og:image\" content=\"https:\/\/universoeletrico.com.br\/eletrico\/wp-content\/uploads\/2026\/01\/85a41a2139a37c8859bf0139b9b1db1c.webp\" \/>\n\t<meta property=\"og:image:width\" content=\"600\" \/>\n\t<meta property=\"og:image:height\" content=\"600\" \/>\n\t<meta property=\"og:image:type\" content=\"image\/webp\" \/>\n<meta name=\"twitter:card\" content=\"summary_large_image\" \/>\n<meta name=\"twitter:label1\" content=\"Est. tempo de leitura\" \/>\n\t<meta name=\"twitter:data1\" content=\"1 minuto\" \/>\n<script type=\"application\/ld+json\" class=\"yoast-schema-graph\">{\"@context\":\"https:\/\/schema.org\",\"@graph\":[{\"@type\":\"WebPage\",\"@id\":\"https:\/\/universoeletrico.com.br\/eletrico\/produto\/eletroduto-flexivel-corrugado-amarelo\/\",\"url\":\"https:\/\/universoeletrico.com.br\/eletrico\/produto\/eletroduto-flexivel-corrugado-amarelo\/\",\"name\":\"ELETRODUTO FLEX\u00cdVEL CORRUGADO AMARELO - Universo El\u00e9trico\",\"isPartOf\":{\"@id\":\"https:\/\/universoeletrico.com.br\/eletrico\/#website\"},\"primaryImageOfPage\":{\"@id\":\"https:\/\/universoeletrico.com.br\/eletrico\/produto\/eletroduto-flexivel-corrugado-amarelo\/#primaryimage\"},\"image\":{\"@id\":\"https:\/\/universoeletrico.com.br\/eletrico\/produto\/eletroduto-flexivel-corrugado-amarelo\/#primaryimage\"},\"thumbnailUrl\":\"https:\/\/universoeletrico.com.br\/eletrico\/wp-content\/uploads\/2026\/01\/85a41a2139a37c8859bf0139b9b1db1c.webp\",\"datePublished\":\"2026-01-30T14:15:45+00:00\",\"dateModified\":\"2026-01-30T14:22:00+00:00\",\"breadcrumb\":{\"@id\":\"https:\/\/universoeletrico.com.br\/eletrico\/produto\/eletroduto-flexivel-corrugado-amarelo\/#breadcrumb\"},\"inLanguage\":\"pt-BR\",\"potentialAction\":[{\"@type\":\"ReadAction\",\"target\":[\"https:\/\/universoeletrico.com.br\/eletrico\/produto\/eletroduto-flexivel-corrugado-amarelo\/\"]}]},{\"@type\":\"ImageObject\",\"inLanguage\":\"pt-BR\",\"@id\":\"https:\/\/universoeletrico.com.br\/eletrico\/produto\/eletroduto-flexivel-corrugado-amarelo\/#primaryimage\",\"url\":\"https:\/\/universoeletrico.com.br\/eletrico\/wp-content\/uploads\/2026\/01\/85a41a2139a37c8859bf0139b9b1db1c.webp\",\"contentUrl\":\"https:\/\/universoeletrico.com.br\/eletrico\/wp-content\/uploads\/2026\/01\/85a41a2139a37c8859bf0139b9b1db1c.webp\",\"width\":600,\"height\":600},{\"@type\":\"BreadcrumbList\",\"@id\":\"https:\/\/universoeletrico.com.br\/eletrico\/produto\/eletroduto-flexivel-corrugado-amarelo\/#breadcrumb\",\"itemListElement\":[{\"@type\":\"ListItem\",\"position\":1,\"name\":\"In\u00edcio\",\"item\":\"https:\/\/universoeletrico.com.br\/eletrico\/\"},{\"@type\":\"ListItem\",\"position\":2,\"name\":\"Produtos\",\"item\":\"https:\/\/universoeletrico.com.br\/eletrico\/produtos\/\"},{\"@type\":\"ListItem\",\"position\":3,\"name\":\"ELETRODUTO FLEX\u00cdVEL CORRUGADO AMARELO\"}]},{\"@type\":\"WebSite\",\"@id\":\"https:\/\/universoeletrico.com.br\/eletrico\/#website\",\"url\":\"https:\/\/universoeletrico.com.br\/eletrico\/\",\"name\":\"Universo El\u00e9trico\",\"description\":\"\",\"potentialAction\":[{\"@type\":\"SearchAction\",\"target\":{\"@type\":\"EntryPoint\",\"urlTemplate\":\"https:\/\/universoeletrico.com.br\/eletrico\/?s={search_term_string}\"},\"query-input\":{\"@type\":\"PropertyValueSpecification\",\"valueRequired\":true,\"valueName\":\"search_term_string\"}}],\"inLanguage\":\"pt-BR\"}]}<\/script>\n<!-- \/ Yoast SEO Premium plugin. -->","yoast_head_json":{"title":"ELETRODUTO FLEX\u00cdVEL CORRUGADO AMARELO - Universo El\u00e9trico","robots":{"index":"index","follow":"follow","max-snippet":"max-snippet:-1","max-image-preview":"max-image-preview:large","max-video-preview":"max-video-preview:-1"},"canonical":"https:\/\/universoeletrico.com.br\/eletrico\/produto\/eletroduto-flexivel-corrugado-amarelo\/","og_locale":"pt_BR","og_type":"article","og_title":"ELETRODUTO FLEX\u00cdVEL CORRUGADO AMARELO","og_description":"Eletroduto flex\u00edvel corrugado amarelo \u00e9 um condu\u00edte de PVC ou mangueira para instala\u00e7\u00f5es el\u00e9tricas de baixa tens\u00e3o embutidas em paredes, conhecido por sua flexibilidade e caracter\u00edstica antichamas. Sua cor indica que \u00e9 um tipo de resist\u00eancia leve, adequado para locais com menor press\u00e3o mec\u00e2nica. Segue abaixo todas op\u00e7\u00f5es de tamanhos em estoque: cod: 58104\u00a0 ELETR [&hellip;]","og_url":"https:\/\/universoeletrico.com.br\/eletrico\/produto\/eletroduto-flexivel-corrugado-amarelo\/","og_site_name":"Universo El\u00e9trico","article_modified_time":"2026-01-30T14:22:00+00:00","og_image":[{"width":600,"height":600,"url":"https:\/\/universoeletrico.com.br\/eletrico\/wp-content\/uploads\/2026\/01\/85a41a2139a37c8859bf0139b9b1db1c.webp","type":"image\/webp"}],"twitter_card":"summary_large_image","twitter_misc":{"Est. tempo de leitura":"1 minuto"},"schema":{"@context":"https:\/\/schema.org","@graph":[{"@type":"WebPage","@id":"https:\/\/universoeletrico.com.br\/eletrico\/produto\/eletroduto-flexivel-corrugado-amarelo\/","url":"https:\/\/universoeletrico.com.br\/eletrico\/produto\/eletroduto-flexivel-corrugado-amarelo\/","name":"ELETRODUTO FLEX\u00cdVEL CORRUGADO AMARELO - Universo El\u00e9trico","isPartOf":{"@id":"https:\/\/universoeletrico.com.br\/eletrico\/#website"},"primaryImageOfPage":{"@id":"https:\/\/universoeletrico.com.br\/eletrico\/produto\/eletroduto-flexivel-corrugado-amarelo\/#primaryimage"},"image":{"@id":"https:\/\/universoeletrico.com.br\/eletrico\/produto\/eletroduto-flexivel-corrugado-amarelo\/#primaryimage"},"thumbnailUrl":"https:\/\/universoeletrico.com.br\/eletrico\/wp-content\/uploads\/2026\/01\/85a41a2139a37c8859bf0139b9b1db1c.webp","datePublished":"2026-01-30T14:15:45+00:00","dateModified":"2026-01-30T14:22:00+00:00","breadcrumb":{"@id":"https:\/\/universoeletrico.com.br\/eletrico\/produto\/eletroduto-flexivel-corrugado-amarelo\/#breadcrumb"},"inLanguage":"pt-BR","potentialAction":[{"@type":"ReadAction","target":["https:\/\/universoeletrico.com.br\/eletrico\/produto\/eletroduto-flexivel-corrugado-amarelo\/"]}]},{"@type":"ImageObject","inLanguage":"pt-BR","@id":"https:\/\/universoeletrico.com.br\/eletrico\/produto\/eletroduto-flexivel-corrugado-amarelo\/#primaryimage","url":"https:\/\/universoeletrico.com.br\/eletrico\/wp-content\/uploads\/2026\/01\/85a41a2139a37c8859bf0139b9b1db1c.webp","contentUrl":"https:\/\/universoeletrico.com.br\/eletrico\/wp-content\/uploads\/2026\/01\/85a41a2139a37c8859bf0139b9b1db1c.webp","width":600,"height":600},{"@type":"BreadcrumbList","@id":"https:\/\/universoeletrico.com.br\/eletrico\/produto\/eletroduto-flexivel-corrugado-amarelo\/#breadcrumb","itemListElement":[{"@type":"ListItem","position":1,"name":"In\u00edcio","item":"https:\/\/universoeletrico.com.br\/eletrico\/"},{"@type":"ListItem","position":2,"name":"Produtos","item":"https:\/\/universoeletrico.com.br\/eletrico\/produtos\/"},{"@type":"ListItem","position":3,"name":"ELETRODUTO FLEX\u00cdVEL CORRUGADO AMARELO"}]},{"@type":"WebSite","@id":"https:\/\/universoeletrico.com.br\/eletrico\/#website","url":"https:\/\/universoeletrico.com.br\/eletrico\/","name":"Universo El\u00e9trico","description":"","potentialAction":[{"@type":"SearchAction","target":{"@type":"EntryPoint","urlTemplate":"https:\/\/universoeletrico.com.br\/eletrico\/?s={search_term_string}"},"query-input":{"@type":"PropertyValueSpecification","valueRequired":true,"valueName":"search_term_string"}}],"inLanguage":"pt-BR"}]}},"_links":{"self":[{"href":"https:\/\/universoeletrico.com.br\/eletrico\/wp-json\/wp\/v2\/product\/3021","targetHints":{"allow":["GET"]}}],"collection":[{"href":"https:\/\/universoeletrico.com.br\/eletrico\/wp-json\/wp\/v2\/product"}],"about":[{"href":"https:\/\/universoeletrico.com.br\/eletrico\/wp-json\/wp\/v2\/types\/product"}],"version-history":[{"count":3,"href":"https:\/\/universoeletrico.com.br\/eletrico\/wp-json\/wp\/v2\/product\/3021\/revisions"}],"predecessor-version":[{"id":3026,"href":"https:\/\/universoeletrico.com.br\/eletrico\/wp-json\/wp\/v2\/product\/3021\/revisions\/3026"}],"wp:featuredmedia":[{"embeddable":true,"href":"https:\/\/universoeletrico.com.br\/eletrico\/wp-json\/wp\/v2\/media\/3022"}],"wp:attachment":[{"href":"https:\/\/universoeletrico.com.br\/eletrico\/wp-json\/wp\/v2\/media?parent=3021"}],"wp:term":[{"taxonomy":"product_brand","embeddable":true,"href":"https:\/\/universoeletrico.com.br\/eletrico\/wp-json\/wp\/v2\/product_brand?post=3021"},{"taxonomy":"product_cat","embeddable":true,"href":"https:\/\/universoeletrico.com.br\/eletrico\/wp-json\/wp\/v2\/product_cat?post=3021"},{"taxonomy":"product_tag","embeddable":true,"href":"https:\/\/universoeletrico.com.br\/eletrico\/wp-json\/wp\/v2\/product_tag?post=3021"}],"curies":[{"name":"wp","href":"https:\/\/api.w.org\/{rel}","templated":true}]}}