{"id":2987,"date":"2026-01-22T16:50:06","date_gmt":"2026-01-22T19:50:06","guid":{"rendered":"https:\/\/universoeletrico.com.br\/eletrico\/?post_type=product&#038;p=2987"},"modified":"2026-01-22T16:59:58","modified_gmt":"2026-01-22T19:59:58","slug":"te-horizontal-90-para-eletrocalha","status":"publish","type":"product","link":"https:\/\/universoeletrico.com.br\/eletrico\/produto\/te-horizontal-90-para-eletrocalha\/","title":{"rendered":"TE HORIZONTAL 90\u00b0 PARA ELETROCALHA"},"content":{"rendered":"<p>T\u00ea Horizontal 90\u00b0\u00a0\u00e9 um acess\u00f3rio de infraestrutura el\u00e9trica utilizado para criar deriva\u00e7\u00f5es em sistemas de eletrocalhas. Ele permite que uma linha principal de cabos se divida para uma nova dire\u00e7\u00e3o lateral, mantendo o mesmo plano horizontal.<\/p>\n<p>Segue abaixo todas op\u00e7\u00f5es de tamanhos em estoque:<\/p>\n<p>cod: 80276 TE HORIZONTAL 90O P\/ELETROCALHA 50X50MM<\/p>\n<p>cod: 80281 TE HORIZONTAL 90O P\/ELETROCALHA100X100MM<\/p>\n<p>cod: 80180 TE HORIZONTAL 90O P\/ELETROCALHA 300X50MM<\/p>\n<p>cod: 80197 TE HORIZONTAL 90O P\/ELETROCALHA 400X100MM<\/p>\n<p>Para Pre\u00e7os, Or\u00e7amentos e D\u00favidas, fale com nossos especialistas.<\/p>\n","protected":false},"excerpt":{"rendered":"<p>T\u00ea Horizontal 90\u00b0\u00a0\u00e9 um acess\u00f3rio de infraestrutura el\u00e9trica utilizado para criar deriva\u00e7\u00f5es em sistemas de eletrocalhas. Ele permite que uma linha principal de cabos se divida para uma nova dire\u00e7\u00e3o lateral, mantendo o mesmo plano horizontal. Segue abaixo todas op\u00e7\u00f5es de tamanhos em estoque: cod: 80276 TE HORIZONTAL 90O P\/ELETROCALHA 50X50MM cod: 80281 TE HORIZONTAL [&hellip;]<\/p>\n","protected":false},"featured_media":2988,"template":"","meta":[],"product_brand":[],"product_cat":[50,18],"product_tag":[130,167,173,133,171],"class_list":{"0":"post-2987","1":"product","2":"type-product","3":"status-publish","4":"has-post-thumbnail","6":"product_cat-eletrocalhas-e-perfilados","7":"product_cat-material-eletrico","8":"product_tag-130","9":"product_tag-eletrocalha","10":"product_tag-horizontal","11":"product_tag-material-eletrico","12":"product_tag-t","14":"first","15":"instock","16":"shipping-taxable","17":"product-type-simple"},"yoast_head":"<!-- This site is optimized with the Yoast SEO Premium plugin v26.1.1 (Yoast SEO v26.1.1) - https:\/\/yoast.com\/wordpress\/plugins\/seo\/ -->\n<title>TE HORIZONTAL 90\u00b0 PARA ELETROCALHA - Universo El\u00e9trico<\/title>\n<meta name=\"robots\" content=\"index, follow, max-snippet:-1, max-image-preview:large, max-video-preview:-1\" \/>\n<link rel=\"canonical\" href=\"https:\/\/universoeletrico.com.br\/eletrico\/produto\/te-horizontal-90-para-eletrocalha\/\" \/>\n<meta property=\"og:locale\" content=\"pt_BR\" \/>\n<meta property=\"og:type\" content=\"article\" \/>\n<meta property=\"og:title\" content=\"TE HORIZONTAL 90\u00b0 PARA ELETROCALHA\" \/>\n<meta property=\"og:description\" content=\"T\u00ea Horizontal 90\u00b0\u00a0\u00e9 um acess\u00f3rio de infraestrutura el\u00e9trica utilizado para criar deriva\u00e7\u00f5es em sistemas de eletrocalhas. Ele permite que uma linha principal de cabos se divida para uma nova dire\u00e7\u00e3o lateral, mantendo o mesmo plano horizontal. Segue abaixo todas op\u00e7\u00f5es de tamanhos em estoque: cod: 80276 TE HORIZONTAL 90O P\/ELETROCALHA 50X50MM cod: 80281 TE HORIZONTAL [&hellip;]\" \/>\n<meta property=\"og:url\" content=\"https:\/\/universoeletrico.com.br\/eletrico\/produto\/te-horizontal-90-para-eletrocalha\/\" \/>\n<meta property=\"og:site_name\" content=\"Universo El\u00e9trico\" \/>\n<meta property=\"article:modified_time\" content=\"2026-01-22T19:59:58+00:00\" \/>\n<meta property=\"og:image\" content=\"https:\/\/universoeletrico.com.br\/eletrico\/wp-content\/uploads\/2026\/01\/20021710-1450x1450-1.webp\" \/>\n\t<meta property=\"og:image:width\" content=\"1450\" \/>\n\t<meta property=\"og:image:height\" content=\"1450\" \/>\n\t<meta property=\"og:image:type\" content=\"image\/webp\" \/>\n<meta name=\"twitter:card\" content=\"summary_large_image\" \/>\n<meta name=\"twitter:label1\" content=\"Est. tempo de leitura\" \/>\n\t<meta name=\"twitter:data1\" content=\"1 minuto\" \/>\n<script type=\"application\/ld+json\" class=\"yoast-schema-graph\">{\"@context\":\"https:\/\/schema.org\",\"@graph\":[{\"@type\":\"WebPage\",\"@id\":\"https:\/\/universoeletrico.com.br\/eletrico\/produto\/te-horizontal-90-para-eletrocalha\/\",\"url\":\"https:\/\/universoeletrico.com.br\/eletrico\/produto\/te-horizontal-90-para-eletrocalha\/\",\"name\":\"TE HORIZONTAL 90\u00b0 PARA ELETROCALHA - Universo El\u00e9trico\",\"isPartOf\":{\"@id\":\"https:\/\/universoeletrico.com.br\/eletrico\/#website\"},\"primaryImageOfPage\":{\"@id\":\"https:\/\/universoeletrico.com.br\/eletrico\/produto\/te-horizontal-90-para-eletrocalha\/#primaryimage\"},\"image\":{\"@id\":\"https:\/\/universoeletrico.com.br\/eletrico\/produto\/te-horizontal-90-para-eletrocalha\/#primaryimage\"},\"thumbnailUrl\":\"https:\/\/universoeletrico.com.br\/eletrico\/wp-content\/uploads\/2026\/01\/20021710-1450x1450-1.webp\",\"datePublished\":\"2026-01-22T19:50:06+00:00\",\"dateModified\":\"2026-01-22T19:59:58+00:00\",\"breadcrumb\":{\"@id\":\"https:\/\/universoeletrico.com.br\/eletrico\/produto\/te-horizontal-90-para-eletrocalha\/#breadcrumb\"},\"inLanguage\":\"pt-BR\",\"potentialAction\":[{\"@type\":\"ReadAction\",\"target\":[\"https:\/\/universoeletrico.com.br\/eletrico\/produto\/te-horizontal-90-para-eletrocalha\/\"]}]},{\"@type\":\"ImageObject\",\"inLanguage\":\"pt-BR\",\"@id\":\"https:\/\/universoeletrico.com.br\/eletrico\/produto\/te-horizontal-90-para-eletrocalha\/#primaryimage\",\"url\":\"https:\/\/universoeletrico.com.br\/eletrico\/wp-content\/uploads\/2026\/01\/20021710-1450x1450-1.webp\",\"contentUrl\":\"https:\/\/universoeletrico.com.br\/eletrico\/wp-content\/uploads\/2026\/01\/20021710-1450x1450-1.webp\",\"width\":1450,\"height\":1450},{\"@type\":\"BreadcrumbList\",\"@id\":\"https:\/\/universoeletrico.com.br\/eletrico\/produto\/te-horizontal-90-para-eletrocalha\/#breadcrumb\",\"itemListElement\":[{\"@type\":\"ListItem\",\"position\":1,\"name\":\"In\u00edcio\",\"item\":\"https:\/\/universoeletrico.com.br\/eletrico\/\"},{\"@type\":\"ListItem\",\"position\":2,\"name\":\"Produtos\",\"item\":\"https:\/\/universoeletrico.com.br\/eletrico\/produtos\/\"},{\"@type\":\"ListItem\",\"position\":3,\"name\":\"TE HORIZONTAL 90\u00b0 PARA ELETROCALHA\"}]},{\"@type\":\"WebSite\",\"@id\":\"https:\/\/universoeletrico.com.br\/eletrico\/#website\",\"url\":\"https:\/\/universoeletrico.com.br\/eletrico\/\",\"name\":\"Universo El\u00e9trico\",\"description\":\"\",\"potentialAction\":[{\"@type\":\"SearchAction\",\"target\":{\"@type\":\"EntryPoint\",\"urlTemplate\":\"https:\/\/universoeletrico.com.br\/eletrico\/?s={search_term_string}\"},\"query-input\":{\"@type\":\"PropertyValueSpecification\",\"valueRequired\":true,\"valueName\":\"search_term_string\"}}],\"inLanguage\":\"pt-BR\"}]}<\/script>\n<!-- \/ Yoast SEO Premium plugin. -->","yoast_head_json":{"title":"TE HORIZONTAL 90\u00b0 PARA ELETROCALHA - Universo El\u00e9trico","robots":{"index":"index","follow":"follow","max-snippet":"max-snippet:-1","max-image-preview":"max-image-preview:large","max-video-preview":"max-video-preview:-1"},"canonical":"https:\/\/universoeletrico.com.br\/eletrico\/produto\/te-horizontal-90-para-eletrocalha\/","og_locale":"pt_BR","og_type":"article","og_title":"TE HORIZONTAL 90\u00b0 PARA ELETROCALHA","og_description":"T\u00ea Horizontal 90\u00b0\u00a0\u00e9 um acess\u00f3rio de infraestrutura el\u00e9trica utilizado para criar deriva\u00e7\u00f5es em sistemas de eletrocalhas. Ele permite que uma linha principal de cabos se divida para uma nova dire\u00e7\u00e3o lateral, mantendo o mesmo plano horizontal. Segue abaixo todas op\u00e7\u00f5es de tamanhos em estoque: cod: 80276 TE HORIZONTAL 90O P\/ELETROCALHA 50X50MM cod: 80281 TE HORIZONTAL [&hellip;]","og_url":"https:\/\/universoeletrico.com.br\/eletrico\/produto\/te-horizontal-90-para-eletrocalha\/","og_site_name":"Universo El\u00e9trico","article_modified_time":"2026-01-22T19:59:58+00:00","og_image":[{"width":1450,"height":1450,"url":"https:\/\/universoeletrico.com.br\/eletrico\/wp-content\/uploads\/2026\/01\/20021710-1450x1450-1.webp","type":"image\/webp"}],"twitter_card":"summary_large_image","twitter_misc":{"Est. tempo de leitura":"1 minuto"},"schema":{"@context":"https:\/\/schema.org","@graph":[{"@type":"WebPage","@id":"https:\/\/universoeletrico.com.br\/eletrico\/produto\/te-horizontal-90-para-eletrocalha\/","url":"https:\/\/universoeletrico.com.br\/eletrico\/produto\/te-horizontal-90-para-eletrocalha\/","name":"TE HORIZONTAL 90\u00b0 PARA ELETROCALHA - Universo El\u00e9trico","isPartOf":{"@id":"https:\/\/universoeletrico.com.br\/eletrico\/#website"},"primaryImageOfPage":{"@id":"https:\/\/universoeletrico.com.br\/eletrico\/produto\/te-horizontal-90-para-eletrocalha\/#primaryimage"},"image":{"@id":"https:\/\/universoeletrico.com.br\/eletrico\/produto\/te-horizontal-90-para-eletrocalha\/#primaryimage"},"thumbnailUrl":"https:\/\/universoeletrico.com.br\/eletrico\/wp-content\/uploads\/2026\/01\/20021710-1450x1450-1.webp","datePublished":"2026-01-22T19:50:06+00:00","dateModified":"2026-01-22T19:59:58+00:00","breadcrumb":{"@id":"https:\/\/universoeletrico.com.br\/eletrico\/produto\/te-horizontal-90-para-eletrocalha\/#breadcrumb"},"inLanguage":"pt-BR","potentialAction":[{"@type":"ReadAction","target":["https:\/\/universoeletrico.com.br\/eletrico\/produto\/te-horizontal-90-para-eletrocalha\/"]}]},{"@type":"ImageObject","inLanguage":"pt-BR","@id":"https:\/\/universoeletrico.com.br\/eletrico\/produto\/te-horizontal-90-para-eletrocalha\/#primaryimage","url":"https:\/\/universoeletrico.com.br\/eletrico\/wp-content\/uploads\/2026\/01\/20021710-1450x1450-1.webp","contentUrl":"https:\/\/universoeletrico.com.br\/eletrico\/wp-content\/uploads\/2026\/01\/20021710-1450x1450-1.webp","width":1450,"height":1450},{"@type":"BreadcrumbList","@id":"https:\/\/universoeletrico.com.br\/eletrico\/produto\/te-horizontal-90-para-eletrocalha\/#breadcrumb","itemListElement":[{"@type":"ListItem","position":1,"name":"In\u00edcio","item":"https:\/\/universoeletrico.com.br\/eletrico\/"},{"@type":"ListItem","position":2,"name":"Produtos","item":"https:\/\/universoeletrico.com.br\/eletrico\/produtos\/"},{"@type":"ListItem","position":3,"name":"TE HORIZONTAL 90\u00b0 PARA ELETROCALHA"}]},{"@type":"WebSite","@id":"https:\/\/universoeletrico.com.br\/eletrico\/#website","url":"https:\/\/universoeletrico.com.br\/eletrico\/","name":"Universo El\u00e9trico","description":"","potentialAction":[{"@type":"SearchAction","target":{"@type":"EntryPoint","urlTemplate":"https:\/\/universoeletrico.com.br\/eletrico\/?s={search_term_string}"},"query-input":{"@type":"PropertyValueSpecification","valueRequired":true,"valueName":"search_term_string"}}],"inLanguage":"pt-BR"}]}},"_links":{"self":[{"href":"https:\/\/universoeletrico.com.br\/eletrico\/wp-json\/wp\/v2\/product\/2987","targetHints":{"allow":["GET"]}}],"collection":[{"href":"https:\/\/universoeletrico.com.br\/eletrico\/wp-json\/wp\/v2\/product"}],"about":[{"href":"https:\/\/universoeletrico.com.br\/eletrico\/wp-json\/wp\/v2\/types\/product"}],"version-history":[{"count":4,"href":"https:\/\/universoeletrico.com.br\/eletrico\/wp-json\/wp\/v2\/product\/2987\/revisions"}],"predecessor-version":[{"id":2992,"href":"https:\/\/universoeletrico.com.br\/eletrico\/wp-json\/wp\/v2\/product\/2987\/revisions\/2992"}],"wp:featuredmedia":[{"embeddable":true,"href":"https:\/\/universoeletrico.com.br\/eletrico\/wp-json\/wp\/v2\/media\/2988"}],"wp:attachment":[{"href":"https:\/\/universoeletrico.com.br\/eletrico\/wp-json\/wp\/v2\/media?parent=2987"}],"wp:term":[{"taxonomy":"product_brand","embeddable":true,"href":"https:\/\/universoeletrico.com.br\/eletrico\/wp-json\/wp\/v2\/product_brand?post=2987"},{"taxonomy":"product_cat","embeddable":true,"href":"https:\/\/universoeletrico.com.br\/eletrico\/wp-json\/wp\/v2\/product_cat?post=2987"},{"taxonomy":"product_tag","embeddable":true,"href":"https:\/\/universoeletrico.com.br\/eletrico\/wp-json\/wp\/v2\/product_tag?post=2987"}],"curies":[{"name":"wp","href":"https:\/\/api.w.org\/{rel}","templated":true}]}}