{"id":2977,"date":"2026-01-22T16:06:54","date_gmt":"2026-01-22T19:06:54","guid":{"rendered":"https:\/\/universoeletrico.com.br\/eletrico\/?post_type=product&#038;p=2977"},"modified":"2026-01-22T16:14:07","modified_gmt":"2026-01-22T19:14:07","slug":"te-vertical-descida-lateral-para-eletrocalha","status":"publish","type":"product","link":"https:\/\/universoeletrico.com.br\/eletrico\/produto\/te-vertical-descida-lateral-para-eletrocalha\/","title":{"rendered":"TE VERTICAL DESCIDA LATERAL PARA ELETROCALHA"},"content":{"rendered":"<p>T\u00ea Vertical de Descida Lateral \u00e9 um acess\u00f3rio de conex\u00e3o utilizado em sistemas de eletrocalhas para realizar uma deriva\u00e7\u00e3o de cabos em \u00e2ngulo de 90\u00b0 no plano vertical, direcionando-os para uma sa\u00edda lateral.<\/p>\n<p>Segue abaixo outras op\u00e7\u00f5es de tamanhos e chapas:<\/p>\n<p>cod: 80198 TE VERT. DESCIDA LAT. P\/ELETR. 100X50MM<\/p>\n<p>cod: 80202 TE VERT. DESCIDA LAT. P\/ELETR. 200X50MM<\/p>\n<p>cod: 80203 TE VERT. DESCIDA LAT. P\/ELETR. 200X100MM<\/p>\n<p>Para Pre\u00e7os, Or\u00e7amentos e D\u00favidas, fale com nossos especialistas.<\/p>\n","protected":false},"excerpt":{"rendered":"<p>T\u00ea Vertical de Descida Lateral \u00e9 um acess\u00f3rio de conex\u00e3o utilizado em sistemas de eletrocalhas para realizar uma deriva\u00e7\u00e3o de cabos em \u00e2ngulo de 90\u00b0 no plano vertical, direcionando-os para uma sa\u00edda lateral. Segue abaixo outras op\u00e7\u00f5es de tamanhos e chapas: cod: 80198 TE VERT. DESCIDA LAT. P\/ELETR. 100X50MM cod: 80202 TE VERT. DESCIDA LAT. [&hellip;]<\/p>\n","protected":false},"featured_media":2978,"template":"","meta":[],"product_brand":[],"product_cat":[50,18],"product_tag":[142,167,172,133,171],"class_list":{"0":"post-2977","1":"product","2":"type-product","3":"status-publish","4":"has-post-thumbnail","6":"product_cat-eletrocalhas-e-perfilados","7":"product_cat-material-eletrico","8":"product_tag-acessorio","9":"product_tag-eletrocalha","10":"product_tag-lateral","11":"product_tag-material-eletrico","12":"product_tag-t","14":"first","15":"instock","16":"shipping-taxable","17":"product-type-simple"},"yoast_head":"<!-- This site is optimized with the Yoast SEO Premium plugin v26.1.1 (Yoast SEO v26.1.1) - https:\/\/yoast.com\/wordpress\/plugins\/seo\/ -->\n<title>TE VERTICAL DESCIDA LATERAL PARA ELETROCALHA - Universo El\u00e9trico<\/title>\n<meta name=\"robots\" content=\"index, follow, max-snippet:-1, max-image-preview:large, max-video-preview:-1\" \/>\n<link rel=\"canonical\" href=\"https:\/\/universoeletrico.com.br\/eletrico\/produto\/te-vertical-descida-lateral-para-eletrocalha\/\" \/>\n<meta property=\"og:locale\" content=\"pt_BR\" \/>\n<meta property=\"og:type\" content=\"article\" \/>\n<meta property=\"og:title\" content=\"TE VERTICAL DESCIDA LATERAL PARA ELETROCALHA\" \/>\n<meta property=\"og:description\" content=\"T\u00ea Vertical de Descida Lateral \u00e9 um acess\u00f3rio de conex\u00e3o utilizado em sistemas de eletrocalhas para realizar uma deriva\u00e7\u00e3o de cabos em \u00e2ngulo de 90\u00b0 no plano vertical, direcionando-os para uma sa\u00edda lateral. Segue abaixo outras op\u00e7\u00f5es de tamanhos e chapas: cod: 80198 TE VERT. DESCIDA LAT. P\/ELETR. 100X50MM cod: 80202 TE VERT. DESCIDA LAT. [&hellip;]\" \/>\n<meta property=\"og:url\" content=\"https:\/\/universoeletrico.com.br\/eletrico\/produto\/te-vertical-descida-lateral-para-eletrocalha\/\" \/>\n<meta property=\"og:site_name\" content=\"Universo El\u00e9trico\" \/>\n<meta property=\"article:modified_time\" content=\"2026-01-22T19:14:07+00:00\" \/>\n<meta property=\"og:image\" content=\"https:\/\/universoeletrico.com.br\/eletrico\/wp-content\/uploads\/2026\/01\/00100000000019330001.webp\" \/>\n\t<meta property=\"og:image:width\" content=\"600\" \/>\n\t<meta property=\"og:image:height\" content=\"600\" \/>\n\t<meta property=\"og:image:type\" content=\"image\/webp\" \/>\n<meta name=\"twitter:card\" content=\"summary_large_image\" \/>\n<meta name=\"twitter:label1\" content=\"Est. tempo de leitura\" \/>\n\t<meta name=\"twitter:data1\" content=\"1 minuto\" \/>\n<script type=\"application\/ld+json\" class=\"yoast-schema-graph\">{\"@context\":\"https:\/\/schema.org\",\"@graph\":[{\"@type\":\"WebPage\",\"@id\":\"https:\/\/universoeletrico.com.br\/eletrico\/produto\/te-vertical-descida-lateral-para-eletrocalha\/\",\"url\":\"https:\/\/universoeletrico.com.br\/eletrico\/produto\/te-vertical-descida-lateral-para-eletrocalha\/\",\"name\":\"TE VERTICAL DESCIDA LATERAL PARA ELETROCALHA - Universo El\u00e9trico\",\"isPartOf\":{\"@id\":\"https:\/\/universoeletrico.com.br\/eletrico\/#website\"},\"primaryImageOfPage\":{\"@id\":\"https:\/\/universoeletrico.com.br\/eletrico\/produto\/te-vertical-descida-lateral-para-eletrocalha\/#primaryimage\"},\"image\":{\"@id\":\"https:\/\/universoeletrico.com.br\/eletrico\/produto\/te-vertical-descida-lateral-para-eletrocalha\/#primaryimage\"},\"thumbnailUrl\":\"https:\/\/universoeletrico.com.br\/eletrico\/wp-content\/uploads\/2026\/01\/00100000000019330001.webp\",\"datePublished\":\"2026-01-22T19:06:54+00:00\",\"dateModified\":\"2026-01-22T19:14:07+00:00\",\"breadcrumb\":{\"@id\":\"https:\/\/universoeletrico.com.br\/eletrico\/produto\/te-vertical-descida-lateral-para-eletrocalha\/#breadcrumb\"},\"inLanguage\":\"pt-BR\",\"potentialAction\":[{\"@type\":\"ReadAction\",\"target\":[\"https:\/\/universoeletrico.com.br\/eletrico\/produto\/te-vertical-descida-lateral-para-eletrocalha\/\"]}]},{\"@type\":\"ImageObject\",\"inLanguage\":\"pt-BR\",\"@id\":\"https:\/\/universoeletrico.com.br\/eletrico\/produto\/te-vertical-descida-lateral-para-eletrocalha\/#primaryimage\",\"url\":\"https:\/\/universoeletrico.com.br\/eletrico\/wp-content\/uploads\/2026\/01\/00100000000019330001.webp\",\"contentUrl\":\"https:\/\/universoeletrico.com.br\/eletrico\/wp-content\/uploads\/2026\/01\/00100000000019330001.webp\",\"width\":600,\"height\":600},{\"@type\":\"BreadcrumbList\",\"@id\":\"https:\/\/universoeletrico.com.br\/eletrico\/produto\/te-vertical-descida-lateral-para-eletrocalha\/#breadcrumb\",\"itemListElement\":[{\"@type\":\"ListItem\",\"position\":1,\"name\":\"In\u00edcio\",\"item\":\"https:\/\/universoeletrico.com.br\/eletrico\/\"},{\"@type\":\"ListItem\",\"position\":2,\"name\":\"Produtos\",\"item\":\"https:\/\/universoeletrico.com.br\/eletrico\/produtos\/\"},{\"@type\":\"ListItem\",\"position\":3,\"name\":\"TE VERTICAL DESCIDA LATERAL PARA ELETROCALHA\"}]},{\"@type\":\"WebSite\",\"@id\":\"https:\/\/universoeletrico.com.br\/eletrico\/#website\",\"url\":\"https:\/\/universoeletrico.com.br\/eletrico\/\",\"name\":\"Universo El\u00e9trico\",\"description\":\"\",\"potentialAction\":[{\"@type\":\"SearchAction\",\"target\":{\"@type\":\"EntryPoint\",\"urlTemplate\":\"https:\/\/universoeletrico.com.br\/eletrico\/?s={search_term_string}\"},\"query-input\":{\"@type\":\"PropertyValueSpecification\",\"valueRequired\":true,\"valueName\":\"search_term_string\"}}],\"inLanguage\":\"pt-BR\"}]}<\/script>\n<!-- \/ Yoast SEO Premium plugin. -->","yoast_head_json":{"title":"TE VERTICAL DESCIDA LATERAL PARA ELETROCALHA - Universo El\u00e9trico","robots":{"index":"index","follow":"follow","max-snippet":"max-snippet:-1","max-image-preview":"max-image-preview:large","max-video-preview":"max-video-preview:-1"},"canonical":"https:\/\/universoeletrico.com.br\/eletrico\/produto\/te-vertical-descida-lateral-para-eletrocalha\/","og_locale":"pt_BR","og_type":"article","og_title":"TE VERTICAL DESCIDA LATERAL PARA ELETROCALHA","og_description":"T\u00ea Vertical de Descida Lateral \u00e9 um acess\u00f3rio de conex\u00e3o utilizado em sistemas de eletrocalhas para realizar uma deriva\u00e7\u00e3o de cabos em \u00e2ngulo de 90\u00b0 no plano vertical, direcionando-os para uma sa\u00edda lateral. Segue abaixo outras op\u00e7\u00f5es de tamanhos e chapas: cod: 80198 TE VERT. DESCIDA LAT. P\/ELETR. 100X50MM cod: 80202 TE VERT. DESCIDA LAT. [&hellip;]","og_url":"https:\/\/universoeletrico.com.br\/eletrico\/produto\/te-vertical-descida-lateral-para-eletrocalha\/","og_site_name":"Universo El\u00e9trico","article_modified_time":"2026-01-22T19:14:07+00:00","og_image":[{"width":600,"height":600,"url":"https:\/\/universoeletrico.com.br\/eletrico\/wp-content\/uploads\/2026\/01\/00100000000019330001.webp","type":"image\/webp"}],"twitter_card":"summary_large_image","twitter_misc":{"Est. tempo de leitura":"1 minuto"},"schema":{"@context":"https:\/\/schema.org","@graph":[{"@type":"WebPage","@id":"https:\/\/universoeletrico.com.br\/eletrico\/produto\/te-vertical-descida-lateral-para-eletrocalha\/","url":"https:\/\/universoeletrico.com.br\/eletrico\/produto\/te-vertical-descida-lateral-para-eletrocalha\/","name":"TE VERTICAL DESCIDA LATERAL PARA ELETROCALHA - Universo El\u00e9trico","isPartOf":{"@id":"https:\/\/universoeletrico.com.br\/eletrico\/#website"},"primaryImageOfPage":{"@id":"https:\/\/universoeletrico.com.br\/eletrico\/produto\/te-vertical-descida-lateral-para-eletrocalha\/#primaryimage"},"image":{"@id":"https:\/\/universoeletrico.com.br\/eletrico\/produto\/te-vertical-descida-lateral-para-eletrocalha\/#primaryimage"},"thumbnailUrl":"https:\/\/universoeletrico.com.br\/eletrico\/wp-content\/uploads\/2026\/01\/00100000000019330001.webp","datePublished":"2026-01-22T19:06:54+00:00","dateModified":"2026-01-22T19:14:07+00:00","breadcrumb":{"@id":"https:\/\/universoeletrico.com.br\/eletrico\/produto\/te-vertical-descida-lateral-para-eletrocalha\/#breadcrumb"},"inLanguage":"pt-BR","potentialAction":[{"@type":"ReadAction","target":["https:\/\/universoeletrico.com.br\/eletrico\/produto\/te-vertical-descida-lateral-para-eletrocalha\/"]}]},{"@type":"ImageObject","inLanguage":"pt-BR","@id":"https:\/\/universoeletrico.com.br\/eletrico\/produto\/te-vertical-descida-lateral-para-eletrocalha\/#primaryimage","url":"https:\/\/universoeletrico.com.br\/eletrico\/wp-content\/uploads\/2026\/01\/00100000000019330001.webp","contentUrl":"https:\/\/universoeletrico.com.br\/eletrico\/wp-content\/uploads\/2026\/01\/00100000000019330001.webp","width":600,"height":600},{"@type":"BreadcrumbList","@id":"https:\/\/universoeletrico.com.br\/eletrico\/produto\/te-vertical-descida-lateral-para-eletrocalha\/#breadcrumb","itemListElement":[{"@type":"ListItem","position":1,"name":"In\u00edcio","item":"https:\/\/universoeletrico.com.br\/eletrico\/"},{"@type":"ListItem","position":2,"name":"Produtos","item":"https:\/\/universoeletrico.com.br\/eletrico\/produtos\/"},{"@type":"ListItem","position":3,"name":"TE VERTICAL DESCIDA LATERAL PARA ELETROCALHA"}]},{"@type":"WebSite","@id":"https:\/\/universoeletrico.com.br\/eletrico\/#website","url":"https:\/\/universoeletrico.com.br\/eletrico\/","name":"Universo El\u00e9trico","description":"","potentialAction":[{"@type":"SearchAction","target":{"@type":"EntryPoint","urlTemplate":"https:\/\/universoeletrico.com.br\/eletrico\/?s={search_term_string}"},"query-input":{"@type":"PropertyValueSpecification","valueRequired":true,"valueName":"search_term_string"}}],"inLanguage":"pt-BR"}]}},"_links":{"self":[{"href":"https:\/\/universoeletrico.com.br\/eletrico\/wp-json\/wp\/v2\/product\/2977","targetHints":{"allow":["GET"]}}],"collection":[{"href":"https:\/\/universoeletrico.com.br\/eletrico\/wp-json\/wp\/v2\/product"}],"about":[{"href":"https:\/\/universoeletrico.com.br\/eletrico\/wp-json\/wp\/v2\/types\/product"}],"version-history":[{"count":2,"href":"https:\/\/universoeletrico.com.br\/eletrico\/wp-json\/wp\/v2\/product\/2977\/revisions"}],"predecessor-version":[{"id":2980,"href":"https:\/\/universoeletrico.com.br\/eletrico\/wp-json\/wp\/v2\/product\/2977\/revisions\/2980"}],"wp:featuredmedia":[{"embeddable":true,"href":"https:\/\/universoeletrico.com.br\/eletrico\/wp-json\/wp\/v2\/media\/2978"}],"wp:attachment":[{"href":"https:\/\/universoeletrico.com.br\/eletrico\/wp-json\/wp\/v2\/media?parent=2977"}],"wp:term":[{"taxonomy":"product_brand","embeddable":true,"href":"https:\/\/universoeletrico.com.br\/eletrico\/wp-json\/wp\/v2\/product_brand?post=2977"},{"taxonomy":"product_cat","embeddable":true,"href":"https:\/\/universoeletrico.com.br\/eletrico\/wp-json\/wp\/v2\/product_cat?post=2977"},{"taxonomy":"product_tag","embeddable":true,"href":"https:\/\/universoeletrico.com.br\/eletrico\/wp-json\/wp\/v2\/product_tag?post=2977"}],"curies":[{"name":"wp","href":"https:\/\/api.w.org\/{rel}","templated":true}]}}

<p>Tê Vertical de Descida Lateral é um acessório de conexão utilizado em sistemas de eletrocalhas para realizar uma derivação de cabos em ângulo de 90° no plano vertical, direcionando-os para uma saída lateral.</p>
<p>Segue abaixo outras opções de tamanhos e chapas:</p>
<p>cod: 80198 TE VERT. DESCIDA LAT. P/ELETR. 100X50MM</p>
<p>cod: 80202 TE VERT. DESCIDA LAT. P/ELETR. 200X50MM</p>
<p>cod: 80203 TE VERT. DESCIDA LAT. P/ELETR. 200X100MM</p>
<p>Para Preços, Orçamentos e Dúvidas, fale com nossos especialistas.</p>

<p>Tê Vertical de Descida Lateral é um acessório de conexão utilizado em sistemas de eletrocalhas para realizar uma derivação de cabos em ângulo de 90° no plano vertical, direcionando-os para uma saída lateral. Segue abaixo outras opções de tamanhos e chapas: cod: 80198 TE VERT. DESCIDA LAT. P/ELETR. 100X50MM cod: 80202 TE VERT. DESCIDA LAT. [&hellip;]</p>

<!-- This site is optimized with the Yoast SEO Premium plugin v26.1.1 (Yoast SEO v26.1.1) - https://yoast.com/wordpress/plugins/seo/ -->
<title>TE VERTICAL DESCIDA LATERAL PARA ELETROCALHA - Universo Elétrico</title>
<meta name="robots" content="index, follow, max-snippet:-1, max-image-preview:large, max-video-preview:-1" />
<link rel="canonical" href="https://universoeletrico.com.br/eletrico/produto/te-vertical-descida-lateral-para-eletrocalha/" />
<meta property="og:locale" content="pt_BR" />
<meta property="og:type" content="article" />
<meta property="og:title" content="TE VERTICAL DESCIDA LATERAL PARA ELETROCALHA" />
<meta property="og:description" content="Tê Vertical de Descida Lateral é um acessório de conexão utilizado em sistemas de eletrocalhas para realizar uma derivação de cabos em ângulo de 90° no plano vertical, direcionando-os para uma saída lateral. Segue abaixo outras opções de tamanhos e chapas: cod: 80198 TE VERT. DESCIDA LAT. P/ELETR. 100X50MM cod: 80202 TE VERT. DESCIDA LAT. [&hellip;]" />
<meta property="og:url" content="https://universoeletrico.com.br/eletrico/produto/te-vertical-descida-lateral-para-eletrocalha/" />
<meta property="og:site_name" content="Universo Elétrico" />
<meta property="article:modified_time" content="2026-01-22T19:14:07+00:00" />
<meta property="og:image" content="https://universoeletrico.com.br/eletrico/wp-content/uploads/2026/01/00100000000019330001.webp" />
	<meta property="og:image:width" content="600" />
	<meta property="og:image:height" content="600" />
	<meta property="og:image:type" content="image/webp" />
<meta name="twitter:card" content="summary_large_image" />
<meta name="twitter:label1" content="Est. tempo de leitura" />
	<meta name="twitter:data1" content="1 minuto" />
<script type="application/ld+json" class="yoast-schema-graph">{"@context":"https://schema.org","@graph":[{"@type":"WebPage","@id":"https://universoeletrico.com.br/eletrico/produto/te-vertical-descida-lateral-para-eletrocalha/","url":"https://universoeletrico.com.br/eletrico/produto/te-vertical-descida-lateral-para-eletrocalha/","name":"TE VERTICAL DESCIDA LATERAL PARA ELETROCALHA - Universo Elétrico","isPartOf":{"@id":"https://universoeletrico.com.br/eletrico/#website"},"primaryImageOfPage":{"@id":"https://universoeletrico.com.br/eletrico/produto/te-vertical-descida-lateral-para-eletrocalha/#primaryimage"},"image":{"@id":"https://universoeletrico.com.br/eletrico/produto/te-vertical-descida-lateral-para-eletrocalha/#primaryimage"},"thumbnailUrl":"https://universoeletrico.com.br/eletrico/wp-content/uploads/2026/01/00100000000019330001.webp","datePublished":"2026-01-22T19:06:54+00:00","dateModified":"2026-01-22T19:14:07+00:00","breadcrumb":{"@id":"https://universoeletrico.com.br/eletrico/produto/te-vertical-descida-lateral-para-eletrocalha/#breadcrumb"},"inLanguage":"pt-BR","potentialAction":[{"@type":"ReadAction","target":["https://universoeletrico.com.br/eletrico/produto/te-vertical-descida-lateral-para-eletrocalha/"]}]},{"@type":"ImageObject","inLanguage":"pt-BR","@id":"https://universoeletrico.com.br/eletrico/produto/te-vertical-descida-lateral-para-eletrocalha/#primaryimage","url":"https://universoeletrico.com.br/eletrico/wp-content/uploads/2026/01/00100000000019330001.webp","contentUrl":"https://universoeletrico.com.br/eletrico/wp-content/uploads/2026/01/00100000000019330001.webp","width":600,"height":600},{"@type":"BreadcrumbList","@id":"https://universoeletrico.com.br/eletrico/produto/te-vertical-descida-lateral-para-eletrocalha/#breadcrumb","itemListElement":[{"@type":"ListItem","position":1,"name":"Início","item":"https://universoeletrico.com.br/eletrico/"},{"@type":"ListItem","position":2,"name":"Produtos","item":"https://universoeletrico.com.br/eletrico/produtos/"},{"@type":"ListItem","position":3,"name":"TE VERTICAL DESCIDA LATERAL PARA ELETROCALHA"}]},{"@type":"WebSite","@id":"https://universoeletrico.com.br/eletrico/#website","url":"https://universoeletrico.com.br/eletrico/","name":"Universo Elétrico","description":"","potentialAction":[{"@type":"SearchAction","target":{"@type":"EntryPoint","urlTemplate":"https://universoeletrico.com.br/eletrico/?s={search_term_string}"},"query-input":{"@type":"PropertyValueSpecification","valueRequired":true,"valueName":"search_term_string"}}],"inLanguage":"pt-BR"}]}</script>
<!-- / Yoast SEO Premium plugin. -->

TE VERTICAL DESCIDA LATERAL PARA ELETROCALHA - Universo Elétrico

Tê Vertical de Descida Lateral é um acessório de conexão utilizado em sistemas de eletrocalhas para realizar uma derivação de cabos em ângulo de 90° no plano vertical, direcionando-os para uma saída lateral. Segue abaixo outras opções de tamanhos e chapas: cod: 80198 TE VERT. DESCIDA LAT. P/ELETR. 100X50MM cod: 80202 TE VERT. DESCIDA LAT. [&hellip;]

Universo Elétrico

Início
