{"id":2968,"date":"2026-01-22T11:01:17","date_gmt":"2026-01-22T14:01:17","guid":{"rendered":"https:\/\/universoeletrico.com.br\/eletrico\/?post_type=product&#038;p=2968"},"modified":"2026-01-22T11:49:39","modified_gmt":"2026-01-22T14:49:39","slug":"reducao-concentrica-para-eletrocalha","status":"publish","type":"product","link":"https:\/\/universoeletrico.com.br\/eletrico\/produto\/reducao-concentrica-para-eletrocalha\/","title":{"rendered":"REDU\u00c7\u00c3O CONC\u00caNTRICA PARA ELETROCALHA"},"content":{"rendered":"<p>Redu\u00e7\u00e3o conc\u00eantrica para eletrocalha \u00e9 um acess\u00f3rio de infraestrutura el\u00e9trica utilizado para conectar dois trechos de eletrocalhas com larguras ou alturas diferentes, mantendo o alinhamento central da linha de distribui\u00e7\u00e3o.<\/p>\n<p>Segue abaixo todas op\u00e7\u00f5es de tamanhos em estoque:<\/p>\n<p>cod: 80150 REDUCAO CONCENTRICA 150X50 P\/ 100X50<\/p>\n<p>cod: 80153 REDUCAO CONCENTRICA 200X100 P\/ 100X100<\/p>\n<p>cod: 80155 REDUCAO CONCENTRICA 200X50 P\/ 100X50<\/p>\n<p>cod: 80205 REDUCAO CONCENTRICA 300X50 P\/ 50X50<\/p>\n<p>Para Pre\u00e7os, Or\u00e7amentos e D\u00favidas, fale com nossos especialistas.<\/p>\n","protected":false},"excerpt":{"rendered":"<p>Redu\u00e7\u00e3o conc\u00eantrica para eletrocalha \u00e9 um acess\u00f3rio de infraestrutura el\u00e9trica utilizado para conectar dois trechos de eletrocalhas com larguras ou alturas diferentes, mantendo o alinhamento central da linha de distribui\u00e7\u00e3o. Segue abaixo todas op\u00e7\u00f5es de tamanhos em estoque: cod: 80150 REDUCAO CONCENTRICA 150X50 P\/ 100X50 cod: 80153 REDUCAO CONCENTRICA 200X100 P\/ 100X100 cod: 80155 REDUCAO [&hellip;]<\/p>\n","protected":false},"featured_media":2969,"template":"","meta":[],"product_brand":[],"product_cat":[50,18],"product_tag":[142,167,133,169],"class_list":{"0":"post-2968","1":"product","2":"type-product","3":"status-publish","4":"has-post-thumbnail","6":"product_cat-eletrocalhas-e-perfilados","7":"product_cat-material-eletrico","8":"product_tag-acessorio","9":"product_tag-eletrocalha","10":"product_tag-material-eletrico","11":"product_tag-reducao","13":"first","14":"instock","15":"shipping-taxable","16":"product-type-simple"},"yoast_head":"<!-- This site is optimized with the Yoast SEO Premium plugin v26.1.1 (Yoast SEO v26.1.1) - https:\/\/yoast.com\/wordpress\/plugins\/seo\/ -->\n<title>REDU\u00c7\u00c3O CONC\u00caNTRICA PARA ELETROCALHA - Universo El\u00e9trico<\/title>\n<meta name=\"robots\" content=\"index, follow, max-snippet:-1, max-image-preview:large, max-video-preview:-1\" \/>\n<link rel=\"canonical\" href=\"https:\/\/universoeletrico.com.br\/eletrico\/produto\/reducao-concentrica-para-eletrocalha\/\" \/>\n<meta property=\"og:locale\" content=\"pt_BR\" \/>\n<meta property=\"og:type\" content=\"article\" \/>\n<meta property=\"og:title\" content=\"REDU\u00c7\u00c3O CONC\u00caNTRICA PARA ELETROCALHA\" \/>\n<meta property=\"og:description\" content=\"Redu\u00e7\u00e3o conc\u00eantrica para eletrocalha \u00e9 um acess\u00f3rio de infraestrutura el\u00e9trica utilizado para conectar dois trechos de eletrocalhas com larguras ou alturas diferentes, mantendo o alinhamento central da linha de distribui\u00e7\u00e3o. Segue abaixo todas op\u00e7\u00f5es de tamanhos em estoque: cod: 80150 REDUCAO CONCENTRICA 150X50 P\/ 100X50 cod: 80153 REDUCAO CONCENTRICA 200X100 P\/ 100X100 cod: 80155 REDUCAO [&hellip;]\" \/>\n<meta property=\"og:url\" content=\"https:\/\/universoeletrico.com.br\/eletrico\/produto\/reducao-concentrica-para-eletrocalha\/\" \/>\n<meta property=\"og:site_name\" content=\"Universo El\u00e9trico\" \/>\n<meta property=\"article:modified_time\" content=\"2026-01-22T14:49:39+00:00\" \/>\n<meta property=\"og:image\" content=\"https:\/\/universoeletrico.com.br\/eletrico\/wp-content\/uploads\/2026\/01\/reducao_concentrica_eletrocalha_100_para_50_7225_1_a39a030b433305ba94c7970498a8e8b3.webp\" \/>\n\t<meta property=\"og:image:width\" content=\"1000\" \/>\n\t<meta property=\"og:image:height\" content=\"1000\" \/>\n\t<meta property=\"og:image:type\" content=\"image\/webp\" \/>\n<meta name=\"twitter:card\" content=\"summary_large_image\" \/>\n<meta name=\"twitter:label1\" content=\"Est. tempo de leitura\" \/>\n\t<meta name=\"twitter:data1\" content=\"1 minuto\" \/>\n<script type=\"application\/ld+json\" class=\"yoast-schema-graph\">{\"@context\":\"https:\/\/schema.org\",\"@graph\":[{\"@type\":\"WebPage\",\"@id\":\"https:\/\/universoeletrico.com.br\/eletrico\/produto\/reducao-concentrica-para-eletrocalha\/\",\"url\":\"https:\/\/universoeletrico.com.br\/eletrico\/produto\/reducao-concentrica-para-eletrocalha\/\",\"name\":\"REDU\u00c7\u00c3O CONC\u00caNTRICA PARA ELETROCALHA - Universo El\u00e9trico\",\"isPartOf\":{\"@id\":\"https:\/\/universoeletrico.com.br\/eletrico\/#website\"},\"primaryImageOfPage\":{\"@id\":\"https:\/\/universoeletrico.com.br\/eletrico\/produto\/reducao-concentrica-para-eletrocalha\/#primaryimage\"},\"image\":{\"@id\":\"https:\/\/universoeletrico.com.br\/eletrico\/produto\/reducao-concentrica-para-eletrocalha\/#primaryimage\"},\"thumbnailUrl\":\"https:\/\/universoeletrico.com.br\/eletrico\/wp-content\/uploads\/2026\/01\/reducao_concentrica_eletrocalha_100_para_50_7225_1_a39a030b433305ba94c7970498a8e8b3.webp\",\"datePublished\":\"2026-01-22T14:01:17+00:00\",\"dateModified\":\"2026-01-22T14:49:39+00:00\",\"breadcrumb\":{\"@id\":\"https:\/\/universoeletrico.com.br\/eletrico\/produto\/reducao-concentrica-para-eletrocalha\/#breadcrumb\"},\"inLanguage\":\"pt-BR\",\"potentialAction\":[{\"@type\":\"ReadAction\",\"target\":[\"https:\/\/universoeletrico.com.br\/eletrico\/produto\/reducao-concentrica-para-eletrocalha\/\"]}]},{\"@type\":\"ImageObject\",\"inLanguage\":\"pt-BR\",\"@id\":\"https:\/\/universoeletrico.com.br\/eletrico\/produto\/reducao-concentrica-para-eletrocalha\/#primaryimage\",\"url\":\"https:\/\/universoeletrico.com.br\/eletrico\/wp-content\/uploads\/2026\/01\/reducao_concentrica_eletrocalha_100_para_50_7225_1_a39a030b433305ba94c7970498a8e8b3.webp\",\"contentUrl\":\"https:\/\/universoeletrico.com.br\/eletrico\/wp-content\/uploads\/2026\/01\/reducao_concentrica_eletrocalha_100_para_50_7225_1_a39a030b433305ba94c7970498a8e8b3.webp\",\"width\":1000,\"height\":1000},{\"@type\":\"BreadcrumbList\",\"@id\":\"https:\/\/universoeletrico.com.br\/eletrico\/produto\/reducao-concentrica-para-eletrocalha\/#breadcrumb\",\"itemListElement\":[{\"@type\":\"ListItem\",\"position\":1,\"name\":\"In\u00edcio\",\"item\":\"https:\/\/universoeletrico.com.br\/eletrico\/\"},{\"@type\":\"ListItem\",\"position\":2,\"name\":\"Produtos\",\"item\":\"https:\/\/universoeletrico.com.br\/eletrico\/produtos\/\"},{\"@type\":\"ListItem\",\"position\":3,\"name\":\"REDU\u00c7\u00c3O CONC\u00caNTRICA PARA ELETROCALHA\"}]},{\"@type\":\"WebSite\",\"@id\":\"https:\/\/universoeletrico.com.br\/eletrico\/#website\",\"url\":\"https:\/\/universoeletrico.com.br\/eletrico\/\",\"name\":\"Universo El\u00e9trico\",\"description\":\"\",\"potentialAction\":[{\"@type\":\"SearchAction\",\"target\":{\"@type\":\"EntryPoint\",\"urlTemplate\":\"https:\/\/universoeletrico.com.br\/eletrico\/?s={search_term_string}\"},\"query-input\":{\"@type\":\"PropertyValueSpecification\",\"valueRequired\":true,\"valueName\":\"search_term_string\"}}],\"inLanguage\":\"pt-BR\"}]}<\/script>\n<!-- \/ Yoast SEO Premium plugin. -->","yoast_head_json":{"title":"REDU\u00c7\u00c3O CONC\u00caNTRICA PARA ELETROCALHA - Universo El\u00e9trico","robots":{"index":"index","follow":"follow","max-snippet":"max-snippet:-1","max-image-preview":"max-image-preview:large","max-video-preview":"max-video-preview:-1"},"canonical":"https:\/\/universoeletrico.com.br\/eletrico\/produto\/reducao-concentrica-para-eletrocalha\/","og_locale":"pt_BR","og_type":"article","og_title":"REDU\u00c7\u00c3O CONC\u00caNTRICA PARA ELETROCALHA","og_description":"Redu\u00e7\u00e3o conc\u00eantrica para eletrocalha \u00e9 um acess\u00f3rio de infraestrutura el\u00e9trica utilizado para conectar dois trechos de eletrocalhas com larguras ou alturas diferentes, mantendo o alinhamento central da linha de distribui\u00e7\u00e3o. Segue abaixo todas op\u00e7\u00f5es de tamanhos em estoque: cod: 80150 REDUCAO CONCENTRICA 150X50 P\/ 100X50 cod: 80153 REDUCAO CONCENTRICA 200X100 P\/ 100X100 cod: 80155 REDUCAO [&hellip;]","og_url":"https:\/\/universoeletrico.com.br\/eletrico\/produto\/reducao-concentrica-para-eletrocalha\/","og_site_name":"Universo El\u00e9trico","article_modified_time":"2026-01-22T14:49:39+00:00","og_image":[{"width":1000,"height":1000,"url":"https:\/\/universoeletrico.com.br\/eletrico\/wp-content\/uploads\/2026\/01\/reducao_concentrica_eletrocalha_100_para_50_7225_1_a39a030b433305ba94c7970498a8e8b3.webp","type":"image\/webp"}],"twitter_card":"summary_large_image","twitter_misc":{"Est. tempo de leitura":"1 minuto"},"schema":{"@context":"https:\/\/schema.org","@graph":[{"@type":"WebPage","@id":"https:\/\/universoeletrico.com.br\/eletrico\/produto\/reducao-concentrica-para-eletrocalha\/","url":"https:\/\/universoeletrico.com.br\/eletrico\/produto\/reducao-concentrica-para-eletrocalha\/","name":"REDU\u00c7\u00c3O CONC\u00caNTRICA PARA ELETROCALHA - Universo El\u00e9trico","isPartOf":{"@id":"https:\/\/universoeletrico.com.br\/eletrico\/#website"},"primaryImageOfPage":{"@id":"https:\/\/universoeletrico.com.br\/eletrico\/produto\/reducao-concentrica-para-eletrocalha\/#primaryimage"},"image":{"@id":"https:\/\/universoeletrico.com.br\/eletrico\/produto\/reducao-concentrica-para-eletrocalha\/#primaryimage"},"thumbnailUrl":"https:\/\/universoeletrico.com.br\/eletrico\/wp-content\/uploads\/2026\/01\/reducao_concentrica_eletrocalha_100_para_50_7225_1_a39a030b433305ba94c7970498a8e8b3.webp","datePublished":"2026-01-22T14:01:17+00:00","dateModified":"2026-01-22T14:49:39+00:00","breadcrumb":{"@id":"https:\/\/universoeletrico.com.br\/eletrico\/produto\/reducao-concentrica-para-eletrocalha\/#breadcrumb"},"inLanguage":"pt-BR","potentialAction":[{"@type":"ReadAction","target":["https:\/\/universoeletrico.com.br\/eletrico\/produto\/reducao-concentrica-para-eletrocalha\/"]}]},{"@type":"ImageObject","inLanguage":"pt-BR","@id":"https:\/\/universoeletrico.com.br\/eletrico\/produto\/reducao-concentrica-para-eletrocalha\/#primaryimage","url":"https:\/\/universoeletrico.com.br\/eletrico\/wp-content\/uploads\/2026\/01\/reducao_concentrica_eletrocalha_100_para_50_7225_1_a39a030b433305ba94c7970498a8e8b3.webp","contentUrl":"https:\/\/universoeletrico.com.br\/eletrico\/wp-content\/uploads\/2026\/01\/reducao_concentrica_eletrocalha_100_para_50_7225_1_a39a030b433305ba94c7970498a8e8b3.webp","width":1000,"height":1000},{"@type":"BreadcrumbList","@id":"https:\/\/universoeletrico.com.br\/eletrico\/produto\/reducao-concentrica-para-eletrocalha\/#breadcrumb","itemListElement":[{"@type":"ListItem","position":1,"name":"In\u00edcio","item":"https:\/\/universoeletrico.com.br\/eletrico\/"},{"@type":"ListItem","position":2,"name":"Produtos","item":"https:\/\/universoeletrico.com.br\/eletrico\/produtos\/"},{"@type":"ListItem","position":3,"name":"REDU\u00c7\u00c3O CONC\u00caNTRICA PARA ELETROCALHA"}]},{"@type":"WebSite","@id":"https:\/\/universoeletrico.com.br\/eletrico\/#website","url":"https:\/\/universoeletrico.com.br\/eletrico\/","name":"Universo El\u00e9trico","description":"","potentialAction":[{"@type":"SearchAction","target":{"@type":"EntryPoint","urlTemplate":"https:\/\/universoeletrico.com.br\/eletrico\/?s={search_term_string}"},"query-input":{"@type":"PropertyValueSpecification","valueRequired":true,"valueName":"search_term_string"}}],"inLanguage":"pt-BR"}]}},"_links":{"self":[{"href":"https:\/\/universoeletrico.com.br\/eletrico\/wp-json\/wp\/v2\/product\/2968","targetHints":{"allow":["GET"]}}],"collection":[{"href":"https:\/\/universoeletrico.com.br\/eletrico\/wp-json\/wp\/v2\/product"}],"about":[{"href":"https:\/\/universoeletrico.com.br\/eletrico\/wp-json\/wp\/v2\/types\/product"}],"version-history":[{"count":3,"href":"https:\/\/universoeletrico.com.br\/eletrico\/wp-json\/wp\/v2\/product\/2968\/revisions"}],"predecessor-version":[{"id":2972,"href":"https:\/\/universoeletrico.com.br\/eletrico\/wp-json\/wp\/v2\/product\/2968\/revisions\/2972"}],"wp:featuredmedia":[{"embeddable":true,"href":"https:\/\/universoeletrico.com.br\/eletrico\/wp-json\/wp\/v2\/media\/2969"}],"wp:attachment":[{"href":"https:\/\/universoeletrico.com.br\/eletrico\/wp-json\/wp\/v2\/media?parent=2968"}],"wp:term":[{"taxonomy":"product_brand","embeddable":true,"href":"https:\/\/universoeletrico.com.br\/eletrico\/wp-json\/wp\/v2\/product_brand?post=2968"},{"taxonomy":"product_cat","embeddable":true,"href":"https:\/\/universoeletrico.com.br\/eletrico\/wp-json\/wp\/v2\/product_cat?post=2968"},{"taxonomy":"product_tag","embeddable":true,"href":"https:\/\/universoeletrico.com.br\/eletrico\/wp-json\/wp\/v2\/product_tag?post=2968"}],"curies":[{"name":"wp","href":"https:\/\/api.w.org\/{rel}","templated":true}]}}

REDUÇÃO CONCÊNTRICA PARA ELETROCALHA

<p>Redução concêntrica para eletrocalha é um acessório de infraestrutura elétrica utilizado para conectar dois trechos de eletrocalhas com larguras ou alturas diferentes, mantendo o alinhamento central da linha de distribuição.</p>
<p>Segue abaixo todas opções de tamanhos em estoque:</p>
<p>cod: 80150 REDUCAO CONCENTRICA 150X50 P/ 100X50</p>
<p>cod: 80153 REDUCAO CONCENTRICA 200X100 P/ 100X100</p>
<p>cod: 80155 REDUCAO CONCENTRICA 200X50 P/ 100X50</p>
<p>cod: 80205 REDUCAO CONCENTRICA 300X50 P/ 50X50</p>
<p>Para Preços, Orçamentos e Dúvidas, fale com nossos especialistas.</p>

<p>Redução concêntrica para eletrocalha é um acessório de infraestrutura elétrica utilizado para conectar dois trechos de eletrocalhas com larguras ou alturas diferentes, mantendo o alinhamento central da linha de distribuição. Segue abaixo todas opções de tamanhos em estoque: cod: 80150 REDUCAO CONCENTRICA 150X50 P/ 100X50 cod: 80153 REDUCAO CONCENTRICA 200X100 P/ 100X100 cod: 80155 REDUCAO [&hellip;]</p>

<!-- This site is optimized with the Yoast SEO Premium plugin v26.1.1 (Yoast SEO v26.1.1) - https://yoast.com/wordpress/plugins/seo/ -->
<title>REDUÇÃO CONCÊNTRICA PARA ELETROCALHA - Universo Elétrico</title>
<meta name="robots" content="index, follow, max-snippet:-1, max-image-preview:large, max-video-preview:-1" />
<link rel="canonical" href="https://universoeletrico.com.br/eletrico/produto/reducao-concentrica-para-eletrocalha/" />
<meta property="og:locale" content="pt_BR" />
<meta property="og:type" content="article" />
<meta property="og:title" content="REDUÇÃO CONCÊNTRICA PARA ELETROCALHA" />
<meta property="og:description" content="Redução concêntrica para eletrocalha é um acessório de infraestrutura elétrica utilizado para conectar dois trechos de eletrocalhas com larguras ou alturas diferentes, mantendo o alinhamento central da linha de distribuição. Segue abaixo todas opções de tamanhos em estoque: cod: 80150 REDUCAO CONCENTRICA 150X50 P/ 100X50 cod: 80153 REDUCAO CONCENTRICA 200X100 P/ 100X100 cod: 80155 REDUCAO [&hellip;]" />
<meta property="og:url" content="https://universoeletrico.com.br/eletrico/produto/reducao-concentrica-para-eletrocalha/" />
<meta property="og:site_name" content="Universo Elétrico" />
<meta property="article:modified_time" content="2026-01-22T14:49:39+00:00" />
<meta property="og:image" content="https://universoeletrico.com.br/eletrico/wp-content/uploads/2026/01/reducao_concentrica_eletrocalha_100_para_50_7225_1_a39a030b433305ba94c7970498a8e8b3.webp" />
	<meta property="og:image:width" content="1000" />
	<meta property="og:image:height" content="1000" />
	<meta property="og:image:type" content="image/webp" />
<meta name="twitter:card" content="summary_large_image" />
<meta name="twitter:label1" content="Est. tempo de leitura" />
	<meta name="twitter:data1" content="1 minuto" />
<script type="application/ld+json" class="yoast-schema-graph">{"@context":"https://schema.org","@graph":[{"@type":"WebPage","@id":"https://universoeletrico.com.br/eletrico/produto/reducao-concentrica-para-eletrocalha/","url":"https://universoeletrico.com.br/eletrico/produto/reducao-concentrica-para-eletrocalha/","name":"REDUÇÃO CONCÊNTRICA PARA ELETROCALHA - Universo Elétrico","isPartOf":{"@id":"https://universoeletrico.com.br/eletrico/#website"},"primaryImageOfPage":{"@id":"https://universoeletrico.com.br/eletrico/produto/reducao-concentrica-para-eletrocalha/#primaryimage"},"image":{"@id":"https://universoeletrico.com.br/eletrico/produto/reducao-concentrica-para-eletrocalha/#primaryimage"},"thumbnailUrl":"https://universoeletrico.com.br/eletrico/wp-content/uploads/2026/01/reducao_concentrica_eletrocalha_100_para_50_7225_1_a39a030b433305ba94c7970498a8e8b3.webp","datePublished":"2026-01-22T14:01:17+00:00","dateModified":"2026-01-22T14:49:39+00:00","breadcrumb":{"@id":"https://universoeletrico.com.br/eletrico/produto/reducao-concentrica-para-eletrocalha/#breadcrumb"},"inLanguage":"pt-BR","potentialAction":[{"@type":"ReadAction","target":["https://universoeletrico.com.br/eletrico/produto/reducao-concentrica-para-eletrocalha/"]}]},{"@type":"ImageObject","inLanguage":"pt-BR","@id":"https://universoeletrico.com.br/eletrico/produto/reducao-concentrica-para-eletrocalha/#primaryimage","url":"https://universoeletrico.com.br/eletrico/wp-content/uploads/2026/01/reducao_concentrica_eletrocalha_100_para_50_7225_1_a39a030b433305ba94c7970498a8e8b3.webp","contentUrl":"https://universoeletrico.com.br/eletrico/wp-content/uploads/2026/01/reducao_concentrica_eletrocalha_100_para_50_7225_1_a39a030b433305ba94c7970498a8e8b3.webp","width":1000,"height":1000},{"@type":"BreadcrumbList","@id":"https://universoeletrico.com.br/eletrico/produto/reducao-concentrica-para-eletrocalha/#breadcrumb","itemListElement":[{"@type":"ListItem","position":1,"name":"Início","item":"https://universoeletrico.com.br/eletrico/"},{"@type":"ListItem","position":2,"name":"Produtos","item":"https://universoeletrico.com.br/eletrico/produtos/"},{"@type":"ListItem","position":3,"name":"REDUÇÃO CONCÊNTRICA PARA ELETROCALHA"}]},{"@type":"WebSite","@id":"https://universoeletrico.com.br/eletrico/#website","url":"https://universoeletrico.com.br/eletrico/","name":"Universo Elétrico","description":"","potentialAction":[{"@type":"SearchAction","target":{"@type":"EntryPoint","urlTemplate":"https://universoeletrico.com.br/eletrico/?s={search_term_string}"},"query-input":{"@type":"PropertyValueSpecification","valueRequired":true,"valueName":"search_term_string"}}],"inLanguage":"pt-BR"}]}</script>
<!-- / Yoast SEO Premium plugin. -->

REDUÇÃO CONCÊNTRICA PARA ELETROCALHA - Universo Elétrico

Redução concêntrica para eletrocalha é um acessório de infraestrutura elétrica utilizado para conectar dois trechos de eletrocalhas com larguras ou alturas diferentes, mantendo o alinhamento central da linha de distribuição. Segue abaixo todas opções de tamanhos em estoque: cod: 80150 REDUCAO CONCENTRICA 150X50 P/ 100X50 cod: 80153 REDUCAO CONCENTRICA 200X100 P/ 100X100 cod: 80155 REDUCAO [&hellip;]

Universo Elétrico

Início
