{"id":2899,"date":"2026-01-10T10:19:59","date_gmt":"2026-01-10T13:19:59","guid":{"rendered":"https:\/\/universoeletrico.com.br\/eletrico\/?post_type=product&#038;p=2899"},"modified":"2026-02-25T16:16:48","modified_gmt":"2026-02-25T19:16:48","slug":"caixa-de-tomada-galvanizado-para-perfilado","status":"publish","type":"product","link":"https:\/\/universoeletrico.com.br\/eletrico\/produto\/caixa-de-tomada-galvanizado-para-perfilado\/","title":{"rendered":"CAIXA DE TOMADA REDONDA GALVANIZADO PARA PERFILADO"},"content":{"rendered":"<p>Caixas de tomada galvanizadas para perfilado est\u00e3o dispon\u00edveis em modelos redondos e retangulares (padr\u00e3o 4&#215;2), fabricadas em a\u00e7o galvanizado para garantir durabilidade e resist\u00eancia \u00e0 corros\u00e3o. Elas s\u00e3o projetadas para uma fixa\u00e7\u00e3o segura e f\u00e1cil nos perfis met\u00e1licos.<\/p>\n<p>Segue abaixo outra op\u00e7\u00f5es de modelos:<\/p>\n<p>cod: 79061 CAIXA GALV. P\/TOMADA EM PERFILADO PADR\u00c3O BRASILEIRO<\/p>\n<p>Para Pre\u00e7os, Or\u00e7amentos e D\u00favidas, fale com nossos especialistas.<\/p>\n","protected":false},"excerpt":{"rendered":"<p>Caixas de tomada galvanizadas para perfilado est\u00e3o dispon\u00edveis em modelos redondos e retangulares (padr\u00e3o 4&#215;2), fabricadas em a\u00e7o galvanizado para garantir durabilidade e resist\u00eancia \u00e0 corros\u00e3o. Elas s\u00e3o projetadas para uma fixa\u00e7\u00e3o segura e f\u00e1cil nos perfis met\u00e1licos. Segue abaixo outra op\u00e7\u00f5es de modelos: cod: 79061 CAIXA GALV. P\/TOMADA EM PERFILADO PADR\u00c3O BRASILEIRO Para Pre\u00e7os, [&hellip;]<\/p>\n","protected":false},"featured_media":3358,"template":"","meta":[],"product_brand":[],"product_cat":[50,18],"product_tag":[179,263,159,260,261],"class_list":{"0":"post-2899","1":"product","2":"type-product","3":"status-publish","4":"has-post-thumbnail","6":"product_cat-eletrocalhas-e-perfilados","7":"product_cat-material-eletrico","8":"product_tag-acessorio-eletrico","9":"product_tag-caixa-de-aco","10":"product_tag-galvanizada","11":"product_tag-padrao-brasileiro","12":"product_tag-redonda","14":"first","15":"instock","16":"shipping-taxable","17":"purchasable","18":"product-type-simple"},"yoast_head":"<!-- This site is optimized with the Yoast SEO Premium plugin v26.1.1 (Yoast SEO v26.1.1) - https:\/\/yoast.com\/wordpress\/plugins\/seo\/ -->\n<title>CAIXA DE TOMADA REDONDA GALVANIZADO PARA PERFILADO - Universo El\u00e9trico<\/title>\n<meta name=\"robots\" content=\"index, follow, max-snippet:-1, max-image-preview:large, max-video-preview:-1\" \/>\n<link rel=\"canonical\" href=\"https:\/\/universoeletrico.com.br\/eletrico\/produto\/caixa-de-tomada-galvanizado-para-perfilado\/\" \/>\n<meta property=\"og:locale\" content=\"pt_BR\" \/>\n<meta property=\"og:type\" content=\"article\" \/>\n<meta property=\"og:title\" content=\"CAIXA DE TOMADA REDONDA GALVANIZADO PARA PERFILADO\" \/>\n<meta property=\"og:description\" content=\"Caixas de tomada galvanizadas para perfilado est\u00e3o dispon\u00edveis em modelos redondos e retangulares (padr\u00e3o 4&#215;2), fabricadas em a\u00e7o galvanizado para garantir durabilidade e resist\u00eancia \u00e0 corros\u00e3o. Elas s\u00e3o projetadas para uma fixa\u00e7\u00e3o segura e f\u00e1cil nos perfis met\u00e1licos. Segue abaixo outra op\u00e7\u00f5es de modelos: cod: 79061 CAIXA GALV. P\/TOMADA EM PERFILADO PADR\u00c3O BRASILEIRO Para Pre\u00e7os, [&hellip;]\" \/>\n<meta property=\"og:url\" content=\"https:\/\/universoeletrico.com.br\/eletrico\/produto\/caixa-de-tomada-galvanizado-para-perfilado\/\" \/>\n<meta property=\"og:site_name\" content=\"Universo El\u00e9trico\" \/>\n<meta property=\"article:modified_time\" content=\"2026-02-25T19:16:48+00:00\" \/>\n<meta property=\"og:image\" content=\"https:\/\/universoeletrico.com.br\/eletrico\/wp-content\/uploads\/2026\/01\/caixa-tomada-perfilado-38x38-redonda.webp\" \/>\n\t<meta property=\"og:image:width\" content=\"800\" \/>\n\t<meta property=\"og:image:height\" content=\"800\" \/>\n\t<meta property=\"og:image:type\" content=\"image\/webp\" \/>\n<meta name=\"twitter:card\" content=\"summary_large_image\" \/>\n<meta name=\"twitter:label1\" content=\"Est. tempo de leitura\" \/>\n\t<meta name=\"twitter:data1\" content=\"1 minuto\" \/>\n<script type=\"application\/ld+json\" class=\"yoast-schema-graph\">{\"@context\":\"https:\/\/schema.org\",\"@graph\":[{\"@type\":\"WebPage\",\"@id\":\"https:\/\/universoeletrico.com.br\/eletrico\/produto\/caixa-de-tomada-galvanizado-para-perfilado\/\",\"url\":\"https:\/\/universoeletrico.com.br\/eletrico\/produto\/caixa-de-tomada-galvanizado-para-perfilado\/\",\"name\":\"CAIXA DE TOMADA REDONDA GALVANIZADO PARA PERFILADO - Universo El\u00e9trico\",\"isPartOf\":{\"@id\":\"https:\/\/universoeletrico.com.br\/eletrico\/#website\"},\"primaryImageOfPage\":{\"@id\":\"https:\/\/universoeletrico.com.br\/eletrico\/produto\/caixa-de-tomada-galvanizado-para-perfilado\/#primaryimage\"},\"image\":{\"@id\":\"https:\/\/universoeletrico.com.br\/eletrico\/produto\/caixa-de-tomada-galvanizado-para-perfilado\/#primaryimage\"},\"thumbnailUrl\":\"https:\/\/universoeletrico.com.br\/eletrico\/wp-content\/uploads\/2026\/01\/caixa-tomada-perfilado-38x38-redonda.webp\",\"datePublished\":\"2026-01-10T13:19:59+00:00\",\"dateModified\":\"2026-02-25T19:16:48+00:00\",\"breadcrumb\":{\"@id\":\"https:\/\/universoeletrico.com.br\/eletrico\/produto\/caixa-de-tomada-galvanizado-para-perfilado\/#breadcrumb\"},\"inLanguage\":\"pt-BR\",\"potentialAction\":[{\"@type\":\"ReadAction\",\"target\":[\"https:\/\/universoeletrico.com.br\/eletrico\/produto\/caixa-de-tomada-galvanizado-para-perfilado\/\"]}]},{\"@type\":\"ImageObject\",\"inLanguage\":\"pt-BR\",\"@id\":\"https:\/\/universoeletrico.com.br\/eletrico\/produto\/caixa-de-tomada-galvanizado-para-perfilado\/#primaryimage\",\"url\":\"https:\/\/universoeletrico.com.br\/eletrico\/wp-content\/uploads\/2026\/01\/caixa-tomada-perfilado-38x38-redonda.webp\",\"contentUrl\":\"https:\/\/universoeletrico.com.br\/eletrico\/wp-content\/uploads\/2026\/01\/caixa-tomada-perfilado-38x38-redonda.webp\",\"width\":800,\"height\":800},{\"@type\":\"BreadcrumbList\",\"@id\":\"https:\/\/universoeletrico.com.br\/eletrico\/produto\/caixa-de-tomada-galvanizado-para-perfilado\/#breadcrumb\",\"itemListElement\":[{\"@type\":\"ListItem\",\"position\":1,\"name\":\"In\u00edcio\",\"item\":\"https:\/\/universoeletrico.com.br\/eletrico\/\"},{\"@type\":\"ListItem\",\"position\":2,\"name\":\"Produtos\",\"item\":\"https:\/\/universoeletrico.com.br\/eletrico\/produtos\/\"},{\"@type\":\"ListItem\",\"position\":3,\"name\":\"CAIXA DE TOMADA REDONDA GALVANIZADO PARA PERFILADO\"}]},{\"@type\":\"WebSite\",\"@id\":\"https:\/\/universoeletrico.com.br\/eletrico\/#website\",\"url\":\"https:\/\/universoeletrico.com.br\/eletrico\/\",\"name\":\"Universo El\u00e9trico\",\"description\":\"\",\"potentialAction\":[{\"@type\":\"SearchAction\",\"target\":{\"@type\":\"EntryPoint\",\"urlTemplate\":\"https:\/\/universoeletrico.com.br\/eletrico\/?s={search_term_string}\"},\"query-input\":{\"@type\":\"PropertyValueSpecification\",\"valueRequired\":true,\"valueName\":\"search_term_string\"}}],\"inLanguage\":\"pt-BR\"}]}<\/script>\n<!-- \/ Yoast SEO Premium plugin. -->","yoast_head_json":{"title":"CAIXA DE TOMADA REDONDA GALVANIZADO PARA PERFILADO - Universo El\u00e9trico","robots":{"index":"index","follow":"follow","max-snippet":"max-snippet:-1","max-image-preview":"max-image-preview:large","max-video-preview":"max-video-preview:-1"},"canonical":"https:\/\/universoeletrico.com.br\/eletrico\/produto\/caixa-de-tomada-galvanizado-para-perfilado\/","og_locale":"pt_BR","og_type":"article","og_title":"CAIXA DE TOMADA REDONDA GALVANIZADO PARA PERFILADO","og_description":"Caixas de tomada galvanizadas para perfilado est\u00e3o dispon\u00edveis em modelos redondos e retangulares (padr\u00e3o 4&#215;2), fabricadas em a\u00e7o galvanizado para garantir durabilidade e resist\u00eancia \u00e0 corros\u00e3o. Elas s\u00e3o projetadas para uma fixa\u00e7\u00e3o segura e f\u00e1cil nos perfis met\u00e1licos. Segue abaixo outra op\u00e7\u00f5es de modelos: cod: 79061 CAIXA GALV. P\/TOMADA EM PERFILADO PADR\u00c3O BRASILEIRO Para Pre\u00e7os, [&hellip;]","og_url":"https:\/\/universoeletrico.com.br\/eletrico\/produto\/caixa-de-tomada-galvanizado-para-perfilado\/","og_site_name":"Universo El\u00e9trico","article_modified_time":"2026-02-25T19:16:48+00:00","og_image":[{"width":800,"height":800,"url":"https:\/\/universoeletrico.com.br\/eletrico\/wp-content\/uploads\/2026\/01\/caixa-tomada-perfilado-38x38-redonda.webp","type":"image\/webp"}],"twitter_card":"summary_large_image","twitter_misc":{"Est. tempo de leitura":"1 minuto"},"schema":{"@context":"https:\/\/schema.org","@graph":[{"@type":"WebPage","@id":"https:\/\/universoeletrico.com.br\/eletrico\/produto\/caixa-de-tomada-galvanizado-para-perfilado\/","url":"https:\/\/universoeletrico.com.br\/eletrico\/produto\/caixa-de-tomada-galvanizado-para-perfilado\/","name":"CAIXA DE TOMADA REDONDA GALVANIZADO PARA PERFILADO - Universo El\u00e9trico","isPartOf":{"@id":"https:\/\/universoeletrico.com.br\/eletrico\/#website"},"primaryImageOfPage":{"@id":"https:\/\/universoeletrico.com.br\/eletrico\/produto\/caixa-de-tomada-galvanizado-para-perfilado\/#primaryimage"},"image":{"@id":"https:\/\/universoeletrico.com.br\/eletrico\/produto\/caixa-de-tomada-galvanizado-para-perfilado\/#primaryimage"},"thumbnailUrl":"https:\/\/universoeletrico.com.br\/eletrico\/wp-content\/uploads\/2026\/01\/caixa-tomada-perfilado-38x38-redonda.webp","datePublished":"2026-01-10T13:19:59+00:00","dateModified":"2026-02-25T19:16:48+00:00","breadcrumb":{"@id":"https:\/\/universoeletrico.com.br\/eletrico\/produto\/caixa-de-tomada-galvanizado-para-perfilado\/#breadcrumb"},"inLanguage":"pt-BR","potentialAction":[{"@type":"ReadAction","target":["https:\/\/universoeletrico.com.br\/eletrico\/produto\/caixa-de-tomada-galvanizado-para-perfilado\/"]}]},{"@type":"ImageObject","inLanguage":"pt-BR","@id":"https:\/\/universoeletrico.com.br\/eletrico\/produto\/caixa-de-tomada-galvanizado-para-perfilado\/#primaryimage","url":"https:\/\/universoeletrico.com.br\/eletrico\/wp-content\/uploads\/2026\/01\/caixa-tomada-perfilado-38x38-redonda.webp","contentUrl":"https:\/\/universoeletrico.com.br\/eletrico\/wp-content\/uploads\/2026\/01\/caixa-tomada-perfilado-38x38-redonda.webp","width":800,"height":800},{"@type":"BreadcrumbList","@id":"https:\/\/universoeletrico.com.br\/eletrico\/produto\/caixa-de-tomada-galvanizado-para-perfilado\/#breadcrumb","itemListElement":[{"@type":"ListItem","position":1,"name":"In\u00edcio","item":"https:\/\/universoeletrico.com.br\/eletrico\/"},{"@type":"ListItem","position":2,"name":"Produtos","item":"https:\/\/universoeletrico.com.br\/eletrico\/produtos\/"},{"@type":"ListItem","position":3,"name":"CAIXA DE TOMADA REDONDA GALVANIZADO PARA PERFILADO"}]},{"@type":"WebSite","@id":"https:\/\/universoeletrico.com.br\/eletrico\/#website","url":"https:\/\/universoeletrico.com.br\/eletrico\/","name":"Universo El\u00e9trico","description":"","potentialAction":[{"@type":"SearchAction","target":{"@type":"EntryPoint","urlTemplate":"https:\/\/universoeletrico.com.br\/eletrico\/?s={search_term_string}"},"query-input":{"@type":"PropertyValueSpecification","valueRequired":true,"valueName":"search_term_string"}}],"inLanguage":"pt-BR"}]}},"_links":{"self":[{"href":"https:\/\/universoeletrico.com.br\/eletrico\/wp-json\/wp\/v2\/product\/2899","targetHints":{"allow":["GET"]}}],"collection":[{"href":"https:\/\/universoeletrico.com.br\/eletrico\/wp-json\/wp\/v2\/product"}],"about":[{"href":"https:\/\/universoeletrico.com.br\/eletrico\/wp-json\/wp\/v2\/types\/product"}],"version-history":[{"count":6,"href":"https:\/\/universoeletrico.com.br\/eletrico\/wp-json\/wp\/v2\/product\/2899\/revisions"}],"predecessor-version":[{"id":3361,"href":"https:\/\/universoeletrico.com.br\/eletrico\/wp-json\/wp\/v2\/product\/2899\/revisions\/3361"}],"wp:featuredmedia":[{"embeddable":true,"href":"https:\/\/universoeletrico.com.br\/eletrico\/wp-json\/wp\/v2\/media\/3358"}],"wp:attachment":[{"href":"https:\/\/universoeletrico.com.br\/eletrico\/wp-json\/wp\/v2\/media?parent=2899"}],"wp:term":[{"taxonomy":"product_brand","embeddable":true,"href":"https:\/\/universoeletrico.com.br\/eletrico\/wp-json\/wp\/v2\/product_brand?post=2899"},{"taxonomy":"product_cat","embeddable":true,"href":"https:\/\/universoeletrico.com.br\/eletrico\/wp-json\/wp\/v2\/product_cat?post=2899"},{"taxonomy":"product_tag","embeddable":true,"href":"https:\/\/universoeletrico.com.br\/eletrico\/wp-json\/wp\/v2\/product_tag?post=2899"}],"curies":[{"name":"wp","href":"https:\/\/api.w.org\/{rel}","templated":true}]}}