{"id":2715,"date":"2025-12-19T17:11:40","date_gmt":"2025-12-19T20:11:40","guid":{"rendered":"https:\/\/universoeletrico.com.br\/eletrico\/?post_type=product&#038;p=2715"},"modified":"2025-12-22T10:16:14","modified_gmt":"2025-12-22T13:16:14","slug":"cordao-opt-duplex-mm-om3-25sc-upc-sc-u","status":"publish","type":"product","link":"https:\/\/universoeletrico.com.br\/eletrico\/produto\/cordao-opt-duplex-mm-om3-25sc-upc-sc-u\/","title":{"rendered":"CORDAO OPT DUPLEX MM OM3 2,5SC UPC\/SC U"},"content":{"rendered":"<p>O Cord\u00e3o \u00d3ptico Conectorizado \u00e9 um cabo \u00f3ptico duplex com conectores \u00f3pticos nas duas extremidades<br \/>\n\u2013 Aplica\u00e7\u00e3o: \u2013 Suporta as principais aplica\u00e7\u00f5es segundo normas IEEE 802.3, ANSI T11.2 (Fibre Channel) e ITU-T-G-984.<br \/>\n\u2013 Vantagem; \u2013 Recomendado para uso interno na fun\u00e7\u00e3o de interliga\u00e7\u00e3o de distribuidores \u00f3pticos com equipamentos de rede, em sistemas \u00f3pticos de baixas perdas e alta banda passante, tais como: sistemas de longa dist\u00e2ncia, redes troncais, distribui\u00e7\u00e3o e transmiss\u00e3o de dados e v\u00eddeo; Excede os requisitos de performance previstos na norma ANSI\/TIA-568.3-D.; Montado e testado 100% em f\u00e1brica; Alta performance em perda de inser\u00e7\u00e3o e perda de retorno; Dispon\u00edvel em fibras monomodo e multimodo.<\/p>\n<p>Para Pre\u00e7o, Or\u00e7amentos e D\u00favidas, fale com nossos especialistas.<\/p>\n","protected":false},"excerpt":{"rendered":"<p>O Cord\u00e3o \u00d3ptico Conectorizado \u00e9 um cabo \u00f3ptico duplex com conectores \u00f3pticos nas duas extremidades \u2013 Aplica\u00e7\u00e3o: \u2013 Suporta as principais aplica\u00e7\u00f5es segundo normas IEEE 802.3, ANSI T11.2 (Fibre Channel) e ITU-T-G-984. \u2013 Vantagem; \u2013 Recomendado para uso interno na fun\u00e7\u00e3o de interliga\u00e7\u00e3o de distribuidores \u00f3pticos com equipamentos de rede, em sistemas \u00f3pticos de baixas [&hellip;]<\/p>\n","protected":false},"featured_media":2716,"template":"","meta":[],"product_brand":[],"product_cat":[20,48,55],"product_tag":[77,97,72,98],"class_list":{"0":"post-2715","1":"product","2":"type-product","3":"status-publish","4":"has-post-thumbnail","6":"product_cat-cabeamento-estruturado","7":"product_cat-solucoes-optica","8":"product_cat-telefonia-porteiros-e-seguranca","9":"product_tag-cabeamento-estruturado","10":"product_tag-cordao-duplex","11":"product_tag-infraestrutura-t-i","12":"product_tag-optico","14":"first","15":"instock","16":"shipping-taxable","17":"product-type-simple"},"yoast_head":"<!-- This site is optimized with the Yoast SEO Premium plugin v26.1.1 (Yoast SEO v26.1.1) - https:\/\/yoast.com\/wordpress\/plugins\/seo\/ -->\n<title>CORDAO OPT DUPLEX MM OM3 2,5SC UPC\/SC U - Universo El\u00e9trico<\/title>\n<meta name=\"robots\" content=\"index, follow, max-snippet:-1, max-image-preview:large, max-video-preview:-1\" \/>\n<link rel=\"canonical\" href=\"https:\/\/universoeletrico.com.br\/eletrico\/produto\/cordao-opt-duplex-mm-om3-25sc-upc-sc-u\/\" \/>\n<meta property=\"og:locale\" content=\"pt_BR\" \/>\n<meta property=\"og:type\" content=\"article\" \/>\n<meta property=\"og:title\" content=\"CORDAO OPT DUPLEX MM OM3 2,5SC UPC\/SC U\" \/>\n<meta property=\"og:description\" content=\"O Cord\u00e3o \u00d3ptico Conectorizado \u00e9 um cabo \u00f3ptico duplex com conectores \u00f3pticos nas duas extremidades \u2013 Aplica\u00e7\u00e3o: \u2013 Suporta as principais aplica\u00e7\u00f5es segundo normas IEEE 802.3, ANSI T11.2 (Fibre Channel) e ITU-T-G-984. \u2013 Vantagem; \u2013 Recomendado para uso interno na fun\u00e7\u00e3o de interliga\u00e7\u00e3o de distribuidores \u00f3pticos com equipamentos de rede, em sistemas \u00f3pticos de baixas [&hellip;]\" \/>\n<meta property=\"og:url\" content=\"https:\/\/universoeletrico.com.br\/eletrico\/produto\/cordao-opt-duplex-mm-om3-25sc-upc-sc-u\/\" \/>\n<meta property=\"og:site_name\" content=\"Universo El\u00e9trico\" \/>\n<meta property=\"article:modified_time\" content=\"2025-12-22T13:16:14+00:00\" \/>\n<meta property=\"og:image\" content=\"https:\/\/universoeletrico.com.br\/eletrico\/wp-content\/uploads\/2025\/12\/CORDAO-OPT-DUPLEX.webp\" \/>\n\t<meta property=\"og:image:width\" content=\"1200\" \/>\n\t<meta property=\"og:image:height\" content=\"1200\" \/>\n\t<meta property=\"og:image:type\" content=\"image\/webp\" \/>\n<meta name=\"twitter:card\" content=\"summary_large_image\" \/>\n<meta name=\"twitter:label1\" content=\"Est. tempo de leitura\" \/>\n\t<meta name=\"twitter:data1\" content=\"1 minuto\" \/>\n<script type=\"application\/ld+json\" class=\"yoast-schema-graph\">{\"@context\":\"https:\/\/schema.org\",\"@graph\":[{\"@type\":\"WebPage\",\"@id\":\"https:\/\/universoeletrico.com.br\/eletrico\/produto\/cordao-opt-duplex-mm-om3-25sc-upc-sc-u\/\",\"url\":\"https:\/\/universoeletrico.com.br\/eletrico\/produto\/cordao-opt-duplex-mm-om3-25sc-upc-sc-u\/\",\"name\":\"CORDAO OPT DUPLEX MM OM3 2,5SC UPC\/SC U - Universo El\u00e9trico\",\"isPartOf\":{\"@id\":\"https:\/\/universoeletrico.com.br\/eletrico\/#website\"},\"primaryImageOfPage\":{\"@id\":\"https:\/\/universoeletrico.com.br\/eletrico\/produto\/cordao-opt-duplex-mm-om3-25sc-upc-sc-u\/#primaryimage\"},\"image\":{\"@id\":\"https:\/\/universoeletrico.com.br\/eletrico\/produto\/cordao-opt-duplex-mm-om3-25sc-upc-sc-u\/#primaryimage\"},\"thumbnailUrl\":\"https:\/\/universoeletrico.com.br\/eletrico\/wp-content\/uploads\/2025\/12\/CORDAO-OPT-DUPLEX.webp\",\"datePublished\":\"2025-12-19T20:11:40+00:00\",\"dateModified\":\"2025-12-22T13:16:14+00:00\",\"breadcrumb\":{\"@id\":\"https:\/\/universoeletrico.com.br\/eletrico\/produto\/cordao-opt-duplex-mm-om3-25sc-upc-sc-u\/#breadcrumb\"},\"inLanguage\":\"pt-BR\",\"potentialAction\":[{\"@type\":\"ReadAction\",\"target\":[\"https:\/\/universoeletrico.com.br\/eletrico\/produto\/cordao-opt-duplex-mm-om3-25sc-upc-sc-u\/\"]}]},{\"@type\":\"ImageObject\",\"inLanguage\":\"pt-BR\",\"@id\":\"https:\/\/universoeletrico.com.br\/eletrico\/produto\/cordao-opt-duplex-mm-om3-25sc-upc-sc-u\/#primaryimage\",\"url\":\"https:\/\/universoeletrico.com.br\/eletrico\/wp-content\/uploads\/2025\/12\/CORDAO-OPT-DUPLEX.webp\",\"contentUrl\":\"https:\/\/universoeletrico.com.br\/eletrico\/wp-content\/uploads\/2025\/12\/CORDAO-OPT-DUPLEX.webp\",\"width\":1200,\"height\":1200},{\"@type\":\"BreadcrumbList\",\"@id\":\"https:\/\/universoeletrico.com.br\/eletrico\/produto\/cordao-opt-duplex-mm-om3-25sc-upc-sc-u\/#breadcrumb\",\"itemListElement\":[{\"@type\":\"ListItem\",\"position\":1,\"name\":\"In\u00edcio\",\"item\":\"https:\/\/universoeletrico.com.br\/eletrico\/\"},{\"@type\":\"ListItem\",\"position\":2,\"name\":\"Produtos\",\"item\":\"https:\/\/universoeletrico.com.br\/eletrico\/produtos\/\"},{\"@type\":\"ListItem\",\"position\":3,\"name\":\"CORDAO OPT DUPLEX MM OM3 2,5SC UPC\/SC U\"}]},{\"@type\":\"WebSite\",\"@id\":\"https:\/\/universoeletrico.com.br\/eletrico\/#website\",\"url\":\"https:\/\/universoeletrico.com.br\/eletrico\/\",\"name\":\"Universo El\u00e9trico\",\"description\":\"\",\"potentialAction\":[{\"@type\":\"SearchAction\",\"target\":{\"@type\":\"EntryPoint\",\"urlTemplate\":\"https:\/\/universoeletrico.com.br\/eletrico\/?s={search_term_string}\"},\"query-input\":{\"@type\":\"PropertyValueSpecification\",\"valueRequired\":true,\"valueName\":\"search_term_string\"}}],\"inLanguage\":\"pt-BR\"}]}<\/script>\n<!-- \/ Yoast SEO Premium plugin. -->","yoast_head_json":{"title":"CORDAO OPT DUPLEX MM OM3 2,5SC UPC\/SC U - Universo El\u00e9trico","robots":{"index":"index","follow":"follow","max-snippet":"max-snippet:-1","max-image-preview":"max-image-preview:large","max-video-preview":"max-video-preview:-1"},"canonical":"https:\/\/universoeletrico.com.br\/eletrico\/produto\/cordao-opt-duplex-mm-om3-25sc-upc-sc-u\/","og_locale":"pt_BR","og_type":"article","og_title":"CORDAO OPT DUPLEX MM OM3 2,5SC UPC\/SC U","og_description":"O Cord\u00e3o \u00d3ptico Conectorizado \u00e9 um cabo \u00f3ptico duplex com conectores \u00f3pticos nas duas extremidades \u2013 Aplica\u00e7\u00e3o: \u2013 Suporta as principais aplica\u00e7\u00f5es segundo normas IEEE 802.3, ANSI T11.2 (Fibre Channel) e ITU-T-G-984. \u2013 Vantagem; \u2013 Recomendado para uso interno na fun\u00e7\u00e3o de interliga\u00e7\u00e3o de distribuidores \u00f3pticos com equipamentos de rede, em sistemas \u00f3pticos de baixas [&hellip;]","og_url":"https:\/\/universoeletrico.com.br\/eletrico\/produto\/cordao-opt-duplex-mm-om3-25sc-upc-sc-u\/","og_site_name":"Universo El\u00e9trico","article_modified_time":"2025-12-22T13:16:14+00:00","og_image":[{"width":1200,"height":1200,"url":"https:\/\/universoeletrico.com.br\/eletrico\/wp-content\/uploads\/2025\/12\/CORDAO-OPT-DUPLEX.webp","type":"image\/webp"}],"twitter_card":"summary_large_image","twitter_misc":{"Est. tempo de leitura":"1 minuto"},"schema":{"@context":"https:\/\/schema.org","@graph":[{"@type":"WebPage","@id":"https:\/\/universoeletrico.com.br\/eletrico\/produto\/cordao-opt-duplex-mm-om3-25sc-upc-sc-u\/","url":"https:\/\/universoeletrico.com.br\/eletrico\/produto\/cordao-opt-duplex-mm-om3-25sc-upc-sc-u\/","name":"CORDAO OPT DUPLEX MM OM3 2,5SC UPC\/SC U - Universo El\u00e9trico","isPartOf":{"@id":"https:\/\/universoeletrico.com.br\/eletrico\/#website"},"primaryImageOfPage":{"@id":"https:\/\/universoeletrico.com.br\/eletrico\/produto\/cordao-opt-duplex-mm-om3-25sc-upc-sc-u\/#primaryimage"},"image":{"@id":"https:\/\/universoeletrico.com.br\/eletrico\/produto\/cordao-opt-duplex-mm-om3-25sc-upc-sc-u\/#primaryimage"},"thumbnailUrl":"https:\/\/universoeletrico.com.br\/eletrico\/wp-content\/uploads\/2025\/12\/CORDAO-OPT-DUPLEX.webp","datePublished":"2025-12-19T20:11:40+00:00","dateModified":"2025-12-22T13:16:14+00:00","breadcrumb":{"@id":"https:\/\/universoeletrico.com.br\/eletrico\/produto\/cordao-opt-duplex-mm-om3-25sc-upc-sc-u\/#breadcrumb"},"inLanguage":"pt-BR","potentialAction":[{"@type":"ReadAction","target":["https:\/\/universoeletrico.com.br\/eletrico\/produto\/cordao-opt-duplex-mm-om3-25sc-upc-sc-u\/"]}]},{"@type":"ImageObject","inLanguage":"pt-BR","@id":"https:\/\/universoeletrico.com.br\/eletrico\/produto\/cordao-opt-duplex-mm-om3-25sc-upc-sc-u\/#primaryimage","url":"https:\/\/universoeletrico.com.br\/eletrico\/wp-content\/uploads\/2025\/12\/CORDAO-OPT-DUPLEX.webp","contentUrl":"https:\/\/universoeletrico.com.br\/eletrico\/wp-content\/uploads\/2025\/12\/CORDAO-OPT-DUPLEX.webp","width":1200,"height":1200},{"@type":"BreadcrumbList","@id":"https:\/\/universoeletrico.com.br\/eletrico\/produto\/cordao-opt-duplex-mm-om3-25sc-upc-sc-u\/#breadcrumb","itemListElement":[{"@type":"ListItem","position":1,"name":"In\u00edcio","item":"https:\/\/universoeletrico.com.br\/eletrico\/"},{"@type":"ListItem","position":2,"name":"Produtos","item":"https:\/\/universoeletrico.com.br\/eletrico\/produtos\/"},{"@type":"ListItem","position":3,"name":"CORDAO OPT DUPLEX MM OM3 2,5SC UPC\/SC U"}]},{"@type":"WebSite","@id":"https:\/\/universoeletrico.com.br\/eletrico\/#website","url":"https:\/\/universoeletrico.com.br\/eletrico\/","name":"Universo El\u00e9trico","description":"","potentialAction":[{"@type":"SearchAction","target":{"@type":"EntryPoint","urlTemplate":"https:\/\/universoeletrico.com.br\/eletrico\/?s={search_term_string}"},"query-input":{"@type":"PropertyValueSpecification","valueRequired":true,"valueName":"search_term_string"}}],"inLanguage":"pt-BR"}]}},"_links":{"self":[{"href":"https:\/\/universoeletrico.com.br\/eletrico\/wp-json\/wp\/v2\/product\/2715","targetHints":{"allow":["GET"]}}],"collection":[{"href":"https:\/\/universoeletrico.com.br\/eletrico\/wp-json\/wp\/v2\/product"}],"about":[{"href":"https:\/\/universoeletrico.com.br\/eletrico\/wp-json\/wp\/v2\/types\/product"}],"version-history":[{"count":2,"href":"https:\/\/universoeletrico.com.br\/eletrico\/wp-json\/wp\/v2\/product\/2715\/revisions"}],"predecessor-version":[{"id":2745,"href":"https:\/\/universoeletrico.com.br\/eletrico\/wp-json\/wp\/v2\/product\/2715\/revisions\/2745"}],"wp:featuredmedia":[{"embeddable":true,"href":"https:\/\/universoeletrico.com.br\/eletrico\/wp-json\/wp\/v2\/media\/2716"}],"wp:attachment":[{"href":"https:\/\/universoeletrico.com.br\/eletrico\/wp-json\/wp\/v2\/media?parent=2715"}],"wp:term":[{"taxonomy":"product_brand","embeddable":true,"href":"https:\/\/universoeletrico.com.br\/eletrico\/wp-json\/wp\/v2\/product_brand?post=2715"},{"taxonomy":"product_cat","embeddable":true,"href":"https:\/\/universoeletrico.com.br\/eletrico\/wp-json\/wp\/v2\/product_cat?post=2715"},{"taxonomy":"product_tag","embeddable":true,"href":"https:\/\/universoeletrico.com.br\/eletrico\/wp-json\/wp\/v2\/product_tag?post=2715"}],"curies":[{"name":"wp","href":"https:\/\/api.w.org\/{rel}","templated":true}]}}