{"id":2681,"date":"2025-12-17T17:20:22","date_gmt":"2025-12-17T20:20:22","guid":{"rendered":"https:\/\/universoeletrico.com.br\/eletrico\/?post_type=product&#038;p=2681"},"modified":"2025-12-22T10:25:31","modified_gmt":"2025-12-22T13:25:31","slug":"fechadura-eletrica-de-sobrepor-preta-c90","status":"publish","type":"product","link":"https:\/\/universoeletrico.com.br\/eletrico\/produto\/fechadura-eletrica-de-sobrepor-preta-c90\/","title":{"rendered":"FECHADURA ELETRICA DE SOBREPOR PRETA C90"},"content":{"rendered":"<div>Fechaduras El\u00e9tricas de sobrepor para portas<\/div>\n<div>ou port\u00f5es de metal ou madeira, com sentido<\/div>\n<div>de abertura para dentro<\/div>\n<div>Compat\u00edveis com todos os Porteiros Eletr\u00f4nicos e V\u00eddeo Porteiros HDL<\/div>\n<div>na cor preta e cinza, com cilindro externo fixo (40mm) de alta qualidade.<\/div>\n<div>Possuem ajuste para portas leves e pesadas,<\/div>\n<div>destravam ao primeiro impulso<\/div>\n<div>Possuem exclusivo sistema de seguran\u00e7a contra<\/div>\n<div>destravamento il\u00edcito por impacto, denominado SBE<\/div>\n<div>(Sistema de Bloqueio por Esfera)<\/div>\n<div><\/div>\n<div>Segue abaixo outras op\u00e7\u00f5es de modelos:<\/div>\n<div><\/div>\n<div>cod: 49058 FECHADURA ELETRICA DE SOBREPOR CINZA C90<\/div>\n<div>cod: 21114 FECHADURA ELETRICA 12V DIREITA\/ESQUERDA<\/div>\n<div>cod: 21115 FECHADURA ELETRICA 12V DIR\/ESQ C\/ BOT\u00c3O<\/div>\n<div>cod: 88315FECHADURA ELETRICA CILINDRO FIXO<\/div>\n<div><\/div>\n<div>Para Pre\u00e7o, Or\u00e7amentos e D\u00favidas, fale com nossos especialistas.<\/div>\n","protected":false},"excerpt":{"rendered":"<p>Fechaduras El\u00e9tricas de sobrepor para portas ou port\u00f5es de metal ou madeira, com sentido de abertura para dentro Compat\u00edveis com todos os Porteiros Eletr\u00f4nicos e V\u00eddeo Porteiros HDL na cor preta e cinza, com cilindro externo fixo (40mm) de alta qualidade. Possuem ajuste para portas leves e pesadas, destravam ao primeiro impulso Possuem exclusivo sistema [&hellip;]<\/p>\n","protected":false},"featured_media":2682,"template":"","meta":[],"product_brand":[],"product_cat":[20,55],"product_tag":[90,77,89,72],"class_list":{"0":"post-2681","1":"product","2":"type-product","3":"status-publish","4":"has-post-thumbnail","6":"product_cat-cabeamento-estruturado","7":"product_cat-telefonia-porteiros-e-seguranca","8":"product_tag-c90","9":"product_tag-cabeamento-estruturado","10":"product_tag-fechadura-eletrica","11":"product_tag-infraestrutura-t-i","13":"first","14":"instock","15":"shipping-taxable","16":"product-type-simple"},"yoast_head":"<!-- This site is optimized with the Yoast SEO Premium plugin v26.1.1 (Yoast SEO v26.1.1) - https:\/\/yoast.com\/wordpress\/plugins\/seo\/ -->\n<title>FECHADURA ELETRICA DE SOBREPOR PRETA C90 - Universo El\u00e9trico<\/title>\n<meta name=\"robots\" content=\"index, follow, max-snippet:-1, max-image-preview:large, max-video-preview:-1\" \/>\n<link rel=\"canonical\" href=\"https:\/\/universoeletrico.com.br\/eletrico\/produto\/fechadura-eletrica-de-sobrepor-preta-c90\/\" \/>\n<meta property=\"og:locale\" content=\"pt_BR\" \/>\n<meta property=\"og:type\" content=\"article\" \/>\n<meta property=\"og:title\" content=\"FECHADURA ELETRICA DE SOBREPOR PRETA C90\" \/>\n<meta property=\"og:description\" content=\"Fechaduras El\u00e9tricas de sobrepor para portas ou port\u00f5es de metal ou madeira, com sentido de abertura para dentro Compat\u00edveis com todos os Porteiros Eletr\u00f4nicos e V\u00eddeo Porteiros HDL na cor preta e cinza, com cilindro externo fixo (40mm) de alta qualidade. Possuem ajuste para portas leves e pesadas, destravam ao primeiro impulso Possuem exclusivo sistema [&hellip;]\" \/>\n<meta property=\"og:url\" content=\"https:\/\/universoeletrico.com.br\/eletrico\/produto\/fechadura-eletrica-de-sobrepor-preta-c90\/\" \/>\n<meta property=\"og:site_name\" content=\"Universo El\u00e9trico\" \/>\n<meta property=\"article:modified_time\" content=\"2025-12-22T13:25:31+00:00\" \/>\n<meta property=\"og:image\" content=\"https:\/\/universoeletrico.com.br\/eletrico\/wp-content\/uploads\/2025\/12\/fechadura.webp\" \/>\n\t<meta property=\"og:image:width\" content=\"1300\" \/>\n\t<meta property=\"og:image:height\" content=\"1300\" \/>\n\t<meta property=\"og:image:type\" content=\"image\/webp\" \/>\n<meta name=\"twitter:card\" content=\"summary_large_image\" \/>\n<meta name=\"twitter:label1\" content=\"Est. tempo de leitura\" \/>\n\t<meta name=\"twitter:data1\" content=\"1 minuto\" \/>\n<script type=\"application\/ld+json\" class=\"yoast-schema-graph\">{\"@context\":\"https:\/\/schema.org\",\"@graph\":[{\"@type\":\"WebPage\",\"@id\":\"https:\/\/universoeletrico.com.br\/eletrico\/produto\/fechadura-eletrica-de-sobrepor-preta-c90\/\",\"url\":\"https:\/\/universoeletrico.com.br\/eletrico\/produto\/fechadura-eletrica-de-sobrepor-preta-c90\/\",\"name\":\"FECHADURA ELETRICA DE SOBREPOR PRETA C90 - Universo El\u00e9trico\",\"isPartOf\":{\"@id\":\"https:\/\/universoeletrico.com.br\/eletrico\/#website\"},\"primaryImageOfPage\":{\"@id\":\"https:\/\/universoeletrico.com.br\/eletrico\/produto\/fechadura-eletrica-de-sobrepor-preta-c90\/#primaryimage\"},\"image\":{\"@id\":\"https:\/\/universoeletrico.com.br\/eletrico\/produto\/fechadura-eletrica-de-sobrepor-preta-c90\/#primaryimage\"},\"thumbnailUrl\":\"https:\/\/universoeletrico.com.br\/eletrico\/wp-content\/uploads\/2025\/12\/fechadura.webp\",\"datePublished\":\"2025-12-17T20:20:22+00:00\",\"dateModified\":\"2025-12-22T13:25:31+00:00\",\"breadcrumb\":{\"@id\":\"https:\/\/universoeletrico.com.br\/eletrico\/produto\/fechadura-eletrica-de-sobrepor-preta-c90\/#breadcrumb\"},\"inLanguage\":\"pt-BR\",\"potentialAction\":[{\"@type\":\"ReadAction\",\"target\":[\"https:\/\/universoeletrico.com.br\/eletrico\/produto\/fechadura-eletrica-de-sobrepor-preta-c90\/\"]}]},{\"@type\":\"ImageObject\",\"inLanguage\":\"pt-BR\",\"@id\":\"https:\/\/universoeletrico.com.br\/eletrico\/produto\/fechadura-eletrica-de-sobrepor-preta-c90\/#primaryimage\",\"url\":\"https:\/\/universoeletrico.com.br\/eletrico\/wp-content\/uploads\/2025\/12\/fechadura.webp\",\"contentUrl\":\"https:\/\/universoeletrico.com.br\/eletrico\/wp-content\/uploads\/2025\/12\/fechadura.webp\",\"width\":1300,\"height\":1300},{\"@type\":\"BreadcrumbList\",\"@id\":\"https:\/\/universoeletrico.com.br\/eletrico\/produto\/fechadura-eletrica-de-sobrepor-preta-c90\/#breadcrumb\",\"itemListElement\":[{\"@type\":\"ListItem\",\"position\":1,\"name\":\"In\u00edcio\",\"item\":\"https:\/\/universoeletrico.com.br\/eletrico\/\"},{\"@type\":\"ListItem\",\"position\":2,\"name\":\"Produtos\",\"item\":\"https:\/\/universoeletrico.com.br\/eletrico\/produtos\/\"},{\"@type\":\"ListItem\",\"position\":3,\"name\":\"FECHADURA ELETRICA DE SOBREPOR PRETA C90\"}]},{\"@type\":\"WebSite\",\"@id\":\"https:\/\/universoeletrico.com.br\/eletrico\/#website\",\"url\":\"https:\/\/universoeletrico.com.br\/eletrico\/\",\"name\":\"Universo El\u00e9trico\",\"description\":\"\",\"potentialAction\":[{\"@type\":\"SearchAction\",\"target\":{\"@type\":\"EntryPoint\",\"urlTemplate\":\"https:\/\/universoeletrico.com.br\/eletrico\/?s={search_term_string}\"},\"query-input\":{\"@type\":\"PropertyValueSpecification\",\"valueRequired\":true,\"valueName\":\"search_term_string\"}}],\"inLanguage\":\"pt-BR\"}]}<\/script>\n<!-- \/ Yoast SEO Premium plugin. -->","yoast_head_json":{"title":"FECHADURA ELETRICA DE SOBREPOR PRETA C90 - Universo El\u00e9trico","robots":{"index":"index","follow":"follow","max-snippet":"max-snippet:-1","max-image-preview":"max-image-preview:large","max-video-preview":"max-video-preview:-1"},"canonical":"https:\/\/universoeletrico.com.br\/eletrico\/produto\/fechadura-eletrica-de-sobrepor-preta-c90\/","og_locale":"pt_BR","og_type":"article","og_title":"FECHADURA ELETRICA DE SOBREPOR PRETA C90","og_description":"Fechaduras El\u00e9tricas de sobrepor para portas ou port\u00f5es de metal ou madeira, com sentido de abertura para dentro Compat\u00edveis com todos os Porteiros Eletr\u00f4nicos e V\u00eddeo Porteiros HDL na cor preta e cinza, com cilindro externo fixo (40mm) de alta qualidade. Possuem ajuste para portas leves e pesadas, destravam ao primeiro impulso Possuem exclusivo sistema [&hellip;]","og_url":"https:\/\/universoeletrico.com.br\/eletrico\/produto\/fechadura-eletrica-de-sobrepor-preta-c90\/","og_site_name":"Universo El\u00e9trico","article_modified_time":"2025-12-22T13:25:31+00:00","og_image":[{"width":1300,"height":1300,"url":"https:\/\/universoeletrico.com.br\/eletrico\/wp-content\/uploads\/2025\/12\/fechadura.webp","type":"image\/webp"}],"twitter_card":"summary_large_image","twitter_misc":{"Est. tempo de leitura":"1 minuto"},"schema":{"@context":"https:\/\/schema.org","@graph":[{"@type":"WebPage","@id":"https:\/\/universoeletrico.com.br\/eletrico\/produto\/fechadura-eletrica-de-sobrepor-preta-c90\/","url":"https:\/\/universoeletrico.com.br\/eletrico\/produto\/fechadura-eletrica-de-sobrepor-preta-c90\/","name":"FECHADURA ELETRICA DE SOBREPOR PRETA C90 - Universo El\u00e9trico","isPartOf":{"@id":"https:\/\/universoeletrico.com.br\/eletrico\/#website"},"primaryImageOfPage":{"@id":"https:\/\/universoeletrico.com.br\/eletrico\/produto\/fechadura-eletrica-de-sobrepor-preta-c90\/#primaryimage"},"image":{"@id":"https:\/\/universoeletrico.com.br\/eletrico\/produto\/fechadura-eletrica-de-sobrepor-preta-c90\/#primaryimage"},"thumbnailUrl":"https:\/\/universoeletrico.com.br\/eletrico\/wp-content\/uploads\/2025\/12\/fechadura.webp","datePublished":"2025-12-17T20:20:22+00:00","dateModified":"2025-12-22T13:25:31+00:00","breadcrumb":{"@id":"https:\/\/universoeletrico.com.br\/eletrico\/produto\/fechadura-eletrica-de-sobrepor-preta-c90\/#breadcrumb"},"inLanguage":"pt-BR","potentialAction":[{"@type":"ReadAction","target":["https:\/\/universoeletrico.com.br\/eletrico\/produto\/fechadura-eletrica-de-sobrepor-preta-c90\/"]}]},{"@type":"ImageObject","inLanguage":"pt-BR","@id":"https:\/\/universoeletrico.com.br\/eletrico\/produto\/fechadura-eletrica-de-sobrepor-preta-c90\/#primaryimage","url":"https:\/\/universoeletrico.com.br\/eletrico\/wp-content\/uploads\/2025\/12\/fechadura.webp","contentUrl":"https:\/\/universoeletrico.com.br\/eletrico\/wp-content\/uploads\/2025\/12\/fechadura.webp","width":1300,"height":1300},{"@type":"BreadcrumbList","@id":"https:\/\/universoeletrico.com.br\/eletrico\/produto\/fechadura-eletrica-de-sobrepor-preta-c90\/#breadcrumb","itemListElement":[{"@type":"ListItem","position":1,"name":"In\u00edcio","item":"https:\/\/universoeletrico.com.br\/eletrico\/"},{"@type":"ListItem","position":2,"name":"Produtos","item":"https:\/\/universoeletrico.com.br\/eletrico\/produtos\/"},{"@type":"ListItem","position":3,"name":"FECHADURA ELETRICA DE SOBREPOR PRETA C90"}]},{"@type":"WebSite","@id":"https:\/\/universoeletrico.com.br\/eletrico\/#website","url":"https:\/\/universoeletrico.com.br\/eletrico\/","name":"Universo El\u00e9trico","description":"","potentialAction":[{"@type":"SearchAction","target":{"@type":"EntryPoint","urlTemplate":"https:\/\/universoeletrico.com.br\/eletrico\/?s={search_term_string}"},"query-input":{"@type":"PropertyValueSpecification","valueRequired":true,"valueName":"search_term_string"}}],"inLanguage":"pt-BR"}]}},"_links":{"self":[{"href":"https:\/\/universoeletrico.com.br\/eletrico\/wp-json\/wp\/v2\/product\/2681","targetHints":{"allow":["GET"]}}],"collection":[{"href":"https:\/\/universoeletrico.com.br\/eletrico\/wp-json\/wp\/v2\/product"}],"about":[{"href":"https:\/\/universoeletrico.com.br\/eletrico\/wp-json\/wp\/v2\/types\/product"}],"version-history":[{"count":5,"href":"https:\/\/universoeletrico.com.br\/eletrico\/wp-json\/wp\/v2\/product\/2681\/revisions"}],"predecessor-version":[{"id":2750,"href":"https:\/\/universoeletrico.com.br\/eletrico\/wp-json\/wp\/v2\/product\/2681\/revisions\/2750"}],"wp:featuredmedia":[{"embeddable":true,"href":"https:\/\/universoeletrico.com.br\/eletrico\/wp-json\/wp\/v2\/media\/2682"}],"wp:attachment":[{"href":"https:\/\/universoeletrico.com.br\/eletrico\/wp-json\/wp\/v2\/media?parent=2681"}],"wp:term":[{"taxonomy":"product_brand","embeddable":true,"href":"https:\/\/universoeletrico.com.br\/eletrico\/wp-json\/wp\/v2\/product_brand?post=2681"},{"taxonomy":"product_cat","embeddable":true,"href":"https:\/\/universoeletrico.com.br\/eletrico\/wp-json\/wp\/v2\/product_cat?post=2681"},{"taxonomy":"product_tag","embeddable":true,"href":"https:\/\/universoeletrico.com.br\/eletrico\/wp-json\/wp\/v2\/product_tag?post=2681"}],"curies":[{"name":"wp","href":"https:\/\/api.w.org\/{rel}","templated":true}]}}