{"id":2670,"date":"2025-12-17T15:57:40","date_gmt":"2025-12-17T18:57:40","guid":{"rendered":"https:\/\/universoeletrico.com.br\/eletrico\/?post_type=product&#038;p=2670"},"modified":"2025-12-22T10:40:03","modified_gmt":"2025-12-22T13:40:03","slug":"plugue-rj45-cat-5e","status":"publish","type":"product","link":"https:\/\/universoeletrico.com.br\/eletrico\/produto\/plugue-rj45-cat-5e\/","title":{"rendered":"PLUGUE RJ45 CAT 5E"},"content":{"rendered":"<p><strong class=\"Yjhzub\" data-processed=\"true\">Plug RJ45 Cat 5E \u00e9 um conector macho de 8 vias para cabos de rede, usado para conectar computadores e outros dispositivos, suportando at\u00e9 1 Gbps de velocidade e 100 MHz de banda, seguindo padr\u00f5es TIA\/TIA 568A\/B, sendo essencial para redes locais (LAN) e cabeamento estruturado.<\/strong><\/p>\n<p>Para Pre\u00e7os, Or\u00e7amentos e D\u00favidas, fale com nossos especialistas.<\/p>\n<p>&nbsp;<\/p>\n","protected":false},"excerpt":{"rendered":"<p>Plug RJ45 Cat 5E \u00e9 um conector macho de 8 vias para cabos de rede, usado para conectar computadores e outros dispositivos, suportando at\u00e9 1 Gbps de velocidade e 100 MHz de banda, seguindo padr\u00f5es TIA\/TIA 568A\/B, sendo essencial para redes locais (LAN) e cabeamento estruturado. Para Pre\u00e7os, Or\u00e7amentos e D\u00favidas, fale com nossos especialistas. [&hellip;]<\/p>\n","protected":false},"featured_media":2672,"template":"","meta":[],"product_brand":[],"product_cat":[20,54,48],"product_tag":[77,72,86,87],"class_list":{"0":"post-2670","1":"product","2":"type-product","3":"status-publish","4":"has-post-thumbnail","6":"product_cat-cabeamento-estruturado","7":"product_cat-cabos-racks-e-acessorios","8":"product_cat-solucoes-optica","9":"product_tag-cabeamento-estruturado","10":"product_tag-infraestrutura-t-i","11":"product_tag-plugue-cat5e","12":"product_tag-rj45","14":"first","15":"instock","16":"shipping-taxable","17":"product-type-simple"},"yoast_head":"<!-- This site is optimized with the Yoast SEO Premium plugin v26.1.1 (Yoast SEO v26.1.1) - https:\/\/yoast.com\/wordpress\/plugins\/seo\/ -->\n<title>PLUGUE RJ45 CAT 5E - Universo El\u00e9trico<\/title>\n<meta name=\"robots\" content=\"index, follow, max-snippet:-1, max-image-preview:large, max-video-preview:-1\" \/>\n<link rel=\"canonical\" href=\"https:\/\/universoeletrico.com.br\/eletrico\/produto\/plugue-rj45-cat-5e\/\" \/>\n<meta property=\"og:locale\" content=\"pt_BR\" \/>\n<meta property=\"og:type\" content=\"article\" \/>\n<meta property=\"og:title\" content=\"PLUGUE RJ45 CAT 5E\" \/>\n<meta property=\"og:description\" content=\"Plug RJ45 Cat 5E \u00e9 um conector macho de 8 vias para cabos de rede, usado para conectar computadores e outros dispositivos, suportando at\u00e9 1 Gbps de velocidade e 100 MHz de banda, seguindo padr\u00f5es TIA\/TIA 568A\/B, sendo essencial para redes locais (LAN) e cabeamento estruturado. Para Pre\u00e7os, Or\u00e7amentos e D\u00favidas, fale com nossos especialistas. [&hellip;]\" \/>\n<meta property=\"og:url\" content=\"https:\/\/universoeletrico.com.br\/eletrico\/produto\/plugue-rj45-cat-5e\/\" \/>\n<meta property=\"og:site_name\" content=\"Universo El\u00e9trico\" \/>\n<meta property=\"article:modified_time\" content=\"2025-12-22T13:40:03+00:00\" \/>\n<meta property=\"og:image\" content=\"https:\/\/universoeletrico.com.br\/eletrico\/wp-content\/uploads\/2025\/12\/Plugue-RJ45-cat-5e.webp\" \/>\n\t<meta property=\"og:image:width\" content=\"437\" \/>\n\t<meta property=\"og:image:height\" content=\"500\" \/>\n\t<meta property=\"og:image:type\" content=\"image\/webp\" \/>\n<meta name=\"twitter:card\" content=\"summary_large_image\" \/>\n<meta name=\"twitter:label1\" content=\"Est. tempo de leitura\" \/>\n\t<meta name=\"twitter:data1\" content=\"1 minuto\" \/>\n<script type=\"application\/ld+json\" class=\"yoast-schema-graph\">{\"@context\":\"https:\/\/schema.org\",\"@graph\":[{\"@type\":\"WebPage\",\"@id\":\"https:\/\/universoeletrico.com.br\/eletrico\/produto\/plugue-rj45-cat-5e\/\",\"url\":\"https:\/\/universoeletrico.com.br\/eletrico\/produto\/plugue-rj45-cat-5e\/\",\"name\":\"PLUGUE RJ45 CAT 5E - Universo El\u00e9trico\",\"isPartOf\":{\"@id\":\"https:\/\/universoeletrico.com.br\/eletrico\/#website\"},\"primaryImageOfPage\":{\"@id\":\"https:\/\/universoeletrico.com.br\/eletrico\/produto\/plugue-rj45-cat-5e\/#primaryimage\"},\"image\":{\"@id\":\"https:\/\/universoeletrico.com.br\/eletrico\/produto\/plugue-rj45-cat-5e\/#primaryimage\"},\"thumbnailUrl\":\"https:\/\/universoeletrico.com.br\/eletrico\/wp-content\/uploads\/2025\/12\/Plugue-RJ45-cat-5e.webp\",\"datePublished\":\"2025-12-17T18:57:40+00:00\",\"dateModified\":\"2025-12-22T13:40:03+00:00\",\"breadcrumb\":{\"@id\":\"https:\/\/universoeletrico.com.br\/eletrico\/produto\/plugue-rj45-cat-5e\/#breadcrumb\"},\"inLanguage\":\"pt-BR\",\"potentialAction\":[{\"@type\":\"ReadAction\",\"target\":[\"https:\/\/universoeletrico.com.br\/eletrico\/produto\/plugue-rj45-cat-5e\/\"]}]},{\"@type\":\"ImageObject\",\"inLanguage\":\"pt-BR\",\"@id\":\"https:\/\/universoeletrico.com.br\/eletrico\/produto\/plugue-rj45-cat-5e\/#primaryimage\",\"url\":\"https:\/\/universoeletrico.com.br\/eletrico\/wp-content\/uploads\/2025\/12\/Plugue-RJ45-cat-5e.webp\",\"contentUrl\":\"https:\/\/universoeletrico.com.br\/eletrico\/wp-content\/uploads\/2025\/12\/Plugue-RJ45-cat-5e.webp\",\"width\":437,\"height\":500},{\"@type\":\"BreadcrumbList\",\"@id\":\"https:\/\/universoeletrico.com.br\/eletrico\/produto\/plugue-rj45-cat-5e\/#breadcrumb\",\"itemListElement\":[{\"@type\":\"ListItem\",\"position\":1,\"name\":\"In\u00edcio\",\"item\":\"https:\/\/universoeletrico.com.br\/eletrico\/\"},{\"@type\":\"ListItem\",\"position\":2,\"name\":\"Produtos\",\"item\":\"https:\/\/universoeletrico.com.br\/eletrico\/produtos\/\"},{\"@type\":\"ListItem\",\"position\":3,\"name\":\"PLUGUE RJ45 CAT 5E\"}]},{\"@type\":\"WebSite\",\"@id\":\"https:\/\/universoeletrico.com.br\/eletrico\/#website\",\"url\":\"https:\/\/universoeletrico.com.br\/eletrico\/\",\"name\":\"Universo El\u00e9trico\",\"description\":\"\",\"potentialAction\":[{\"@type\":\"SearchAction\",\"target\":{\"@type\":\"EntryPoint\",\"urlTemplate\":\"https:\/\/universoeletrico.com.br\/eletrico\/?s={search_term_string}\"},\"query-input\":{\"@type\":\"PropertyValueSpecification\",\"valueRequired\":true,\"valueName\":\"search_term_string\"}}],\"inLanguage\":\"pt-BR\"}]}<\/script>\n<!-- \/ Yoast SEO Premium plugin. -->","yoast_head_json":{"title":"PLUGUE RJ45 CAT 5E - Universo El\u00e9trico","robots":{"index":"index","follow":"follow","max-snippet":"max-snippet:-1","max-image-preview":"max-image-preview:large","max-video-preview":"max-video-preview:-1"},"canonical":"https:\/\/universoeletrico.com.br\/eletrico\/produto\/plugue-rj45-cat-5e\/","og_locale":"pt_BR","og_type":"article","og_title":"PLUGUE RJ45 CAT 5E","og_description":"Plug RJ45 Cat 5E \u00e9 um conector macho de 8 vias para cabos de rede, usado para conectar computadores e outros dispositivos, suportando at\u00e9 1 Gbps de velocidade e 100 MHz de banda, seguindo padr\u00f5es TIA\/TIA 568A\/B, sendo essencial para redes locais (LAN) e cabeamento estruturado. Para Pre\u00e7os, Or\u00e7amentos e D\u00favidas, fale com nossos especialistas. [&hellip;]","og_url":"https:\/\/universoeletrico.com.br\/eletrico\/produto\/plugue-rj45-cat-5e\/","og_site_name":"Universo El\u00e9trico","article_modified_time":"2025-12-22T13:40:03+00:00","og_image":[{"width":437,"height":500,"url":"https:\/\/universoeletrico.com.br\/eletrico\/wp-content\/uploads\/2025\/12\/Plugue-RJ45-cat-5e.webp","type":"image\/webp"}],"twitter_card":"summary_large_image","twitter_misc":{"Est. tempo de leitura":"1 minuto"},"schema":{"@context":"https:\/\/schema.org","@graph":[{"@type":"WebPage","@id":"https:\/\/universoeletrico.com.br\/eletrico\/produto\/plugue-rj45-cat-5e\/","url":"https:\/\/universoeletrico.com.br\/eletrico\/produto\/plugue-rj45-cat-5e\/","name":"PLUGUE RJ45 CAT 5E - Universo El\u00e9trico","isPartOf":{"@id":"https:\/\/universoeletrico.com.br\/eletrico\/#website"},"primaryImageOfPage":{"@id":"https:\/\/universoeletrico.com.br\/eletrico\/produto\/plugue-rj45-cat-5e\/#primaryimage"},"image":{"@id":"https:\/\/universoeletrico.com.br\/eletrico\/produto\/plugue-rj45-cat-5e\/#primaryimage"},"thumbnailUrl":"https:\/\/universoeletrico.com.br\/eletrico\/wp-content\/uploads\/2025\/12\/Plugue-RJ45-cat-5e.webp","datePublished":"2025-12-17T18:57:40+00:00","dateModified":"2025-12-22T13:40:03+00:00","breadcrumb":{"@id":"https:\/\/universoeletrico.com.br\/eletrico\/produto\/plugue-rj45-cat-5e\/#breadcrumb"},"inLanguage":"pt-BR","potentialAction":[{"@type":"ReadAction","target":["https:\/\/universoeletrico.com.br\/eletrico\/produto\/plugue-rj45-cat-5e\/"]}]},{"@type":"ImageObject","inLanguage":"pt-BR","@id":"https:\/\/universoeletrico.com.br\/eletrico\/produto\/plugue-rj45-cat-5e\/#primaryimage","url":"https:\/\/universoeletrico.com.br\/eletrico\/wp-content\/uploads\/2025\/12\/Plugue-RJ45-cat-5e.webp","contentUrl":"https:\/\/universoeletrico.com.br\/eletrico\/wp-content\/uploads\/2025\/12\/Plugue-RJ45-cat-5e.webp","width":437,"height":500},{"@type":"BreadcrumbList","@id":"https:\/\/universoeletrico.com.br\/eletrico\/produto\/plugue-rj45-cat-5e\/#breadcrumb","itemListElement":[{"@type":"ListItem","position":1,"name":"In\u00edcio","item":"https:\/\/universoeletrico.com.br\/eletrico\/"},{"@type":"ListItem","position":2,"name":"Produtos","item":"https:\/\/universoeletrico.com.br\/eletrico\/produtos\/"},{"@type":"ListItem","position":3,"name":"PLUGUE RJ45 CAT 5E"}]},{"@type":"WebSite","@id":"https:\/\/universoeletrico.com.br\/eletrico\/#website","url":"https:\/\/universoeletrico.com.br\/eletrico\/","name":"Universo El\u00e9trico","description":"","potentialAction":[{"@type":"SearchAction","target":{"@type":"EntryPoint","urlTemplate":"https:\/\/universoeletrico.com.br\/eletrico\/?s={search_term_string}"},"query-input":{"@type":"PropertyValueSpecification","valueRequired":true,"valueName":"search_term_string"}}],"inLanguage":"pt-BR"}]}},"_links":{"self":[{"href":"https:\/\/universoeletrico.com.br\/eletrico\/wp-json\/wp\/v2\/product\/2670","targetHints":{"allow":["GET"]}}],"collection":[{"href":"https:\/\/universoeletrico.com.br\/eletrico\/wp-json\/wp\/v2\/product"}],"about":[{"href":"https:\/\/universoeletrico.com.br\/eletrico\/wp-json\/wp\/v2\/types\/product"}],"version-history":[{"count":5,"href":"https:\/\/universoeletrico.com.br\/eletrico\/wp-json\/wp\/v2\/product\/2670\/revisions"}],"predecessor-version":[{"id":2758,"href":"https:\/\/universoeletrico.com.br\/eletrico\/wp-json\/wp\/v2\/product\/2670\/revisions\/2758"}],"wp:featuredmedia":[{"embeddable":true,"href":"https:\/\/universoeletrico.com.br\/eletrico\/wp-json\/wp\/v2\/media\/2672"}],"wp:attachment":[{"href":"https:\/\/universoeletrico.com.br\/eletrico\/wp-json\/wp\/v2\/media?parent=2670"}],"wp:term":[{"taxonomy":"product_brand","embeddable":true,"href":"https:\/\/universoeletrico.com.br\/eletrico\/wp-json\/wp\/v2\/product_brand?post=2670"},{"taxonomy":"product_cat","embeddable":true,"href":"https:\/\/universoeletrico.com.br\/eletrico\/wp-json\/wp\/v2\/product_cat?post=2670"},{"taxonomy":"product_tag","embeddable":true,"href":"https:\/\/universoeletrico.com.br\/eletrico\/wp-json\/wp\/v2\/product_tag?post=2670"}],"curies":[{"name":"wp","href":"https:\/\/api.w.org\/{rel}","templated":true}]}}