{"id":2657,"date":"2025-12-17T11:32:49","date_gmt":"2025-12-17T14:32:49","guid":{"rendered":"https:\/\/universoeletrico.com.br\/eletrico\/?post_type=product&#038;p=2657"},"modified":"2025-12-19T09:52:13","modified_gmt":"2025-12-19T12:52:13","slug":"cabo-cat6-lszh-azul-caixa-com-305mts","status":"publish","type":"product","link":"https:\/\/universoeletrico.com.br\/eletrico\/produto\/cabo-cat6-lszh-azul-caixa-com-305mts\/","title":{"rendered":"CABO CAT6 LSZH AZUL"},"content":{"rendered":"<p>O Cabo de Rede CAT6 AMP Commscope, trabalha com seu\u00a0<strong>filamento 100% cobre<\/strong>, e conta com\u00a0<strong>Homologa\u00e7\u00e3o pela Anatel<\/strong>. Uma das vantagens deste cabo \u00e9 a sua Capa LSZH, que tem baixa propaga\u00e7\u00e3o a chamas, assim evitando a propaga\u00e7\u00e3o de algum inc\u00eandio no local. O Cabo de Rede CAT6 Commscope \u00e9 ideal para instala\u00e7\u00e3o de rede Gigabit 1000Mbps.<\/p>\n<p>Cabos UTP \/ FTP nas categorias 5E, 6 e 6A, conectores macho e f\u00eamea RJ45, patch cord\u2019s, caixas de piso e acess\u00f3rios.<\/p>\n<p>Abaixo segue outras op\u00e7\u00f5es de tamanhos.<\/p>\n<p>125058 CABO UTP CMX CAT5-E AZ LINKEO<br \/>\n96001 CABO UTP CMX CAT5-E AZ<br \/>\n125056 CABO UTP CM CAT6 CZ<br \/>\n96002 CABO UTP CMX CAT6 AZ<br \/>\n125065 CONECTOR F\u00caMEA CAT5-E LINKEO<br \/>\n125435 CONECTOR F\u00caMEA CAT6 LINKEO<br \/>\n96007 PATCH PANEL CAT5-E 24P<br \/>\n96008 PATCH PANEL CAT6 24P<\/p>\n<p>Para Pre\u00e7o, Or\u00e7amentos e D\u00favidas, fale com nossos especialistas:<\/p>\n","protected":false},"excerpt":{"rendered":"<p>O Cabo de Rede CAT6 AMP Commscope, trabalha com seu\u00a0filamento 100% cobre, e conta com\u00a0Homologa\u00e7\u00e3o pela Anatel. Uma das vantagens deste cabo \u00e9 a sua Capa LSZH, que tem baixa propaga\u00e7\u00e3o a chamas, assim evitando a propaga\u00e7\u00e3o de algum inc\u00eandio no local. O Cabo de Rede CAT6 Commscope \u00e9 ideal para instala\u00e7\u00e3o de rede Gigabit [&hellip;]<\/p>\n","protected":false},"featured_media":2698,"template":"","meta":[],"product_brand":[],"product_cat":[20,48],"product_tag":[77,83,82,72],"class_list":{"0":"post-2657","1":"product","2":"type-product","3":"status-publish","4":"has-post-thumbnail","6":"product_cat-cabeamento-estruturado","7":"product_cat-solucoes-optica","8":"product_tag-cabeamento-estruturado","9":"product_tag-cabo-azul","10":"product_tag-cat6","11":"product_tag-infraestrutura-t-i","13":"first","14":"instock","15":"shipping-taxable","16":"product-type-simple"},"yoast_head":"<!-- This site is optimized with the Yoast SEO Premium plugin v26.1.1 (Yoast SEO v26.1.1) - https:\/\/yoast.com\/wordpress\/plugins\/seo\/ -->\n<title>CABO CAT6 LSZH AZUL - Universo El\u00e9trico<\/title>\n<meta name=\"robots\" content=\"index, follow, max-snippet:-1, max-image-preview:large, max-video-preview:-1\" \/>\n<link rel=\"canonical\" href=\"https:\/\/universoeletrico.com.br\/eletrico\/produto\/cabo-cat6-lszh-azul-caixa-com-305mts\/\" \/>\n<meta property=\"og:locale\" content=\"pt_BR\" \/>\n<meta property=\"og:type\" content=\"article\" \/>\n<meta property=\"og:title\" content=\"CABO CAT6 LSZH AZUL\" \/>\n<meta property=\"og:description\" content=\"O Cabo de Rede CAT6 AMP Commscope, trabalha com seu\u00a0filamento 100% cobre, e conta com\u00a0Homologa\u00e7\u00e3o pela Anatel. Uma das vantagens deste cabo \u00e9 a sua Capa LSZH, que tem baixa propaga\u00e7\u00e3o a chamas, assim evitando a propaga\u00e7\u00e3o de algum inc\u00eandio no local. O Cabo de Rede CAT6 Commscope \u00e9 ideal para instala\u00e7\u00e3o de rede Gigabit [&hellip;]\" \/>\n<meta property=\"og:url\" content=\"https:\/\/universoeletrico.com.br\/eletrico\/produto\/cabo-cat6-lszh-azul-caixa-com-305mts\/\" \/>\n<meta property=\"og:site_name\" content=\"Universo El\u00e9trico\" \/>\n<meta property=\"article:modified_time\" content=\"2025-12-19T12:52:13+00:00\" \/>\n<meta property=\"og:image\" content=\"https:\/\/universoeletrico.com.br\/eletrico\/wp-content\/uploads\/2025\/12\/cb.webp\" \/>\n\t<meta property=\"og:image:width\" content=\"1800\" \/>\n\t<meta property=\"og:image:height\" content=\"1800\" \/>\n\t<meta property=\"og:image:type\" content=\"image\/webp\" \/>\n<meta name=\"twitter:card\" content=\"summary_large_image\" \/>\n<meta name=\"twitter:label1\" content=\"Est. tempo de leitura\" \/>\n\t<meta name=\"twitter:data1\" content=\"1 minuto\" \/>\n<script type=\"application\/ld+json\" class=\"yoast-schema-graph\">{\"@context\":\"https:\/\/schema.org\",\"@graph\":[{\"@type\":\"WebPage\",\"@id\":\"https:\/\/universoeletrico.com.br\/eletrico\/produto\/cabo-cat6-lszh-azul-caixa-com-305mts\/\",\"url\":\"https:\/\/universoeletrico.com.br\/eletrico\/produto\/cabo-cat6-lszh-azul-caixa-com-305mts\/\",\"name\":\"CABO CAT6 LSZH AZUL - Universo El\u00e9trico\",\"isPartOf\":{\"@id\":\"https:\/\/universoeletrico.com.br\/eletrico\/#website\"},\"primaryImageOfPage\":{\"@id\":\"https:\/\/universoeletrico.com.br\/eletrico\/produto\/cabo-cat6-lszh-azul-caixa-com-305mts\/#primaryimage\"},\"image\":{\"@id\":\"https:\/\/universoeletrico.com.br\/eletrico\/produto\/cabo-cat6-lszh-azul-caixa-com-305mts\/#primaryimage\"},\"thumbnailUrl\":\"https:\/\/universoeletrico.com.br\/eletrico\/wp-content\/uploads\/2025\/12\/cb.webp\",\"datePublished\":\"2025-12-17T14:32:49+00:00\",\"dateModified\":\"2025-12-19T12:52:13+00:00\",\"breadcrumb\":{\"@id\":\"https:\/\/universoeletrico.com.br\/eletrico\/produto\/cabo-cat6-lszh-azul-caixa-com-305mts\/#breadcrumb\"},\"inLanguage\":\"pt-BR\",\"potentialAction\":[{\"@type\":\"ReadAction\",\"target\":[\"https:\/\/universoeletrico.com.br\/eletrico\/produto\/cabo-cat6-lszh-azul-caixa-com-305mts\/\"]}]},{\"@type\":\"ImageObject\",\"inLanguage\":\"pt-BR\",\"@id\":\"https:\/\/universoeletrico.com.br\/eletrico\/produto\/cabo-cat6-lszh-azul-caixa-com-305mts\/#primaryimage\",\"url\":\"https:\/\/universoeletrico.com.br\/eletrico\/wp-content\/uploads\/2025\/12\/cb.webp\",\"contentUrl\":\"https:\/\/universoeletrico.com.br\/eletrico\/wp-content\/uploads\/2025\/12\/cb.webp\",\"width\":1800,\"height\":1800},{\"@type\":\"BreadcrumbList\",\"@id\":\"https:\/\/universoeletrico.com.br\/eletrico\/produto\/cabo-cat6-lszh-azul-caixa-com-305mts\/#breadcrumb\",\"itemListElement\":[{\"@type\":\"ListItem\",\"position\":1,\"name\":\"In\u00edcio\",\"item\":\"https:\/\/universoeletrico.com.br\/eletrico\/\"},{\"@type\":\"ListItem\",\"position\":2,\"name\":\"Produtos\",\"item\":\"https:\/\/universoeletrico.com.br\/eletrico\/produtos\/\"},{\"@type\":\"ListItem\",\"position\":3,\"name\":\"CABO CAT6 LSZH AZUL\"}]},{\"@type\":\"WebSite\",\"@id\":\"https:\/\/universoeletrico.com.br\/eletrico\/#website\",\"url\":\"https:\/\/universoeletrico.com.br\/eletrico\/\",\"name\":\"Universo El\u00e9trico\",\"description\":\"\",\"potentialAction\":[{\"@type\":\"SearchAction\",\"target\":{\"@type\":\"EntryPoint\",\"urlTemplate\":\"https:\/\/universoeletrico.com.br\/eletrico\/?s={search_term_string}\"},\"query-input\":{\"@type\":\"PropertyValueSpecification\",\"valueRequired\":true,\"valueName\":\"search_term_string\"}}],\"inLanguage\":\"pt-BR\"}]}<\/script>\n<!-- \/ Yoast SEO Premium plugin. -->","yoast_head_json":{"title":"CABO CAT6 LSZH AZUL - Universo El\u00e9trico","robots":{"index":"index","follow":"follow","max-snippet":"max-snippet:-1","max-image-preview":"max-image-preview:large","max-video-preview":"max-video-preview:-1"},"canonical":"https:\/\/universoeletrico.com.br\/eletrico\/produto\/cabo-cat6-lszh-azul-caixa-com-305mts\/","og_locale":"pt_BR","og_type":"article","og_title":"CABO CAT6 LSZH AZUL","og_description":"O Cabo de Rede CAT6 AMP Commscope, trabalha com seu\u00a0filamento 100% cobre, e conta com\u00a0Homologa\u00e7\u00e3o pela Anatel. Uma das vantagens deste cabo \u00e9 a sua Capa LSZH, que tem baixa propaga\u00e7\u00e3o a chamas, assim evitando a propaga\u00e7\u00e3o de algum inc\u00eandio no local. O Cabo de Rede CAT6 Commscope \u00e9 ideal para instala\u00e7\u00e3o de rede Gigabit [&hellip;]","og_url":"https:\/\/universoeletrico.com.br\/eletrico\/produto\/cabo-cat6-lszh-azul-caixa-com-305mts\/","og_site_name":"Universo El\u00e9trico","article_modified_time":"2025-12-19T12:52:13+00:00","og_image":[{"width":1800,"height":1800,"url":"https:\/\/universoeletrico.com.br\/eletrico\/wp-content\/uploads\/2025\/12\/cb.webp","type":"image\/webp"}],"twitter_card":"summary_large_image","twitter_misc":{"Est. tempo de leitura":"1 minuto"},"schema":{"@context":"https:\/\/schema.org","@graph":[{"@type":"WebPage","@id":"https:\/\/universoeletrico.com.br\/eletrico\/produto\/cabo-cat6-lszh-azul-caixa-com-305mts\/","url":"https:\/\/universoeletrico.com.br\/eletrico\/produto\/cabo-cat6-lszh-azul-caixa-com-305mts\/","name":"CABO CAT6 LSZH AZUL - Universo El\u00e9trico","isPartOf":{"@id":"https:\/\/universoeletrico.com.br\/eletrico\/#website"},"primaryImageOfPage":{"@id":"https:\/\/universoeletrico.com.br\/eletrico\/produto\/cabo-cat6-lszh-azul-caixa-com-305mts\/#primaryimage"},"image":{"@id":"https:\/\/universoeletrico.com.br\/eletrico\/produto\/cabo-cat6-lszh-azul-caixa-com-305mts\/#primaryimage"},"thumbnailUrl":"https:\/\/universoeletrico.com.br\/eletrico\/wp-content\/uploads\/2025\/12\/cb.webp","datePublished":"2025-12-17T14:32:49+00:00","dateModified":"2025-12-19T12:52:13+00:00","breadcrumb":{"@id":"https:\/\/universoeletrico.com.br\/eletrico\/produto\/cabo-cat6-lszh-azul-caixa-com-305mts\/#breadcrumb"},"inLanguage":"pt-BR","potentialAction":[{"@type":"ReadAction","target":["https:\/\/universoeletrico.com.br\/eletrico\/produto\/cabo-cat6-lszh-azul-caixa-com-305mts\/"]}]},{"@type":"ImageObject","inLanguage":"pt-BR","@id":"https:\/\/universoeletrico.com.br\/eletrico\/produto\/cabo-cat6-lszh-azul-caixa-com-305mts\/#primaryimage","url":"https:\/\/universoeletrico.com.br\/eletrico\/wp-content\/uploads\/2025\/12\/cb.webp","contentUrl":"https:\/\/universoeletrico.com.br\/eletrico\/wp-content\/uploads\/2025\/12\/cb.webp","width":1800,"height":1800},{"@type":"BreadcrumbList","@id":"https:\/\/universoeletrico.com.br\/eletrico\/produto\/cabo-cat6-lszh-azul-caixa-com-305mts\/#breadcrumb","itemListElement":[{"@type":"ListItem","position":1,"name":"In\u00edcio","item":"https:\/\/universoeletrico.com.br\/eletrico\/"},{"@type":"ListItem","position":2,"name":"Produtos","item":"https:\/\/universoeletrico.com.br\/eletrico\/produtos\/"},{"@type":"ListItem","position":3,"name":"CABO CAT6 LSZH AZUL"}]},{"@type":"WebSite","@id":"https:\/\/universoeletrico.com.br\/eletrico\/#website","url":"https:\/\/universoeletrico.com.br\/eletrico\/","name":"Universo El\u00e9trico","description":"","potentialAction":[{"@type":"SearchAction","target":{"@type":"EntryPoint","urlTemplate":"https:\/\/universoeletrico.com.br\/eletrico\/?s={search_term_string}"},"query-input":{"@type":"PropertyValueSpecification","valueRequired":true,"valueName":"search_term_string"}}],"inLanguage":"pt-BR"}]}},"_links":{"self":[{"href":"https:\/\/universoeletrico.com.br\/eletrico\/wp-json\/wp\/v2\/product\/2657","targetHints":{"allow":["GET"]}}],"collection":[{"href":"https:\/\/universoeletrico.com.br\/eletrico\/wp-json\/wp\/v2\/product"}],"about":[{"href":"https:\/\/universoeletrico.com.br\/eletrico\/wp-json\/wp\/v2\/types\/product"}],"version-history":[{"count":4,"href":"https:\/\/universoeletrico.com.br\/eletrico\/wp-json\/wp\/v2\/product\/2657\/revisions"}],"predecessor-version":[{"id":2665,"href":"https:\/\/universoeletrico.com.br\/eletrico\/wp-json\/wp\/v2\/product\/2657\/revisions\/2665"}],"wp:featuredmedia":[{"embeddable":true,"href":"https:\/\/universoeletrico.com.br\/eletrico\/wp-json\/wp\/v2\/media\/2698"}],"wp:attachment":[{"href":"https:\/\/universoeletrico.com.br\/eletrico\/wp-json\/wp\/v2\/media?parent=2657"}],"wp:term":[{"taxonomy":"product_brand","embeddable":true,"href":"https:\/\/universoeletrico.com.br\/eletrico\/wp-json\/wp\/v2\/product_brand?post=2657"},{"taxonomy":"product_cat","embeddable":true,"href":"https:\/\/universoeletrico.com.br\/eletrico\/wp-json\/wp\/v2\/product_cat?post=2657"},{"taxonomy":"product_tag","embeddable":true,"href":"https:\/\/universoeletrico.com.br\/eletrico\/wp-json\/wp\/v2\/product_tag?post=2657"}],"curies":[{"name":"wp","href":"https:\/\/api.w.org\/{rel}","templated":true}]}}