{"id":1567,"date":"2019-03-01T08:40:52","date_gmt":"2019-03-01T11:40:52","guid":{"rendered":"https:\/\/universoeletrico.com.br\/eletrico\/?post_type=product&#038;p=1567"},"modified":"2025-10-25T00:22:39","modified_gmt":"2025-10-25T03:22:39","slug":"centrais-de-comunicacao","status":"publish","type":"product","link":"https:\/\/universoeletrico.com.br\/eletrico\/produto\/centrais-de-comunicacao\/","title":{"rendered":"Centrais de Comunica\u00e7\u00e3o"},"content":{"rendered":"<p>As centrais de comunica\u00e7\u00e3o integram os sistemas de comunica\u00e7\u00e3o com controle de acesso e CFTV, permitem a comunica\u00e7\u00e3o entre aptos e ou portarias.<\/p>\n<p>Para Pre\u00e7o, Or\u00e7amentos e D\u00favidas, fale com nossos especialistas:<\/p>\n<p>49064 CENTRAL CENTRIX 2-8 HDL:<br \/>\n49065 CENTRAL CENTRIX 4-12 HDL:<br \/>\n49066 CENTRAL HDL 16P:<br \/>\n49067 CEMTRAL HDL 32P:<\/p>\n<p>(31) 3071-3232<br \/>\n(31) 99958-1336 | Whatshapp<\/p>\n<p>E-mail: <a href=\"mailto:universo@universoeletrico.com.br\">universo@universoeletrico.com.br<\/a><\/p>\n","protected":false},"excerpt":{"rendered":"<p>As centrais de comunica\u00e7\u00e3o integram os sistemas de comunica\u00e7\u00e3o com controle de acesso e CFTV, permitem a comunica\u00e7\u00e3o entre aptos e ou portarias. Para Pre\u00e7o, Or\u00e7amentos e D\u00favidas, fale com nossos especialistas: 49064 CENTRAL CENTRIX 2-8 HDL: 49065 CENTRAL CENTRIX 4-12 HDL: 49066 CENTRAL HDL 16P: 49067 CEMTRAL HDL 32P: (31) 3071-3232 (31) 99958-1336 | [&hellip;]<\/p>\n","protected":false},"featured_media":1568,"template":"","meta":[],"product_brand":[],"product_cat":[19,21],"product_tag":[],"class_list":{"0":"post-1567","1":"product","2":"type-product","3":"status-publish","4":"has-post-thumbnail","6":"product_cat-infraestrutura-t-i","7":"product_cat-telefonia-e-controle-de-acesso","9":"first","10":"instock","11":"shipping-taxable","12":"product-type-simple"},"yoast_head":"<!-- This site is optimized with the Yoast SEO Premium plugin v26.1.1 (Yoast SEO v26.1.1) - https:\/\/yoast.com\/wordpress\/plugins\/seo\/ -->\n<title>Centrais de Comunica\u00e7\u00e3o - Universo El\u00e9trico<\/title>\n<meta name=\"robots\" content=\"index, follow, max-snippet:-1, max-image-preview:large, max-video-preview:-1\" \/>\n<link rel=\"canonical\" href=\"https:\/\/universoeletrico.com.br\/eletrico\/produto\/centrais-de-comunicacao\/\" \/>\n<meta property=\"og:locale\" content=\"pt_BR\" \/>\n<meta property=\"og:type\" content=\"article\" \/>\n<meta property=\"og:title\" content=\"Centrais de Comunica\u00e7\u00e3o\" \/>\n<meta property=\"og:description\" content=\"As centrais de comunica\u00e7\u00e3o integram os sistemas de comunica\u00e7\u00e3o com controle de acesso e CFTV, permitem a comunica\u00e7\u00e3o entre aptos e ou portarias. Para Pre\u00e7o, Or\u00e7amentos e D\u00favidas, fale com nossos especialistas: 49064 CENTRAL CENTRIX 2-8 HDL: 49065 CENTRAL CENTRIX 4-12 HDL: 49066 CENTRAL HDL 16P: 49067 CEMTRAL HDL 32P: (31) 3071-3232 (31) 99958-1336 | [&hellip;]\" \/>\n<meta property=\"og:url\" content=\"https:\/\/universoeletrico.com.br\/eletrico\/produto\/centrais-de-comunicacao\/\" \/>\n<meta property=\"og:site_name\" content=\"Universo El\u00e9trico\" \/>\n<meta property=\"article:modified_time\" content=\"2025-10-25T03:22:39+00:00\" \/>\n<meta property=\"og:image\" content=\"https:\/\/universoeletrico.com.br\/eletrico\/wp-content\/uploads\/2025\/10\/Centrais-de-Comunicacao.png\" \/>\n\t<meta property=\"og:image:width\" content=\"380\" \/>\n\t<meta property=\"og:image:height\" content=\"244\" \/>\n\t<meta property=\"og:image:type\" content=\"image\/png\" \/>\n<meta name=\"twitter:card\" content=\"summary_large_image\" \/>\n<script type=\"application\/ld+json\" class=\"yoast-schema-graph\">{\"@context\":\"https:\/\/schema.org\",\"@graph\":[{\"@type\":\"WebPage\",\"@id\":\"https:\/\/universoeletrico.com.br\/eletrico\/produto\/centrais-de-comunicacao\/\",\"url\":\"https:\/\/universoeletrico.com.br\/eletrico\/produto\/centrais-de-comunicacao\/\",\"name\":\"Centrais de Comunica\u00e7\u00e3o - Universo El\u00e9trico\",\"isPartOf\":{\"@id\":\"https:\/\/universoeletrico.com.br\/eletrico\/#website\"},\"primaryImageOfPage\":{\"@id\":\"https:\/\/universoeletrico.com.br\/eletrico\/produto\/centrais-de-comunicacao\/#primaryimage\"},\"image\":{\"@id\":\"https:\/\/universoeletrico.com.br\/eletrico\/produto\/centrais-de-comunicacao\/#primaryimage\"},\"thumbnailUrl\":\"https:\/\/universoeletrico.com.br\/eletrico\/wp-content\/uploads\/2025\/10\/Centrais-de-Comunicacao.png\",\"datePublished\":\"2019-03-01T11:40:52+00:00\",\"dateModified\":\"2025-10-25T03:22:39+00:00\",\"breadcrumb\":{\"@id\":\"https:\/\/universoeletrico.com.br\/eletrico\/produto\/centrais-de-comunicacao\/#breadcrumb\"},\"inLanguage\":\"pt-BR\",\"potentialAction\":[{\"@type\":\"ReadAction\",\"target\":[\"https:\/\/universoeletrico.com.br\/eletrico\/produto\/centrais-de-comunicacao\/\"]}]},{\"@type\":\"ImageObject\",\"inLanguage\":\"pt-BR\",\"@id\":\"https:\/\/universoeletrico.com.br\/eletrico\/produto\/centrais-de-comunicacao\/#primaryimage\",\"url\":\"https:\/\/universoeletrico.com.br\/eletrico\/wp-content\/uploads\/2025\/10\/Centrais-de-Comunicacao.png\",\"contentUrl\":\"https:\/\/universoeletrico.com.br\/eletrico\/wp-content\/uploads\/2025\/10\/Centrais-de-Comunicacao.png\",\"width\":380,\"height\":244},{\"@type\":\"BreadcrumbList\",\"@id\":\"https:\/\/universoeletrico.com.br\/eletrico\/produto\/centrais-de-comunicacao\/#breadcrumb\",\"itemListElement\":[{\"@type\":\"ListItem\",\"position\":1,\"name\":\"In\u00edcio\",\"item\":\"https:\/\/universoeletrico.com.br\/eletrico\/\"},{\"@type\":\"ListItem\",\"position\":2,\"name\":\"Produtos\",\"item\":\"https:\/\/universoeletrico.com.br\/eletrico\/produtos\/\"},{\"@type\":\"ListItem\",\"position\":3,\"name\":\"Centrais de Comunica\u00e7\u00e3o\"}]},{\"@type\":\"WebSite\",\"@id\":\"https:\/\/universoeletrico.com.br\/eletrico\/#website\",\"url\":\"https:\/\/universoeletrico.com.br\/eletrico\/\",\"name\":\"Universo El\u00e9trico\",\"description\":\"\",\"potentialAction\":[{\"@type\":\"SearchAction\",\"target\":{\"@type\":\"EntryPoint\",\"urlTemplate\":\"https:\/\/universoeletrico.com.br\/eletrico\/?s={search_term_string}\"},\"query-input\":{\"@type\":\"PropertyValueSpecification\",\"valueRequired\":true,\"valueName\":\"search_term_string\"}}],\"inLanguage\":\"pt-BR\"}]}<\/script>\n<!-- \/ Yoast SEO Premium plugin. -->","yoast_head_json":{"title":"Centrais de Comunica\u00e7\u00e3o - Universo El\u00e9trico","robots":{"index":"index","follow":"follow","max-snippet":"max-snippet:-1","max-image-preview":"max-image-preview:large","max-video-preview":"max-video-preview:-1"},"canonical":"https:\/\/universoeletrico.com.br\/eletrico\/produto\/centrais-de-comunicacao\/","og_locale":"pt_BR","og_type":"article","og_title":"Centrais de Comunica\u00e7\u00e3o","og_description":"As centrais de comunica\u00e7\u00e3o integram os sistemas de comunica\u00e7\u00e3o com controle de acesso e CFTV, permitem a comunica\u00e7\u00e3o entre aptos e ou portarias. Para Pre\u00e7o, Or\u00e7amentos e D\u00favidas, fale com nossos especialistas: 49064 CENTRAL CENTRIX 2-8 HDL: 49065 CENTRAL CENTRIX 4-12 HDL: 49066 CENTRAL HDL 16P: 49067 CEMTRAL HDL 32P: (31) 3071-3232 (31) 99958-1336 | [&hellip;]","og_url":"https:\/\/universoeletrico.com.br\/eletrico\/produto\/centrais-de-comunicacao\/","og_site_name":"Universo El\u00e9trico","article_modified_time":"2025-10-25T03:22:39+00:00","og_image":[{"width":380,"height":244,"url":"https:\/\/universoeletrico.com.br\/eletrico\/wp-content\/uploads\/2025\/10\/Centrais-de-Comunicacao.png","type":"image\/png"}],"twitter_card":"summary_large_image","schema":{"@context":"https:\/\/schema.org","@graph":[{"@type":"WebPage","@id":"https:\/\/universoeletrico.com.br\/eletrico\/produto\/centrais-de-comunicacao\/","url":"https:\/\/universoeletrico.com.br\/eletrico\/produto\/centrais-de-comunicacao\/","name":"Centrais de Comunica\u00e7\u00e3o - Universo El\u00e9trico","isPartOf":{"@id":"https:\/\/universoeletrico.com.br\/eletrico\/#website"},"primaryImageOfPage":{"@id":"https:\/\/universoeletrico.com.br\/eletrico\/produto\/centrais-de-comunicacao\/#primaryimage"},"image":{"@id":"https:\/\/universoeletrico.com.br\/eletrico\/produto\/centrais-de-comunicacao\/#primaryimage"},"thumbnailUrl":"https:\/\/universoeletrico.com.br\/eletrico\/wp-content\/uploads\/2025\/10\/Centrais-de-Comunicacao.png","datePublished":"2019-03-01T11:40:52+00:00","dateModified":"2025-10-25T03:22:39+00:00","breadcrumb":{"@id":"https:\/\/universoeletrico.com.br\/eletrico\/produto\/centrais-de-comunicacao\/#breadcrumb"},"inLanguage":"pt-BR","potentialAction":[{"@type":"ReadAction","target":["https:\/\/universoeletrico.com.br\/eletrico\/produto\/centrais-de-comunicacao\/"]}]},{"@type":"ImageObject","inLanguage":"pt-BR","@id":"https:\/\/universoeletrico.com.br\/eletrico\/produto\/centrais-de-comunicacao\/#primaryimage","url":"https:\/\/universoeletrico.com.br\/eletrico\/wp-content\/uploads\/2025\/10\/Centrais-de-Comunicacao.png","contentUrl":"https:\/\/universoeletrico.com.br\/eletrico\/wp-content\/uploads\/2025\/10\/Centrais-de-Comunicacao.png","width":380,"height":244},{"@type":"BreadcrumbList","@id":"https:\/\/universoeletrico.com.br\/eletrico\/produto\/centrais-de-comunicacao\/#breadcrumb","itemListElement":[{"@type":"ListItem","position":1,"name":"In\u00edcio","item":"https:\/\/universoeletrico.com.br\/eletrico\/"},{"@type":"ListItem","position":2,"name":"Produtos","item":"https:\/\/universoeletrico.com.br\/eletrico\/produtos\/"},{"@type":"ListItem","position":3,"name":"Centrais de Comunica\u00e7\u00e3o"}]},{"@type":"WebSite","@id":"https:\/\/universoeletrico.com.br\/eletrico\/#website","url":"https:\/\/universoeletrico.com.br\/eletrico\/","name":"Universo El\u00e9trico","description":"","potentialAction":[{"@type":"SearchAction","target":{"@type":"EntryPoint","urlTemplate":"https:\/\/universoeletrico.com.br\/eletrico\/?s={search_term_string}"},"query-input":{"@type":"PropertyValueSpecification","valueRequired":true,"valueName":"search_term_string"}}],"inLanguage":"pt-BR"}]}},"_links":{"self":[{"href":"https:\/\/universoeletrico.com.br\/eletrico\/wp-json\/wp\/v2\/product\/1567","targetHints":{"allow":["GET"]}}],"collection":[{"href":"https:\/\/universoeletrico.com.br\/eletrico\/wp-json\/wp\/v2\/product"}],"about":[{"href":"https:\/\/universoeletrico.com.br\/eletrico\/wp-json\/wp\/v2\/types\/product"}],"version-history":[{"count":0,"href":"https:\/\/universoeletrico.com.br\/eletrico\/wp-json\/wp\/v2\/product\/1567\/revisions"}],"wp:featuredmedia":[{"embeddable":true,"href":"https:\/\/universoeletrico.com.br\/eletrico\/wp-json\/wp\/v2\/media\/1568"}],"wp:attachment":[{"href":"https:\/\/universoeletrico.com.br\/eletrico\/wp-json\/wp\/v2\/media?parent=1567"}],"wp:term":[{"taxonomy":"product_brand","embeddable":true,"href":"https:\/\/universoeletrico.com.br\/eletrico\/wp-json\/wp\/v2\/product_brand?post=1567"},{"taxonomy":"product_cat","embeddable":true,"href":"https:\/\/universoeletrico.com.br\/eletrico\/wp-json\/wp\/v2\/product_cat?post=1567"},{"taxonomy":"product_tag","embeddable":true,"href":"https:\/\/universoeletrico.com.br\/eletrico\/wp-json\/wp\/v2\/product_tag?post=1567"}],"curies":[{"name":"wp","href":"https:\/\/api.w.org\/{rel}","templated":true}]}}

Centrais de Comunicação

<p>As centrais de comunicação integram os sistemas de comunicação com controle de acesso e CFTV, permitem a comunicação entre aptos e ou portarias.</p>
<p>Para Preço, Orçamentos e Dúvidas, fale com nossos especialistas:</p>
<p>49064 CENTRAL CENTRIX 2-8 HDL:<br />
49065 CENTRAL CENTRIX 4-12 HDL:<br />
49066 CENTRAL HDL 16P:<br />
49067 CEMTRAL HDL 32P:</p>
<p>(31) 3071-3232<br />
(31) 99958-1336 | Whatshapp</p>
<p>E-mail: <a href="mailto:universo@universoeletrico.com.br">universo@universoeletrico.com.br</a></p>

<p>As centrais de comunicação integram os sistemas de comunicação com controle de acesso e CFTV, permitem a comunicação entre aptos e ou portarias. Para Preço, Orçamentos e Dúvidas, fale com nossos especialistas: 49064 CENTRAL CENTRIX 2-8 HDL: 49065 CENTRAL CENTRIX 4-12 HDL: 49066 CENTRAL HDL 16P: 49067 CEMTRAL HDL 32P: (31) 3071-3232 (31) 99958-1336 | [&hellip;]</p>

<!-- This site is optimized with the Yoast SEO Premium plugin v26.1.1 (Yoast SEO v26.1.1) - https://yoast.com/wordpress/plugins/seo/ -->
<title>Centrais de Comunicação - Universo Elétrico</title>
<meta name="robots" content="index, follow, max-snippet:-1, max-image-preview:large, max-video-preview:-1" />
<link rel="canonical" href="https://universoeletrico.com.br/eletrico/produto/centrais-de-comunicacao/" />
<meta property="og:locale" content="pt_BR" />
<meta property="og:type" content="article" />
<meta property="og:title" content="Centrais de Comunicação" />
<meta property="og:description" content="As centrais de comunicação integram os sistemas de comunicação com controle de acesso e CFTV, permitem a comunicação entre aptos e ou portarias. Para Preço, Orçamentos e Dúvidas, fale com nossos especialistas: 49064 CENTRAL CENTRIX 2-8 HDL: 49065 CENTRAL CENTRIX 4-12 HDL: 49066 CENTRAL HDL 16P: 49067 CEMTRAL HDL 32P: (31) 3071-3232 (31) 99958-1336 | [&hellip;]" />
<meta property="og:url" content="https://universoeletrico.com.br/eletrico/produto/centrais-de-comunicacao/" />
<meta property="og:site_name" content="Universo Elétrico" />
<meta property="article:modified_time" content="2025-10-25T03:22:39+00:00" />
<meta property="og:image" content="https://universoeletrico.com.br/eletrico/wp-content/uploads/2025/10/Centrais-de-Comunicacao.png" />
	<meta property="og:image:width" content="380" />
	<meta property="og:image:height" content="244" />
	<meta property="og:image:type" content="image/png" />
<meta name="twitter:card" content="summary_large_image" />
<script type="application/ld+json" class="yoast-schema-graph">{"@context":"https://schema.org","@graph":[{"@type":"WebPage","@id":"https://universoeletrico.com.br/eletrico/produto/centrais-de-comunicacao/","url":"https://universoeletrico.com.br/eletrico/produto/centrais-de-comunicacao/","name":"Centrais de Comunicação - Universo Elétrico","isPartOf":{"@id":"https://universoeletrico.com.br/eletrico/#website"},"primaryImageOfPage":{"@id":"https://universoeletrico.com.br/eletrico/produto/centrais-de-comunicacao/#primaryimage"},"image":{"@id":"https://universoeletrico.com.br/eletrico/produto/centrais-de-comunicacao/#primaryimage"},"thumbnailUrl":"https://universoeletrico.com.br/eletrico/wp-content/uploads/2025/10/Centrais-de-Comunicacao.png","datePublished":"2019-03-01T11:40:52+00:00","dateModified":"2025-10-25T03:22:39+00:00","breadcrumb":{"@id":"https://universoeletrico.com.br/eletrico/produto/centrais-de-comunicacao/#breadcrumb"},"inLanguage":"pt-BR","potentialAction":[{"@type":"ReadAction","target":["https://universoeletrico.com.br/eletrico/produto/centrais-de-comunicacao/"]}]},{"@type":"ImageObject","inLanguage":"pt-BR","@id":"https://universoeletrico.com.br/eletrico/produto/centrais-de-comunicacao/#primaryimage","url":"https://universoeletrico.com.br/eletrico/wp-content/uploads/2025/10/Centrais-de-Comunicacao.png","contentUrl":"https://universoeletrico.com.br/eletrico/wp-content/uploads/2025/10/Centrais-de-Comunicacao.png","width":380,"height":244},{"@type":"BreadcrumbList","@id":"https://universoeletrico.com.br/eletrico/produto/centrais-de-comunicacao/#breadcrumb","itemListElement":[{"@type":"ListItem","position":1,"name":"Início","item":"https://universoeletrico.com.br/eletrico/"},{"@type":"ListItem","position":2,"name":"Produtos","item":"https://universoeletrico.com.br/eletrico/produtos/"},{"@type":"ListItem","position":3,"name":"Centrais de Comunicação"}]},{"@type":"WebSite","@id":"https://universoeletrico.com.br/eletrico/#website","url":"https://universoeletrico.com.br/eletrico/","name":"Universo Elétrico","description":"","potentialAction":[{"@type":"SearchAction","target":{"@type":"EntryPoint","urlTemplate":"https://universoeletrico.com.br/eletrico/?s={search_term_string}"},"query-input":{"@type":"PropertyValueSpecification","valueRequired":true,"valueName":"search_term_string"}}],"inLanguage":"pt-BR"}]}</script>
<!-- / Yoast SEO Premium plugin. -->

Centrais de Comunicação - Universo Elétrico

As centrais de comunicação integram os sistemas de comunicação com controle de acesso e CFTV, permitem a comunicação entre aptos e ou portarias. Para Preço, Orçamentos e Dúvidas, fale com nossos especialistas: 49064 CENTRAL CENTRIX 2-8 HDL: 49065 CENTRAL CENTRIX 4-12 HDL: 49066 CENTRAL HDL 16P: 49067 CEMTRAL HDL 32P: (31) 3071-3232 (31) 99958-1336 | [&hellip;]

Universo Elétrico

Início
